{"id":1092,"date":"2025-11-18T13:31:00","date_gmt":"2025-11-18T12:31:00","guid":{"rendered":"https:\/\/www.missionslocalesnormandie.fr\/mission-locale-agglomeration-elbeuf\/?page_id=1092"},"modified":"2026-03-23T09:24:30","modified_gmt":"2026-03-23T08:24:30","slug":"booster-davenir","status":"publish","type":"page","link":"https:\/\/www.missionslocalesnormandie.fr\/mission-locale-agglomeration-elbeuf\/booster-davenir\/","title":{"rendered":"Booster d&#8217;avenir"},"content":{"rendered":"\t\t<div data-elementor-type=\"wp-page\" data-elementor-id=\"1092\" class=\"elementor elementor-1092\">\n\t\t\t\t<div class=\"elementor-element elementor-element-45ea477 e-grid e-con-boxed e-con e-parent\" data-id=\"45ea477\" data-element_type=\"container\">\n\t\t\t\t\t<div class=\"e-con-inner\">\n\t\t\t\t<div class=\"elementor-element elementor-element-2c5403d elementor-widget elementor-widget-block_simple_visuel\" data-id=\"2c5403d\" data-element_type=\"widget\" data-widget_type=\"block_simple_visuel.default\">\n\t\t\t\t<div class=\"elementor-widget-container\">\n\t\t\t    <div class=\"container\">\n        <figure>\n                        \n                                                            <a href=\"https:\/\/www.missionslocalesnormandie.fr\/content\/uploads\/sites\/6\/2025\/07\/1.webp\">\n                    <img decoding=\"async\" src=\"https:\/\/www.missionslocalesnormandie.fr\/content\/uploads\/sites\/6\/2025\/07\/1-950x595-c-default.webp\"\n                         alt=\"logo cofinanc\u00e9 par L'UE\"\/>\n                <\/a>\n            \n                    <\/figure>\n    <\/div>\n\t\t<\/div>\n\t\t\t\t<\/div>\n\t\t\t\t<div class=\"elementor-element elementor-element-b032e49 elementor-widget elementor-widget-block_simple_visuel\" data-id=\"b032e49\" data-element_type=\"widget\" data-widget_type=\"block_simple_visuel.default\">\n\t\t\t\t<div class=\"elementor-widget-container\">\n\t\t\t    <div class=\"container\">\n        <figure>\n                        \n                                                            <a href=\"https:\/\/www.missionslocalesnormandie.fr\/content\/uploads\/sites\/6\/2025\/07\/Microsite.webp\">\n                    <img decoding=\"async\" src=\"https:\/\/www.missionslocalesnormandie.fr\/content\/uploads\/sites\/6\/2025\/07\/Microsite-950x595-c-default.webp\"\n                         alt=\"Logo Mission Locale Elbeuf Bleu\"\/>\n                <\/a>\n            \n                    <\/figure>\n    <\/div>\n\t\t<\/div>\n\t\t\t\t<\/div>\n\t\t\t\t<div class=\"elementor-element elementor-element-0b7592d elementor-widget elementor-widget-block_simple_visuel\" data-id=\"0b7592d\" data-element_type=\"widget\" data-widget_type=\"block_simple_visuel.default\">\n\t\t\t\t<div class=\"elementor-widget-container\">\n\t\t\t    <div class=\"container\">\n        <figure>\n                        \n                                                            <a href=\"https:\/\/www.missionslocalesnormandie.fr\/content\/uploads\/sites\/6\/2026\/03\/LOGO-BOOSTER-DAVENIR.png\">\n                    <img decoding=\"async\" src=\"https:\/\/www.missionslocalesnormandie.fr\/content\/uploads\/sites\/6\/2026\/03\/LOGO-BOOSTER-DAVENIR-950x595-c-default.png\"\n                         alt=\"MISSION LOCALE DE L&#039;AGGLOMERATION D&#039;ELBEUF\"\/>\n                <\/a>\n            \n                    <\/figure>\n    <\/div>\n\t\t<\/div>\n\t\t\t\t<\/div>\n\t\t\t\t\t<\/div>\n\t\t\t\t<\/div>\n\t\t<div class=\"elementor-element elementor-element-3e9f354 e-flex e-con-boxed e-con e-parent\" data-id=\"3e9f354\" data-element_type=\"container\">\n\t\t\t\t\t<div class=\"e-con-inner\">\n\t\t\t\t<div class=\"elementor-element elementor-element-40ead66 elementor-widget elementor-widget-block_titre\" data-id=\"40ead66\" data-element_type=\"widget\" data-widget_type=\"block_titre.default\">\n\t\t\t\t<div class=\"elementor-widget-container\">\n\t\t\t    <div class=\"container\">\n        <h2>\n            Objectif du projet\n        <\/h2>\n    <\/div>\n\t\t<\/div>\n\t\t\t\t<\/div>\n\t\t\t\t\t<\/div>\n\t\t\t\t<\/div>\n\t\t<div class=\"elementor-element elementor-element-5de13a1 e-flex e-con-boxed e-con e-parent\" data-id=\"5de13a1\" data-element_type=\"container\">\n\t\t\t\t\t<div class=\"e-con-inner\">\n\t\t\t\t<div class=\"elementor-element elementor-element-d175f6e elementor-widget elementor-widget-block_simple_texte\" data-id=\"d175f6e\" data-element_type=\"widget\" data-widget_type=\"block_simple_texte.default\">\n\t\t\t\t<div class=\"elementor-widget-container\">\n\t\t\t    <div class=\"container\">\n        <p data-start=\"722\" data-end=\"904\">Le programme <strong data-start=\"735\" data-end=\"755\">Booster d\u2019Avenir<\/strong> vise \u00e0 renforcer l\u2019insertion professionnelle des jeunes du territoire en leur proposant des <strong data-start=\"848\" data-end=\"901\">parcours personnalis\u00e9s et adapt\u00e9s \u00e0 leurs besoins<\/strong>.<\/p><p data-start=\"906\" data-end=\"937\">L\u2019action a pour ambition de :<\/p><ul data-start=\"938\" data-end=\"1229\"><li data-start=\"938\" data-end=\"980\"><p data-start=\"940\" data-end=\"980\">lever les freins \u00e0 l\u2019acc\u00e8s \u00e0 l\u2019emploi,<\/p><\/li><li data-start=\"981\" data-end=\"1008\"><p data-start=\"983\" data-end=\"1008\">s\u00e9curiser les parcours,<\/p><\/li><li data-start=\"1009\" data-end=\"1035\"><p data-start=\"1011\" data-end=\"1035\">pr\u00e9venir les ruptures,<\/p><\/li><li data-start=\"1036\" data-end=\"1113\"><p data-start=\"1038\" data-end=\"1113\">accompagner les jeunes dans la <strong data-start=\"1069\" data-end=\"1110\">construction de leur confiance en eux<\/strong>,<\/p><\/li><li data-start=\"1114\" data-end=\"1178\"><p data-start=\"1116\" data-end=\"1178\">faciliter la <strong data-start=\"1129\" data-end=\"1175\">pr\u00e9paration aux d\u00e9marches professionnelles<\/strong>,<\/p><\/li><li data-start=\"1179\" data-end=\"1229\"><p data-start=\"1181\" data-end=\"1229\">favoriser l\u2019acc\u00e8s \u00e0 une <strong data-start=\"1205\" data-end=\"1228\">premi\u00e8re exp\u00e9rience<\/strong>.<\/p><\/li><\/ul>\n    <\/div>\n\t\t<\/div>\n\t\t\t\t<\/div>\n\t\t\t\t\t<\/div>\n\t\t\t\t<\/div>\n\t\t<div class=\"elementor-element elementor-element-28886aa e-flex e-con-boxed e-con e-parent\" data-id=\"28886aa\" data-element_type=\"container\">\n\t\t\t\t\t<div class=\"e-con-inner\">\n\t\t\t\t<div class=\"elementor-element elementor-element-8773cc0 elementor-widget elementor-widget-block_titre\" data-id=\"8773cc0\" data-element_type=\"widget\" data-widget_type=\"block_titre.default\">\n\t\t\t\t<div class=\"elementor-widget-container\">\n\t\t\t    <div class=\"container\">\n        <h2>\n            Public concern\u00e9\n        <\/h2>\n    <\/div>\n\t\t<\/div>\n\t\t\t\t<\/div>\n\t\t\t\t\t<\/div>\n\t\t\t\t<\/div>\n\t\t<div class=\"elementor-element elementor-element-d7780be e-flex e-con-boxed e-con e-parent\" data-id=\"d7780be\" data-element_type=\"container\">\n\t\t\t\t\t<div class=\"e-con-inner\">\n\t\t\t\t<div class=\"elementor-element elementor-element-48c73c7 elementor-widget elementor-widget-block_simple_texte\" data-id=\"48c73c7\" data-element_type=\"widget\" data-widget_type=\"block_simple_texte.default\">\n\t\t\t\t<div class=\"elementor-widget-container\">\n\t\t\t    <div class=\"container\">\n        <ul><li data-start=\"1262\" data-end=\"1282\"><p data-start=\"1264\" data-end=\"1282\">Jeunes 16\u201325 ans<\/p><\/li><li data-start=\"1283\" data-end=\"1341\"><p data-start=\"1285\" data-end=\"1341\">R\u00e9sidant sur le territoire de l\u2019Agglom\u00e9ration d\u2019Elbeuf<\/p><\/li><li data-start=\"1342\" data-end=\"1415\"><p data-start=\"1344\" data-end=\"1415\">Ayant besoin d\u2019un accompagnement renforc\u00e9 vers l\u2019emploi ou la formation<\/p><\/li><\/ul>\n    <\/div>\n\t\t<\/div>\n\t\t\t\t<\/div>\n\t\t\t\t\t<\/div>\n\t\t\t\t<\/div>\n\t\t<div class=\"elementor-element elementor-element-9b64540 e-flex e-con-boxed e-con e-parent\" data-id=\"9b64540\" data-element_type=\"container\">\n\t\t\t\t\t<div class=\"e-con-inner\">\n\t\t\t\t<div class=\"elementor-element elementor-element-30886ef elementor-widget elementor-widget-block_titre\" data-id=\"30886ef\" data-element_type=\"widget\" data-widget_type=\"block_titre.default\">\n\t\t\t\t<div class=\"elementor-widget-container\">\n\t\t\t    <div class=\"container\">\n        <h2>\n            Actions propos\u00e9es\n        <\/h2>\n    <\/div>\n\t\t<\/div>\n\t\t\t\t<\/div>\n\t\t\t\t\t<\/div>\n\t\t\t\t<\/div>\n\t\t<div class=\"elementor-element elementor-element-e7330bc e-flex e-con-boxed e-con e-parent\" data-id=\"e7330bc\" data-element_type=\"container\">\n\t\t\t\t\t<div class=\"e-con-inner\">\n\t\t\t\t<div class=\"elementor-element elementor-element-ba23e0d elementor-widget elementor-widget-block_simple_texte\" data-id=\"ba23e0d\" data-element_type=\"widget\" data-widget_type=\"block_simple_texte.default\">\n\t\t\t\t<div class=\"elementor-widget-container\">\n\t\t\t    <div class=\"container\">\n        <ul><li data-start=\"1450\" data-end=\"1478\"><p data-start=\"1452\" data-end=\"1478\">Diagnostic individualis\u00e9<\/p><\/li><li data-start=\"1479\" data-end=\"1508\"><p data-start=\"1481\" data-end=\"1508\">Coaching confiance en soi<\/p><\/li><li data-start=\"1509\" data-end=\"1565\"><p data-start=\"1511\" data-end=\"1565\">Ateliers d\u2019aide aux techniques de recherche d\u2019emploi<\/p><\/li><li data-start=\"1566\" data-end=\"1603\"><p data-start=\"1568\" data-end=\"1603\">Mise en situation professionnelle<\/p><\/li><li data-start=\"1604\" data-end=\"1643\"><p data-start=\"1606\" data-end=\"1643\">Immersion et d\u00e9couverte des m\u00e9tiers<\/p><\/li><li data-start=\"1644\" data-end=\"1676\"><p data-start=\"1646\" data-end=\"1676\">Suivi personnalis\u00e9 et r\u00e9gulier<\/p><\/li><\/ul>\n    <\/div>\n\t\t<\/div>\n\t\t\t\t<\/div>\n\t\t\t\t\t<\/div>\n\t\t\t\t<\/div>\n\t\t<div class=\"elementor-element elementor-element-7953ffb e-flex e-con-boxed e-con e-parent\" data-id=\"7953ffb\" data-element_type=\"container\">\n\t\t\t\t\t<div class=\"e-con-inner\">\n\t\t\t\t<div class=\"elementor-element elementor-element-17b526e elementor-widget elementor-widget-block_titre\" data-id=\"17b526e\" data-element_type=\"widget\" data-widget_type=\"block_titre.default\">\n\t\t\t\t<div class=\"elementor-widget-container\">\n\t\t\t    <div class=\"container\">\n        <h2>\n            R\u00e9sultats attendus\n        <\/h2>\n    <\/div>\n\t\t<\/div>\n\t\t\t\t<\/div>\n\t\t\t\t\t<\/div>\n\t\t\t\t<\/div>\n\t\t<div class=\"elementor-element elementor-element-d7e8ea7 e-flex e-con-boxed e-con e-parent\" data-id=\"d7e8ea7\" data-element_type=\"container\">\n\t\t\t\t\t<div class=\"e-con-inner\">\n\t\t\t\t<div class=\"elementor-element elementor-element-8bbdabb elementor-widget elementor-widget-block_simple_texte\" data-id=\"8bbdabb\" data-element_type=\"widget\" data-widget_type=\"block_simple_texte.default\">\n\t\t\t\t<div class=\"elementor-widget-container\">\n\t\t\t    <div class=\"container\">\n        <ul><li data-start=\"1712\" data-end=\"1762\"><p data-start=\"1714\" data-end=\"1762\">Am\u00e9lioration de l\u2019autonomie dans les d\u00e9marches<\/p><\/li><li data-start=\"1763\" data-end=\"1801\"><p data-start=\"1765\" data-end=\"1801\">R\u00e9duction des ruptures de parcours<\/p><\/li><li data-start=\"1802\" data-end=\"1859\"><p data-start=\"1804\" data-end=\"1859\">Augmentation des retours \u00e0 l\u2019emploi et \u00e0 la formation<\/p><\/li><li data-start=\"1860\" data-end=\"1918\"><p data-start=\"1862\" data-end=\"1918\">Renforcement de la motivation et du projet professionnel<\/p><\/li><\/ul>\n    <\/div>\n\t\t<\/div>\n\t\t\t\t<\/div>\n\t\t\t\t\t<\/div>\n\t\t\t\t<\/div>\n\t\t<div class=\"elementor-element elementor-element-f14ae8c e-flex e-con-boxed e-con e-parent\" data-id=\"f14ae8c\" data-element_type=\"container\">\n\t\t\t\t\t<div class=\"e-con-inner\">\n\t\t\t\t<div class=\"elementor-element elementor-element-f0c6640 elementor-widget elementor-widget-block_simple_visuel\" data-id=\"f0c6640\" data-element_type=\"widget\" data-widget_type=\"block_simple_visuel.default\">\n\t\t\t\t<div class=\"elementor-widget-container\">\n\t\t\t    <div class=\"container\">\n        <figure>\n                        \n                                                            <a href=\"https:\/\/www.missionslocalesnormandie.fr\/content\/uploads\/sites\/6\/2025\/11\/Microsite-Image.webp\">\n                    <img decoding=\"async\" src=\"https:\/\/www.missionslocalesnormandie.fr\/content\/uploads\/sites\/6\/2025\/11\/Microsite-Image-950x595-c-default.webp\"\n                         alt=\"MISSION LOCALE DE L&#039;AGGLOMERATION D&#039;ELBEUF\"\/>\n                <\/a>\n            \n                    <\/figure>\n    <\/div>\n\t\t<\/div>\n\t\t\t\t<\/div>\n\t\t\t\t\t<\/div>\n\t\t\t\t<\/div>\n\t\t\t\t<\/div>\n\t\t","protected":false},"excerpt":{"rendered":"<p>Objectif du projet Le programme Booster d\u2019Avenir vise \u00e0 renforcer l\u2019insertion professionnelle des jeunes du territoire en leur proposant des parcours personnalis\u00e9s et adapt\u00e9s \u00e0 leurs besoins. L\u2019action a pour ambition de : lever les freins \u00e0 l\u2019acc\u00e8s \u00e0 l\u2019emploi, s\u00e9curiser les parcours, pr\u00e9venir les ruptures, accompagner les jeunes dans la construction de leur confiance [&hellip;]<\/p>\n","protected":false},"author":27,"featured_media":0,"parent":0,"menu_order":0,"comment_status":"closed","ping_status":"closed","template":"","meta":{"_acf_changed":false,"_crosspost_to_1":false,"_crosspost_to_2":false,"_crosspost_to_3":false,"_crosspost_to_4":false,"_crosspost_to_5":false,"_crosspost_to_7":false,"_crosspost_to_8":false,"_crosspost_to_11":false,"_crosspost_to_12":false,"_crosspost_to_13":false,"_crosspost_to_14":false,"_crosspost_to_15":false,"_crosspost_to_16":false,"inline_featured_image":false,"footnotes":""},"acf":[],"yoast_head":"<!-- This site is optimized with the Yoast SEO plugin v21.9.1 - https:\/\/yoast.com\/wordpress\/plugins\/seo\/ -->\n<title>Booster d&#039;avenir - MISSION LOCALE DE L&#039;AGGLOMERATION D&#039;ELBEUF<\/title>\n<meta name=\"robots\" content=\"index, follow, max-snippet:-1, max-image-preview:large, max-video-preview:-1\" \/>\n<link rel=\"canonical\" href=\"https:\/\/www.missionslocalesnormandie.fr\/mission-locale-agglomeration-elbeuf\/booster-davenir\/\" \/>\n<meta property=\"og:locale\" content=\"fr_FR\" \/>\n<meta property=\"og:type\" content=\"article\" \/>\n<meta property=\"og:title\" content=\"Booster d&#039;avenir - MISSION LOCALE DE L&#039;AGGLOMERATION D&#039;ELBEUF\" \/>\n<meta property=\"og:description\" content=\"Objectif du projet Le programme Booster d\u2019Avenir vise \u00e0 renforcer l\u2019insertion professionnelle des jeunes du territoire en leur proposant des parcours personnalis\u00e9s et adapt\u00e9s \u00e0 leurs besoins. L\u2019action a pour ambition de : lever les freins \u00e0 l\u2019acc\u00e8s \u00e0 l\u2019emploi, s\u00e9curiser les parcours, pr\u00e9venir les ruptures, accompagner les jeunes dans la construction de leur confiance [&hellip;]\" \/>\n<meta property=\"og:url\" content=\"https:\/\/www.missionslocalesnormandie.fr\/mission-locale-agglomeration-elbeuf\/booster-davenir\/\" \/>\n<meta property=\"og:site_name\" content=\"MISSION LOCALE DE L&#039;AGGLOMERATION D&#039;ELBEUF\" \/>\n<meta property=\"article:modified_time\" content=\"2026-03-23T08:24:30+00:00\" \/>\n<meta property=\"og:image\" content=\"https:\/\/www.missionslocalesnormandie.fr\/content\/uploads\/sites\/6\/2025\/07\/1-950x595-c-default.webp\" \/>\n<meta name=\"twitter:card\" content=\"summary_large_image\" \/>\n<meta name=\"twitter:label1\" content=\"Dur\u00e9e de lecture estim\u00e9e\" \/>\n\t<meta name=\"twitter:data1\" content=\"2 minutes\" \/>\n<script type=\"application\/ld+json\" class=\"yoast-schema-graph\">{\"@context\":\"https:\/\/schema.org\",\"@graph\":[{\"@type\":\"WebPage\",\"@id\":\"https:\/\/www.missionslocalesnormandie.fr\/mission-locale-agglomeration-elbeuf\/booster-davenir\/\",\"url\":\"https:\/\/www.missionslocalesnormandie.fr\/mission-locale-agglomeration-elbeuf\/booster-davenir\/\",\"name\":\"Booster d'avenir - MISSION LOCALE DE L&#039;AGGLOMERATION D&#039;ELBEUF\",\"isPartOf\":{\"@id\":\"https:\/\/www.missionslocalesnormandie.fr\/mission-locale-agglomeration-elbeuf\/#website\"},\"datePublished\":\"2025-11-18T12:31:00+00:00\",\"dateModified\":\"2026-03-23T08:24:30+00:00\",\"breadcrumb\":{\"@id\":\"https:\/\/www.missionslocalesnormandie.fr\/mission-locale-agglomeration-elbeuf\/booster-davenir\/#breadcrumb\"},\"inLanguage\":\"fr-FR\",\"potentialAction\":[{\"@type\":\"ReadAction\",\"target\":[\"https:\/\/www.missionslocalesnormandie.fr\/mission-locale-agglomeration-elbeuf\/booster-davenir\/\"]}]},{\"@type\":\"BreadcrumbList\",\"@id\":\"https:\/\/www.missionslocalesnormandie.fr\/mission-locale-agglomeration-elbeuf\/booster-davenir\/#breadcrumb\",\"itemListElement\":[{\"@type\":\"ListItem\",\"position\":1,\"name\":\"Home\",\"item\":\"https:\/\/www.missionslocalesnormandie.fr\/mission-locale-agglomeration-elbeuf\/\"},{\"@type\":\"ListItem\",\"position\":2,\"name\":\"Booster d&#8217;avenir\"}]},{\"@type\":\"WebSite\",\"@id\":\"https:\/\/www.missionslocalesnormandie.fr\/mission-locale-agglomeration-elbeuf\/#website\",\"url\":\"https:\/\/www.missionslocalesnormandie.fr\/mission-locale-agglomeration-elbeuf\/\",\"name\":\"MISSION LOCALE DE L&#039;AGGLOMERATION D&#039;ELBEUF\",\"description\":\"\",\"publisher\":{\"@id\":\"https:\/\/www.missionslocalesnormandie.fr\/mission-locale-agglomeration-elbeuf\/#organization\"},\"potentialAction\":[{\"@type\":\"SearchAction\",\"target\":{\"@type\":\"EntryPoint\",\"urlTemplate\":\"https:\/\/www.missionslocalesnormandie.fr\/mission-locale-agglomeration-elbeuf\/?s={search_term_string}\"},\"query-input\":\"required name=search_term_string\"}],\"inLanguage\":\"fr-FR\"},{\"@type\":\"Organization\",\"@id\":\"https:\/\/www.missionslocalesnormandie.fr\/mission-locale-agglomeration-elbeuf\/#organization\",\"name\":\"MISSION LOCALE DE L&#039;AGGLOMERATION D&#039;ELBEUF\",\"url\":\"https:\/\/www.missionslocalesnormandie.fr\/mission-locale-agglomeration-elbeuf\/\",\"logo\":{\"@type\":\"ImageObject\",\"inLanguage\":\"fr-FR\",\"@id\":\"https:\/\/www.missionslocalesnormandie.fr\/mission-locale-agglomeration-elbeuf\/#\/schema\/logo\/image\/\",\"url\":\"https:\/\/www.missionslocalesnormandie.fr\/content\/uploads\/sites\/6\/2023\/12\/MLELBEUF-New-logo-fond-bleu.png\",\"contentUrl\":\"https:\/\/www.missionslocalesnormandie.fr\/content\/uploads\/sites\/6\/2023\/12\/MLELBEUF-New-logo-fond-bleu.png\",\"width\":1843,\"height\":1616,\"caption\":\"MISSION LOCALE DE L&#039;AGGLOMERATION D&#039;ELBEUF\"},\"image\":{\"@id\":\"https:\/\/www.missionslocalesnormandie.fr\/mission-locale-agglomeration-elbeuf\/#\/schema\/logo\/image\/\"}}]}<\/script>\n<!-- \/ Yoast SEO plugin. -->","yoast_head_json":{"title":"Booster d'avenir - MISSION LOCALE DE L&#039;AGGLOMERATION D&#039;ELBEUF","robots":{"index":"index","follow":"follow","max-snippet":"max-snippet:-1","max-image-preview":"max-image-preview:large","max-video-preview":"max-video-preview:-1"},"canonical":"https:\/\/www.missionslocalesnormandie.fr\/mission-locale-agglomeration-elbeuf\/booster-davenir\/","og_locale":"fr_FR","og_type":"article","og_title":"Booster d'avenir - MISSION LOCALE DE L&#039;AGGLOMERATION D&#039;ELBEUF","og_description":"Objectif du projet Le programme Booster d\u2019Avenir vise \u00e0 renforcer l\u2019insertion professionnelle des jeunes du territoire en leur proposant des parcours personnalis\u00e9s et adapt\u00e9s \u00e0 leurs besoins. L\u2019action a pour ambition de : lever les freins \u00e0 l\u2019acc\u00e8s \u00e0 l\u2019emploi, s\u00e9curiser les parcours, pr\u00e9venir les ruptures, accompagner les jeunes dans la construction de leur confiance [&hellip;]","og_url":"https:\/\/www.missionslocalesnormandie.fr\/mission-locale-agglomeration-elbeuf\/booster-davenir\/","og_site_name":"MISSION LOCALE DE L&#039;AGGLOMERATION D&#039;ELBEUF","article_modified_time":"2026-03-23T08:24:30+00:00","og_image":[{"url":"https:\/\/www.missionslocalesnormandie.fr\/content\/uploads\/sites\/6\/2025\/07\/1-950x595-c-default.webp"}],"twitter_card":"summary_large_image","twitter_misc":{"Dur\u00e9e de lecture estim\u00e9e":"2 minutes"},"schema":{"@context":"https:\/\/schema.org","@graph":[{"@type":"WebPage","@id":"https:\/\/www.missionslocalesnormandie.fr\/mission-locale-agglomeration-elbeuf\/booster-davenir\/","url":"https:\/\/www.missionslocalesnormandie.fr\/mission-locale-agglomeration-elbeuf\/booster-davenir\/","name":"Booster d'avenir - MISSION LOCALE DE L&#039;AGGLOMERATION D&#039;ELBEUF","isPartOf":{"@id":"https:\/\/www.missionslocalesnormandie.fr\/mission-locale-agglomeration-elbeuf\/#website"},"datePublished":"2025-11-18T12:31:00+00:00","dateModified":"2026-03-23T08:24:30+00:00","breadcrumb":{"@id":"https:\/\/www.missionslocalesnormandie.fr\/mission-locale-agglomeration-elbeuf\/booster-davenir\/#breadcrumb"},"inLanguage":"fr-FR","potentialAction":[{"@type":"ReadAction","target":["https:\/\/www.missionslocalesnormandie.fr\/mission-locale-agglomeration-elbeuf\/booster-davenir\/"]}]},{"@type":"BreadcrumbList","@id":"https:\/\/www.missionslocalesnormandie.fr\/mission-locale-agglomeration-elbeuf\/booster-davenir\/#breadcrumb","itemListElement":[{"@type":"ListItem","position":1,"name":"Home","item":"https:\/\/www.missionslocalesnormandie.fr\/mission-locale-agglomeration-elbeuf\/"},{"@type":"ListItem","position":2,"name":"Booster d&#8217;avenir"}]},{"@type":"WebSite","@id":"https:\/\/www.missionslocalesnormandie.fr\/mission-locale-agglomeration-elbeuf\/#website","url":"https:\/\/www.missionslocalesnormandie.fr\/mission-locale-agglomeration-elbeuf\/","name":"MISSION LOCALE DE L&#039;AGGLOMERATION D&#039;ELBEUF","description":"","publisher":{"@id":"https:\/\/www.missionslocalesnormandie.fr\/mission-locale-agglomeration-elbeuf\/#organization"},"potentialAction":[{"@type":"SearchAction","target":{"@type":"EntryPoint","urlTemplate":"https:\/\/www.missionslocalesnormandie.fr\/mission-locale-agglomeration-elbeuf\/?s={search_term_string}"},"query-input":"required name=search_term_string"}],"inLanguage":"fr-FR"},{"@type":"Organization","@id":"https:\/\/www.missionslocalesnormandie.fr\/mission-locale-agglomeration-elbeuf\/#organization","name":"MISSION LOCALE DE L&#039;AGGLOMERATION D&#039;ELBEUF","url":"https:\/\/www.missionslocalesnormandie.fr\/mission-locale-agglomeration-elbeuf\/","logo":{"@type":"ImageObject","inLanguage":"fr-FR","@id":"https:\/\/www.missionslocalesnormandie.fr\/mission-locale-agglomeration-elbeuf\/#\/schema\/logo\/image\/","url":"https:\/\/www.missionslocalesnormandie.fr\/content\/uploads\/sites\/6\/2023\/12\/MLELBEUF-New-logo-fond-bleu.png","contentUrl":"https:\/\/www.missionslocalesnormandie.fr\/content\/uploads\/sites\/6\/2023\/12\/MLELBEUF-New-logo-fond-bleu.png","width":1843,"height":1616,"caption":"MISSION LOCALE DE L&#039;AGGLOMERATION D&#039;ELBEUF"},"image":{"@id":"https:\/\/www.missionslocalesnormandie.fr\/mission-locale-agglomeration-elbeuf\/#\/schema\/logo\/image\/"}}]}},"_links":{"self":[{"href":"https:\/\/www.missionslocalesnormandie.fr\/mission-locale-agglomeration-elbeuf\/wp-json\/wp\/v2\/pages\/1092"}],"collection":[{"href":"https:\/\/www.missionslocalesnormandie.fr\/mission-locale-agglomeration-elbeuf\/wp-json\/wp\/v2\/pages"}],"about":[{"href":"https:\/\/www.missionslocalesnormandie.fr\/mission-locale-agglomeration-elbeuf\/wp-json\/wp\/v2\/types\/page"}],"author":[{"embeddable":true,"href":"https:\/\/www.missionslocalesnormandie.fr\/mission-locale-agglomeration-elbeuf\/wp-json\/wp\/v2\/users\/27"}],"replies":[{"embeddable":true,"href":"https:\/\/www.missionslocalesnormandie.fr\/mission-locale-agglomeration-elbeuf\/wp-json\/wp\/v2\/comments?post=1092"}],"version-history":[{"count":9,"href":"https:\/\/www.missionslocalesnormandie.fr\/mission-locale-agglomeration-elbeuf\/wp-json\/wp\/v2\/pages\/1092\/revisions"}],"predecessor-version":[{"id":1175,"href":"https:\/\/www.missionslocalesnormandie.fr\/mission-locale-agglomeration-elbeuf\/wp-json\/wp\/v2\/pages\/1092\/revisions\/1175"}],"wp:attachment":[{"href":"https:\/\/www.missionslocalesnormandie.fr\/mission-locale-agglomeration-elbeuf\/wp-json\/wp\/v2\/media?parent=1092"}],"curies":[{"name":"wp","href":"https:\/\/api.w.org\/{rel}","templated":true}]}}