{"id":65,"date":"2023-12-14T15:09:18","date_gmt":"2023-12-14T14:09:18","guid":{"rendered":"https:\/\/www.missionslocalesnormandie.fr\/mission-locale-agglomeration-rouennaise\/?page_id=65"},"modified":"2023-12-15T10:27:43","modified_gmt":"2023-12-15T09:27:43","slug":"notre-organisation-2","status":"publish","type":"page","link":"https:\/\/www.missionslocalesnormandie.fr\/mission-locale-agglomeration-rouennaise\/notre-organisation-2\/","title":{"rendered":"Notre organisation"},"content":{"rendered":"\t\t<div data-elementor-type=\"wp-page\" data-elementor-id=\"65\" class=\"elementor elementor-65\">\n\t\t\t\t<div class=\"elementor-element elementor-element-4086d15 e-flex e-con-boxed e-con e-parent\" data-id=\"4086d15\" data-element_type=\"container\">\n\t\t\t\t\t<div class=\"e-con-inner\">\n\t\t\t\t<div class=\"elementor-element elementor-element-e9c0e46 elementor-widget elementor-widget-block_titre\" data-id=\"e9c0e46\" data-element_type=\"widget\" data-widget_type=\"block_titre.default\">\n\t\t\t\t<div class=\"elementor-widget-container\">\n\t\t\t    <div class=\"container\">\n        <h2>\n            Une expertise de terrain\n        <\/h2>\n    <\/div>\n\t\t<\/div>\n\t\t\t\t<\/div>\n\t\t\t\t<div class=\"elementor-element elementor-element-0d393a4 elementor-widget elementor-widget-block_simple_texte\" data-id=\"0d393a4\" data-element_type=\"widget\" data-widget_type=\"block_simple_texte.default\">\n\t\t\t\t<div class=\"elementor-widget-container\">\n\t\t\t    <div class=\"container\">\n        <p><span style=\"font-weight: 400;\">Anciennement appel\u00e9e \u201crelais 16\/25 ans\u201d, la Mission Locale de Rouen est pr\u00e9sente depuis plus de quarante ans sur le territoire de l\u2019agglom\u00e9ration rouennaise. <\/span><\/p>\n    <\/div>\n\t\t<\/div>\n\t\t\t\t<\/div>\n\t\t\t\t<div class=\"elementor-element elementor-element-30d5095 elementor-widget elementor-widget-block_titre\" data-id=\"30d5095\" data-element_type=\"widget\" data-widget_type=\"block_titre.default\">\n\t\t\t\t<div class=\"elementor-widget-container\">\n\t\t\t    <div class=\"container\">\n        <h2>\n            Une \u00e9quipe et des valeurs\n        <\/h2>\n    <\/div>\n\t\t<\/div>\n\t\t\t\t<\/div>\n\t\t\t\t<div class=\"elementor-element elementor-element-16ae411 elementor-widget elementor-widget-block_simple_texte\" data-id=\"16ae411\" data-element_type=\"widget\" data-widget_type=\"block_simple_texte.default\">\n\t\t\t\t<div class=\"elementor-widget-container\">\n\t\t\t    <div class=\"container\">\n        <p><span style=\"font-weight: 400;\">Compos\u00e9e de plus de 140 salari\u00e9s, l\u2019\u00e9quipe de la Mission Locale porte fi\u00e8rement des valeurs de professionnalisme, de bienveillance, et d\u2019engagement. L'\u00e9quipe se compose \u00e0 75% de conseillers en insertion professionnelle qui sont en contact permanent avec les jeunes. <\/span><\/p>\n    <\/div>\n\t\t<\/div>\n\t\t\t\t<\/div>\n\t\t\t\t<div class=\"elementor-element elementor-element-959438b elementor-widget elementor-widget-block_titre\" data-id=\"959438b\" data-element_type=\"widget\" data-widget_type=\"block_titre.default\">\n\t\t\t\t<div class=\"elementor-widget-container\">\n\t\t\t    <div class=\"container\">\n        <h2>\n            la force d\u2019un r\u00e9seau\n        <\/h2>\n    <\/div>\n\t\t<\/div>\n\t\t\t\t<\/div>\n\t\t\t\t<div class=\"elementor-element elementor-element-7b2a40e elementor-widget elementor-widget-block_simple_texte\" data-id=\"7b2a40e\" data-element_type=\"widget\" data-widget_type=\"block_simple_texte.default\">\n\t\t\t\t<div class=\"elementor-widget-container\">\n\t\t\t    <div class=\"container\">\n        <p><span style=\"font-weight: 400;\">Le territoire fran\u00e7ais est couvert gr\u00e2ce aux 436 Missions locales, qui repr\u00e9sente un total de 6800 lieux d\u2019accueils. Tout en cultivant leurs particularit\u00e9s propres \u00e0 leurs territoires, les missions locales sont aussi unies par des valeurs communes et une offre de service harmonis\u00e9e. <\/span><\/p>\n    <\/div>\n\t\t<\/div>\n\t\t\t\t<\/div>\n\t\t\t\t\t<\/div>\n\t\t\t\t<\/div>\n\t\t\t\t<\/div>\n\t\t","protected":false},"excerpt":{"rendered":"<p>Une expertise de terrain Anciennement appel\u00e9e \u201crelais 16\/25 ans\u201d, la Mission Locale de Rouen est pr\u00e9sente depuis plus de quarante ans sur le territoire de l\u2019agglom\u00e9ration rouennaise. Une \u00e9quipe et des valeurs Compos\u00e9e de plus de 140 salari\u00e9s, l\u2019\u00e9quipe de la Mission Locale porte fi\u00e8rement des valeurs de professionnalisme, de bienveillance, et d\u2019engagement. L&#8217;\u00e9quipe se [&hellip;]<\/p>\n","protected":false},"author":1,"featured_media":0,"parent":0,"menu_order":0,"comment_status":"closed","ping_status":"closed","template":"","meta":{"_acf_changed":false,"_crosspost_to_1":false,"_crosspost_to_2":false,"_crosspost_to_4":false,"_crosspost_to_5":false,"_crosspost_to_6":false,"_crosspost_to_7":false,"_crosspost_to_8":false,"_crosspost_to_11":false,"_crosspost_to_12":false,"_crosspost_to_13":false,"_crosspost_to_14":false,"_crosspost_to_15":false,"_crosspost_to_16":false,"inline_featured_image":false,"footnotes":""},"acf":[],"yoast_head":"<!-- This site is optimized with the Yoast SEO plugin v21.9.1 - https:\/\/yoast.com\/wordpress\/plugins\/seo\/ -->\n<title>Notre organisation - MISSION LOCALE DE L&#039;AGGLOMERATION ROUENNAISE<\/title>\n<meta name=\"robots\" content=\"index, follow, max-snippet:-1, max-image-preview:large, max-video-preview:-1\" \/>\n<link rel=\"canonical\" href=\"https:\/\/www.missionslocalesnormandie.fr\/mission-locale-agglomeration-rouennaise\/notre-organisation-2\/\" \/>\n<meta property=\"og:locale\" content=\"fr_FR\" \/>\n<meta property=\"og:type\" content=\"article\" \/>\n<meta property=\"og:title\" content=\"Notre organisation - MISSION LOCALE DE L&#039;AGGLOMERATION ROUENNAISE\" \/>\n<meta property=\"og:description\" content=\"Une expertise de terrain Anciennement appel\u00e9e \u201crelais 16\/25 ans\u201d, la Mission Locale de Rouen est pr\u00e9sente depuis plus de quarante ans sur le territoire de l\u2019agglom\u00e9ration rouennaise. Une \u00e9quipe et des valeurs Compos\u00e9e de plus de 140 salari\u00e9s, l\u2019\u00e9quipe de la Mission Locale porte fi\u00e8rement des valeurs de professionnalisme, de bienveillance, et d\u2019engagement. L&#8217;\u00e9quipe se [&hellip;]\" \/>\n<meta property=\"og:url\" content=\"https:\/\/www.missionslocalesnormandie.fr\/mission-locale-agglomeration-rouennaise\/notre-organisation-2\/\" \/>\n<meta property=\"og:site_name\" content=\"MISSION LOCALE DE L&#039;AGGLOMERATION ROUENNAISE\" \/>\n<meta property=\"article:modified_time\" content=\"2023-12-15T09:27:43+00:00\" \/>\n<meta name=\"twitter:card\" content=\"summary_large_image\" \/>\n<meta name=\"twitter:label1\" content=\"Dur\u00e9e de lecture estim\u00e9e\" \/>\n\t<meta name=\"twitter:data1\" content=\"1 minute\" \/>\n<script type=\"application\/ld+json\" class=\"yoast-schema-graph\">{\"@context\":\"https:\/\/schema.org\",\"@graph\":[{\"@type\":\"WebPage\",\"@id\":\"https:\/\/www.missionslocalesnormandie.fr\/mission-locale-agglomeration-rouennaise\/notre-organisation-2\/\",\"url\":\"https:\/\/www.missionslocalesnormandie.fr\/mission-locale-agglomeration-rouennaise\/notre-organisation-2\/\",\"name\":\"Notre organisation - MISSION LOCALE DE L'AGGLOMERATION ROUENNAISE\",\"isPartOf\":{\"@id\":\"https:\/\/www.missionslocalesnormandie.fr\/mission-locale-agglomeration-rouennaise\/#website\"},\"datePublished\":\"2023-12-14T14:09:18+00:00\",\"dateModified\":\"2023-12-15T09:27:43+00:00\",\"breadcrumb\":{\"@id\":\"https:\/\/www.missionslocalesnormandie.fr\/mission-locale-agglomeration-rouennaise\/notre-organisation-2\/#breadcrumb\"},\"inLanguage\":\"fr-FR\",\"potentialAction\":[{\"@type\":\"ReadAction\",\"target\":[\"https:\/\/www.missionslocalesnormandie.fr\/mission-locale-agglomeration-rouennaise\/notre-organisation-2\/\"]}]},{\"@type\":\"BreadcrumbList\",\"@id\":\"https:\/\/www.missionslocalesnormandie.fr\/mission-locale-agglomeration-rouennaise\/notre-organisation-2\/#breadcrumb\",\"itemListElement\":[{\"@type\":\"ListItem\",\"position\":1,\"name\":\"Home\",\"item\":\"https:\/\/www.missionslocalesnormandie.fr\/mission-locale-agglomeration-rouennaise\/\"},{\"@type\":\"ListItem\",\"position\":2,\"name\":\"Notre organisation\"}]},{\"@type\":\"WebSite\",\"@id\":\"https:\/\/www.missionslocalesnormandie.fr\/mission-locale-agglomeration-rouennaise\/#website\",\"url\":\"https:\/\/www.missionslocalesnormandie.fr\/mission-locale-agglomeration-rouennaise\/\",\"name\":\"MISSION LOCALE DE L'AGGLOMERATION ROUENNAISE\",\"description\":\"\",\"potentialAction\":[{\"@type\":\"SearchAction\",\"target\":{\"@type\":\"EntryPoint\",\"urlTemplate\":\"https:\/\/www.missionslocalesnormandie.fr\/mission-locale-agglomeration-rouennaise\/?s={search_term_string}\"},\"query-input\":\"required name=search_term_string\"}],\"inLanguage\":\"fr-FR\"}]}<\/script>\n<!-- \/ Yoast SEO plugin. -->","yoast_head_json":{"title":"Notre organisation - MISSION LOCALE DE L'AGGLOMERATION ROUENNAISE","robots":{"index":"index","follow":"follow","max-snippet":"max-snippet:-1","max-image-preview":"max-image-preview:large","max-video-preview":"max-video-preview:-1"},"canonical":"https:\/\/www.missionslocalesnormandie.fr\/mission-locale-agglomeration-rouennaise\/notre-organisation-2\/","og_locale":"fr_FR","og_type":"article","og_title":"Notre organisation - MISSION LOCALE DE L'AGGLOMERATION ROUENNAISE","og_description":"Une expertise de terrain Anciennement appel\u00e9e \u201crelais 16\/25 ans\u201d, la Mission Locale de Rouen est pr\u00e9sente depuis plus de quarante ans sur le territoire de l\u2019agglom\u00e9ration rouennaise. Une \u00e9quipe et des valeurs Compos\u00e9e de plus de 140 salari\u00e9s, l\u2019\u00e9quipe de la Mission Locale porte fi\u00e8rement des valeurs de professionnalisme, de bienveillance, et d\u2019engagement. L&#8217;\u00e9quipe se [&hellip;]","og_url":"https:\/\/www.missionslocalesnormandie.fr\/mission-locale-agglomeration-rouennaise\/notre-organisation-2\/","og_site_name":"MISSION LOCALE DE L'AGGLOMERATION ROUENNAISE","article_modified_time":"2023-12-15T09:27:43+00:00","twitter_card":"summary_large_image","twitter_misc":{"Dur\u00e9e de lecture estim\u00e9e":"1 minute"},"schema":{"@context":"https:\/\/schema.org","@graph":[{"@type":"WebPage","@id":"https:\/\/www.missionslocalesnormandie.fr\/mission-locale-agglomeration-rouennaise\/notre-organisation-2\/","url":"https:\/\/www.missionslocalesnormandie.fr\/mission-locale-agglomeration-rouennaise\/notre-organisation-2\/","name":"Notre organisation - MISSION LOCALE DE L'AGGLOMERATION ROUENNAISE","isPartOf":{"@id":"https:\/\/www.missionslocalesnormandie.fr\/mission-locale-agglomeration-rouennaise\/#website"},"datePublished":"2023-12-14T14:09:18+00:00","dateModified":"2023-12-15T09:27:43+00:00","breadcrumb":{"@id":"https:\/\/www.missionslocalesnormandie.fr\/mission-locale-agglomeration-rouennaise\/notre-organisation-2\/#breadcrumb"},"inLanguage":"fr-FR","potentialAction":[{"@type":"ReadAction","target":["https:\/\/www.missionslocalesnormandie.fr\/mission-locale-agglomeration-rouennaise\/notre-organisation-2\/"]}]},{"@type":"BreadcrumbList","@id":"https:\/\/www.missionslocalesnormandie.fr\/mission-locale-agglomeration-rouennaise\/notre-organisation-2\/#breadcrumb","itemListElement":[{"@type":"ListItem","position":1,"name":"Home","item":"https:\/\/www.missionslocalesnormandie.fr\/mission-locale-agglomeration-rouennaise\/"},{"@type":"ListItem","position":2,"name":"Notre organisation"}]},{"@type":"WebSite","@id":"https:\/\/www.missionslocalesnormandie.fr\/mission-locale-agglomeration-rouennaise\/#website","url":"https:\/\/www.missionslocalesnormandie.fr\/mission-locale-agglomeration-rouennaise\/","name":"MISSION LOCALE DE L'AGGLOMERATION ROUENNAISE","description":"","potentialAction":[{"@type":"SearchAction","target":{"@type":"EntryPoint","urlTemplate":"https:\/\/www.missionslocalesnormandie.fr\/mission-locale-agglomeration-rouennaise\/?s={search_term_string}"},"query-input":"required name=search_term_string"}],"inLanguage":"fr-FR"}]}},"_links":{"self":[{"href":"https:\/\/www.missionslocalesnormandie.fr\/mission-locale-agglomeration-rouennaise\/wp-json\/wp\/v2\/pages\/65"}],"collection":[{"href":"https:\/\/www.missionslocalesnormandie.fr\/mission-locale-agglomeration-rouennaise\/wp-json\/wp\/v2\/pages"}],"about":[{"href":"https:\/\/www.missionslocalesnormandie.fr\/mission-locale-agglomeration-rouennaise\/wp-json\/wp\/v2\/types\/page"}],"author":[{"embeddable":true,"href":"https:\/\/www.missionslocalesnormandie.fr\/mission-locale-agglomeration-rouennaise\/wp-json\/wp\/v2\/users\/1"}],"replies":[{"embeddable":true,"href":"https:\/\/www.missionslocalesnormandie.fr\/mission-locale-agglomeration-rouennaise\/wp-json\/wp\/v2\/comments?post=65"}],"version-history":[{"count":6,"href":"https:\/\/www.missionslocalesnormandie.fr\/mission-locale-agglomeration-rouennaise\/wp-json\/wp\/v2\/pages\/65\/revisions"}],"predecessor-version":[{"id":288,"href":"https:\/\/www.missionslocalesnormandie.fr\/mission-locale-agglomeration-rouennaise\/wp-json\/wp\/v2\/pages\/65\/revisions\/288"}],"wp:attachment":[{"href":"https:\/\/www.missionslocalesnormandie.fr\/mission-locale-agglomeration-rouennaise\/wp-json\/wp\/v2\/media?parent=65"}],"curies":[{"name":"wp","href":"https:\/\/api.w.org\/{rel}","templated":true}]}}

<div data-elementor-type="wp-page" data-elementor-id="65" class="elementor elementor-65">
				<div class="elementor-element elementor-element-4086d15 e-flex e-con-boxed e-con e-parent" data-id="4086d15" data-element_type="container">
					<div class="e-con-inner">
				<div class="elementor-element elementor-element-e9c0e46 elementor-widget elementor-widget-block_titre" data-id="e9c0e46" data-element_type="widget" data-widget_type="block_titre.default">
				<div class="elementor-widget-container">
			    <div class="container">
        <h2>
            Une expertise de terrain
        </h2>
    </div>
		</div>
				</div>
				<div class="elementor-element elementor-element-0d393a4 elementor-widget elementor-widget-block_simple_texte" data-id="0d393a4" data-element_type="widget" data-widget_type="block_simple_texte.default">
				<div class="elementor-widget-container">
			    <div class="container">
        <p><span style="font-weight: 400;">Anciennement appelée “relais 16/25 ans”, la Mission Locale de Rouen est présente depuis plus de quarante ans sur le territoire de l’agglomération rouennaise. </span></p>
    </div>
		</div>
				</div>
				<div class="elementor-element elementor-element-30d5095 elementor-widget elementor-widget-block_titre" data-id="30d5095" data-element_type="widget" data-widget_type="block_titre.default">
				<div class="elementor-widget-container">
			    <div class="container">
        <h2>
            Une équipe et des valeurs
        </h2>
    </div>
		</div>
				</div>
				<div class="elementor-element elementor-element-16ae411 elementor-widget elementor-widget-block_simple_texte" data-id="16ae411" data-element_type="widget" data-widget_type="block_simple_texte.default">
				<div class="elementor-widget-container">
			    <div class="container">
        <p><span style="font-weight: 400;">Composée de plus de 140 salariés, l’équipe de la Mission Locale porte fièrement des valeurs de professionnalisme, de bienveillance, et d’engagement. L'équipe se compose à 75% de conseillers en insertion professionnelle qui sont en contact permanent avec les jeunes. </span></p>
    </div>
		</div>
				</div>
				<div class="elementor-element elementor-element-959438b elementor-widget elementor-widget-block_titre" data-id="959438b" data-element_type="widget" data-widget_type="block_titre.default">
				<div class="elementor-widget-container">
			    <div class="container">
        <h2>
            la force d’un réseau
        </h2>
    </div>
		</div>
				</div>
				<div class="elementor-element elementor-element-7b2a40e elementor-widget elementor-widget-block_simple_texte" data-id="7b2a40e" data-element_type="widget" data-widget_type="block_simple_texte.default">
				<div class="elementor-widget-container">
			    <div class="container">
        <p><span style="font-weight: 400;">Le territoire français est couvert grâce aux 436 Missions locales, qui représente un total de 6800 lieux d’accueils. Tout en cultivant leurs particularités propres à leurs territoires, les missions locales sont aussi unies par des valeurs communes et une offre de service harmonisée. </span></p>
    </div>
		</div>
				</div>
					</div>
				</div>
				</div>

<p>Une expertise de terrain Anciennement appelée “relais 16/25 ans”, la Mission Locale de Rouen est présente depuis plus de quarante ans sur le territoire de l’agglomération rouennaise. Une équipe et des valeurs Composée de plus de 140 salariés, l’équipe de la Mission Locale porte fièrement des valeurs de professionnalisme, de bienveillance, et d’engagement. L&#8217;équipe se [&hellip;]</p>

<!-- This site is optimized with the Yoast SEO plugin v21.9.1 - https://yoast.com/wordpress/plugins/seo/ -->
<title>Notre organisation - MISSION LOCALE DE L&#039;AGGLOMERATION ROUENNAISE</title>
<meta name="robots" content="index, follow, max-snippet:-1, max-image-preview:large, max-video-preview:-1" />
<link rel="canonical" href="https://www.missionslocalesnormandie.fr/mission-locale-agglomeration-rouennaise/notre-organisation-2/" />
<meta property="og:locale" content="fr_FR" />
<meta property="og:type" content="article" />
<meta property="og:title" content="Notre organisation - MISSION LOCALE DE L&#039;AGGLOMERATION ROUENNAISE" />
<meta property="og:description" content="Une expertise de terrain Anciennement appelée “relais 16/25 ans”, la Mission Locale de Rouen est présente depuis plus de quarante ans sur le territoire de l’agglomération rouennaise. Une équipe et des valeurs Composée de plus de 140 salariés, l’équipe de la Mission Locale porte fièrement des valeurs de professionnalisme, de bienveillance, et d’engagement. L&#8217;équipe se [&hellip;]" />
<meta property="og:url" content="https://www.missionslocalesnormandie.fr/mission-locale-agglomeration-rouennaise/notre-organisation-2/" />
<meta property="og:site_name" content="MISSION LOCALE DE L&#039;AGGLOMERATION ROUENNAISE" />
<meta property="article:modified_time" content="2023-12-15T09:27:43+00:00" />
<meta name="twitter:card" content="summary_large_image" />
<meta name="twitter:label1" content="Durée de lecture estimée" />
	<meta name="twitter:data1" content="1 minute" />
<script type="application/ld+json" class="yoast-schema-graph">{"@context":"https://schema.org","@graph":[{"@type":"WebPage","@id":"https://www.missionslocalesnormandie.fr/mission-locale-agglomeration-rouennaise/notre-organisation-2/","url":"https://www.missionslocalesnormandie.fr/mission-locale-agglomeration-rouennaise/notre-organisation-2/","name":"Notre organisation - MISSION LOCALE DE L'AGGLOMERATION ROUENNAISE","isPartOf":{"@id":"https://www.missionslocalesnormandie.fr/mission-locale-agglomeration-rouennaise/#website"},"datePublished":"2023-12-14T14:09:18+00:00","dateModified":"2023-12-15T09:27:43+00:00","breadcrumb":{"@id":"https://www.missionslocalesnormandie.fr/mission-locale-agglomeration-rouennaise/notre-organisation-2/#breadcrumb"},"inLanguage":"fr-FR","potentialAction":[{"@type":"ReadAction","target":["https://www.missionslocalesnormandie.fr/mission-locale-agglomeration-rouennaise/notre-organisation-2/"]}]},{"@type":"BreadcrumbList","@id":"https://www.missionslocalesnormandie.fr/mission-locale-agglomeration-rouennaise/notre-organisation-2/#breadcrumb","itemListElement":[{"@type":"ListItem","position":1,"name":"Home","item":"https://www.missionslocalesnormandie.fr/mission-locale-agglomeration-rouennaise/"},{"@type":"ListItem","position":2,"name":"Notre organisation"}]},{"@type":"WebSite","@id":"https://www.missionslocalesnormandie.fr/mission-locale-agglomeration-rouennaise/#website","url":"https://www.missionslocalesnormandie.fr/mission-locale-agglomeration-rouennaise/","name":"MISSION LOCALE DE L'AGGLOMERATION ROUENNAISE","description":"","potentialAction":[{"@type":"SearchAction","target":{"@type":"EntryPoint","urlTemplate":"https://www.missionslocalesnormandie.fr/mission-locale-agglomeration-rouennaise/?s={search_term_string}"},"query-input":"required name=search_term_string"}],"inLanguage":"fr-FR"}]}</script>
<!-- / Yoast SEO plugin. -->

Une expertise de terrain Anciennement appelée “relais 16/25 ans”, la Mission Locale de Rouen est présente depuis plus de quarante ans sur le territoire de l’agglomération rouennaise. Une équipe et des valeurs Composée de plus de 140 salariés, l’équipe de la Mission Locale porte fièrement des valeurs de professionnalisme, de bienveillance, et d’engagement. L&#8217;équipe se [&hellip;]
