{"id":9,"date":"2023-12-14T14:42:24","date_gmt":"2023-12-14T13:42:24","guid":{"rendered":"https:\/\/www.missionslocalesnormandie.fr\/mission-locale-agglomeration-rouennaise\/?page_id=9"},"modified":"2024-04-18T09:25:54","modified_gmt":"2024-04-18T07:25:54","slug":"notre-organisation","status":"publish","type":"page","link":"https:\/\/www.missionslocalesnormandie.fr\/mission-locale-agglomeration-rouennaise\/notre-organisation\/","title":{"rendered":"Notre organisation"},"content":{"rendered":"\t\t<div data-elementor-type=\"wp-page\" data-elementor-id=\"9\" class=\"elementor elementor-9\">\n\t\t\t\t<div class=\"elementor-element elementor-element-540668a e-flex e-con-boxed e-con e-parent\" data-id=\"540668a\" data-element_type=\"container\">\n\t\t\t\t\t<div class=\"e-con-inner\">\n\t\t\t\t<div class=\"elementor-element elementor-element-03aeeec elementor-widget elementor-widget-block_titre\" data-id=\"03aeeec\" data-element_type=\"widget\" data-widget_type=\"block_titre.default\">\n\t\t\t\t<div class=\"elementor-widget-container\">\n\t\t\t    <div class=\"container\">\n        <h2>\n            Une association solide\n        <\/h2>\n    <\/div>\n\t\t<\/div>\n\t\t\t\t<\/div>\n\t\t\t\t<div class=\"elementor-element elementor-element-6341f18 elementor-widget elementor-widget-block_simple_texte\" data-id=\"6341f18\" data-element_type=\"widget\" data-widget_type=\"block_simple_texte.default\">\n\t\t\t\t<div class=\"elementor-widget-container\">\n\t\t\t    <div class=\"container\">\n        <p><span style=\"font-weight: 400\">Anciennement appel\u00e9e \u201crelais 16-25 ans\u201d, la Mission Locale de Rouen est pr\u00e9sente depuis plus de 40 ans pour aider les jeunes de Rouen et ses alentours. <\/span><\/p><p><span style=\"font-weight: 400\">Depuis tout ce temps, nous avons su nouer des partenariats solides pour t\u2019aider au mieux dans ton acc\u00e8s vers l\u2019autonomie et l\u2019emploi.<\/span><\/p>\n    <\/div>\n\t\t<\/div>\n\t\t\t\t<\/div>\n\t\t\t\t\t<\/div>\n\t\t\t\t<\/div>\n\t\t<div class=\"elementor-element elementor-element-cc518f2 e-flex e-con-boxed e-con e-parent\" data-id=\"cc518f2\" data-element_type=\"container\">\n\t\t\t\t\t<div class=\"e-con-inner\">\n\t\t\t\t<div class=\"elementor-element elementor-element-533c822 elementor-widget elementor-widget-block_separateur\" data-id=\"533c822\" data-element_type=\"widget\" data-widget_type=\"block_separateur.default\">\n\t\t\t\t<div class=\"elementor-widget-container\">\n\t\t\t<div class=\"container\">\n    <hr\/>\n<\/div>\t\t<\/div>\n\t\t\t\t<\/div>\n\t\t\t\t<div class=\"elementor-element elementor-element-41f58f6 elementor-widget elementor-widget-block_titre\" data-id=\"41f58f6\" data-element_type=\"widget\" data-widget_type=\"block_titre.default\">\n\t\t\t\t<div class=\"elementor-widget-container\">\n\t\t\t    <div class=\"container\">\n        <h2>\n            Des conseillers \u00e0 ton \u00e9coute\n        <\/h2>\n    <\/div>\n\t\t<\/div>\n\t\t\t\t<\/div>\n\t\t\t\t<div class=\"elementor-element elementor-element-1587f24 elementor-widget elementor-widget-block_simple_texte\" data-id=\"1587f24\" data-element_type=\"widget\" data-widget_type=\"block_simple_texte.default\">\n\t\t\t\t<div class=\"elementor-widget-container\">\n\t\t\t    <div class=\"container\">\n        <p><span style=\"font-weight: 400\">Nous sommes une \u00e9quipe de 140 personnes pour t\u2019accompagner dans ton parcours. <\/span><\/p><p><span style=\"font-weight: 400\">Chacun.e des conseiiler.es a \u00e9t\u00e9 form\u00e9 pour t\u2019aider au mieux lors des diff\u00e9rents entretiens qui ponctueront ton accompagnement.<\/span><\/p>\n    <\/div>\n\t\t<\/div>\n\t\t\t\t<\/div>\n\t\t\t\t\t<\/div>\n\t\t\t\t<\/div>\n\t\t<div class=\"elementor-element elementor-element-02db1eb e-flex e-con-boxed e-con e-parent\" data-id=\"02db1eb\" data-element_type=\"container\">\n\t\t\t\t\t<div class=\"e-con-inner\">\n\t\t\t\t<div class=\"elementor-element elementor-element-422d7c2 elementor-widget elementor-widget-block_separateur\" data-id=\"422d7c2\" data-element_type=\"widget\" data-widget_type=\"block_separateur.default\">\n\t\t\t\t<div class=\"elementor-widget-container\">\n\t\t\t<div class=\"container\">\n    <hr\/>\n<\/div>\t\t<\/div>\n\t\t\t\t<\/div>\n\t\t\t\t<div class=\"elementor-element elementor-element-6b305da elementor-widget elementor-widget-block_titre\" data-id=\"6b305da\" data-element_type=\"widget\" data-widget_type=\"block_titre.default\">\n\t\t\t\t<div class=\"elementor-widget-container\">\n\t\t\t    <div class=\"container\">\n        <h2>\n            Les autres missions locales\n        <\/h2>\n    <\/div>\n\t\t<\/div>\n\t\t\t\t<\/div>\n\t\t\t\t<div class=\"elementor-element elementor-element-be50d16 elementor-widget elementor-widget-block_simple_texte\" data-id=\"be50d16\" data-element_type=\"widget\" data-widget_type=\"block_simple_texte.default\">\n\t\t\t\t<div class=\"elementor-widget-container\">\n\t\t\t    <div class=\"container\">\n        <p><span style=\"font-weight: 400\">Chaque ville ou village de France d\u00e9pend d\u2019une Mission Locale qui est rattach\u00e9 \u00e0 son territoire. Donc m\u00eame si tu d\u00e9m\u00e9nages, tu pourras toujours profiter de nos services ! <\/span><\/p>\n    <\/div>\n\t\t<\/div>\n\t\t\t\t<\/div>\n\t\t\t\t\t<\/div>\n\t\t\t\t<\/div>\n\t\t\t\t<\/div>\n\t\t","protected":false},"excerpt":{"rendered":"<p>Une association solide Anciennement appel\u00e9e \u201crelais 16-25 ans\u201d, la Mission Locale de Rouen est pr\u00e9sente depuis plus de 40 ans pour aider les jeunes de Rouen et ses alentours. Depuis tout ce temps, nous avons su nouer des partenariats solides pour t\u2019aider au mieux dans ton acc\u00e8s vers l\u2019autonomie et l\u2019emploi. Des conseillers \u00e0 ton [&hellip;]<\/p>\n","protected":false},"author":1,"featured_media":0,"parent":0,"menu_order":0,"comment_status":"closed","ping_status":"closed","template":"","meta":{"_acf_changed":false,"_crosspost_to_1":false,"_crosspost_to_2":false,"_crosspost_to_4":false,"_crosspost_to_5":false,"_crosspost_to_6":false,"_crosspost_to_7":false,"_crosspost_to_8":false,"_crosspost_to_11":false,"_crosspost_to_12":false,"_crosspost_to_13":false,"_crosspost_to_14":false,"_crosspost_to_15":false,"_crosspost_to_16":false,"inline_featured_image":false,"footnotes":""},"acf":[],"yoast_head":"<!-- This site is optimized with the Yoast SEO plugin v21.9.1 - https:\/\/yoast.com\/wordpress\/plugins\/seo\/ -->\n<title>Notre organisation - MISSION LOCALE DE L&#039;AGGLOMERATION ROUENNAISE<\/title>\n<meta name=\"robots\" content=\"index, follow, max-snippet:-1, max-image-preview:large, max-video-preview:-1\" \/>\n<link rel=\"canonical\" href=\"https:\/\/www.missionslocalesnormandie.fr\/mission-locale-agglomeration-rouennaise\/notre-organisation\/\" \/>\n<meta property=\"og:locale\" content=\"fr_FR\" \/>\n<meta property=\"og:type\" content=\"article\" \/>\n<meta property=\"og:title\" content=\"Notre organisation - MISSION LOCALE DE L&#039;AGGLOMERATION ROUENNAISE\" \/>\n<meta property=\"og:description\" content=\"Une association solide Anciennement appel\u00e9e \u201crelais 16-25 ans\u201d, la Mission Locale de Rouen est pr\u00e9sente depuis plus de 40 ans pour aider les jeunes de Rouen et ses alentours. Depuis tout ce temps, nous avons su nouer des partenariats solides pour t\u2019aider au mieux dans ton acc\u00e8s vers l\u2019autonomie et l\u2019emploi. Des conseillers \u00e0 ton [&hellip;]\" \/>\n<meta property=\"og:url\" content=\"https:\/\/www.missionslocalesnormandie.fr\/mission-locale-agglomeration-rouennaise\/notre-organisation\/\" \/>\n<meta property=\"og:site_name\" content=\"MISSION LOCALE DE L&#039;AGGLOMERATION ROUENNAISE\" \/>\n<meta property=\"article:modified_time\" content=\"2024-04-18T07:25:54+00:00\" \/>\n<meta name=\"twitter:card\" content=\"summary_large_image\" \/>\n<meta name=\"twitter:label1\" content=\"Dur\u00e9e de lecture estim\u00e9e\" \/>\n\t<meta name=\"twitter:data1\" content=\"1 minute\" \/>\n<script type=\"application\/ld+json\" class=\"yoast-schema-graph\">{\"@context\":\"https:\/\/schema.org\",\"@graph\":[{\"@type\":\"WebPage\",\"@id\":\"https:\/\/www.missionslocalesnormandie.fr\/mission-locale-agglomeration-rouennaise\/notre-organisation\/\",\"url\":\"https:\/\/www.missionslocalesnormandie.fr\/mission-locale-agglomeration-rouennaise\/notre-organisation\/\",\"name\":\"Notre organisation - MISSION LOCALE DE L'AGGLOMERATION ROUENNAISE\",\"isPartOf\":{\"@id\":\"https:\/\/www.missionslocalesnormandie.fr\/mission-locale-agglomeration-rouennaise\/#website\"},\"datePublished\":\"2023-12-14T13:42:24+00:00\",\"dateModified\":\"2024-04-18T07:25:54+00:00\",\"breadcrumb\":{\"@id\":\"https:\/\/www.missionslocalesnormandie.fr\/mission-locale-agglomeration-rouennaise\/notre-organisation\/#breadcrumb\"},\"inLanguage\":\"fr-FR\",\"potentialAction\":[{\"@type\":\"ReadAction\",\"target\":[\"https:\/\/www.missionslocalesnormandie.fr\/mission-locale-agglomeration-rouennaise\/notre-organisation\/\"]}]},{\"@type\":\"BreadcrumbList\",\"@id\":\"https:\/\/www.missionslocalesnormandie.fr\/mission-locale-agglomeration-rouennaise\/notre-organisation\/#breadcrumb\",\"itemListElement\":[{\"@type\":\"ListItem\",\"position\":1,\"name\":\"Home\",\"item\":\"https:\/\/www.missionslocalesnormandie.fr\/mission-locale-agglomeration-rouennaise\/\"},{\"@type\":\"ListItem\",\"position\":2,\"name\":\"Notre organisation\"}]},{\"@type\":\"WebSite\",\"@id\":\"https:\/\/www.missionslocalesnormandie.fr\/mission-locale-agglomeration-rouennaise\/#website\",\"url\":\"https:\/\/www.missionslocalesnormandie.fr\/mission-locale-agglomeration-rouennaise\/\",\"name\":\"MISSION LOCALE DE L'AGGLOMERATION ROUENNAISE\",\"description\":\"\",\"potentialAction\":[{\"@type\":\"SearchAction\",\"target\":{\"@type\":\"EntryPoint\",\"urlTemplate\":\"https:\/\/www.missionslocalesnormandie.fr\/mission-locale-agglomeration-rouennaise\/?s={search_term_string}\"},\"query-input\":\"required name=search_term_string\"}],\"inLanguage\":\"fr-FR\"}]}<\/script>\n<!-- \/ Yoast SEO plugin. -->","yoast_head_json":{"title":"Notre organisation - MISSION LOCALE DE L'AGGLOMERATION ROUENNAISE","robots":{"index":"index","follow":"follow","max-snippet":"max-snippet:-1","max-image-preview":"max-image-preview:large","max-video-preview":"max-video-preview:-1"},"canonical":"https:\/\/www.missionslocalesnormandie.fr\/mission-locale-agglomeration-rouennaise\/notre-organisation\/","og_locale":"fr_FR","og_type":"article","og_title":"Notre organisation - MISSION LOCALE DE L'AGGLOMERATION ROUENNAISE","og_description":"Une association solide Anciennement appel\u00e9e \u201crelais 16-25 ans\u201d, la Mission Locale de Rouen est pr\u00e9sente depuis plus de 40 ans pour aider les jeunes de Rouen et ses alentours. Depuis tout ce temps, nous avons su nouer des partenariats solides pour t\u2019aider au mieux dans ton acc\u00e8s vers l\u2019autonomie et l\u2019emploi. Des conseillers \u00e0 ton [&hellip;]","og_url":"https:\/\/www.missionslocalesnormandie.fr\/mission-locale-agglomeration-rouennaise\/notre-organisation\/","og_site_name":"MISSION LOCALE DE L'AGGLOMERATION ROUENNAISE","article_modified_time":"2024-04-18T07:25:54+00:00","twitter_card":"summary_large_image","twitter_misc":{"Dur\u00e9e de lecture estim\u00e9e":"1 minute"},"schema":{"@context":"https:\/\/schema.org","@graph":[{"@type":"WebPage","@id":"https:\/\/www.missionslocalesnormandie.fr\/mission-locale-agglomeration-rouennaise\/notre-organisation\/","url":"https:\/\/www.missionslocalesnormandie.fr\/mission-locale-agglomeration-rouennaise\/notre-organisation\/","name":"Notre organisation - MISSION LOCALE DE L'AGGLOMERATION ROUENNAISE","isPartOf":{"@id":"https:\/\/www.missionslocalesnormandie.fr\/mission-locale-agglomeration-rouennaise\/#website"},"datePublished":"2023-12-14T13:42:24+00:00","dateModified":"2024-04-18T07:25:54+00:00","breadcrumb":{"@id":"https:\/\/www.missionslocalesnormandie.fr\/mission-locale-agglomeration-rouennaise\/notre-organisation\/#breadcrumb"},"inLanguage":"fr-FR","potentialAction":[{"@type":"ReadAction","target":["https:\/\/www.missionslocalesnormandie.fr\/mission-locale-agglomeration-rouennaise\/notre-organisation\/"]}]},{"@type":"BreadcrumbList","@id":"https:\/\/www.missionslocalesnormandie.fr\/mission-locale-agglomeration-rouennaise\/notre-organisation\/#breadcrumb","itemListElement":[{"@type":"ListItem","position":1,"name":"Home","item":"https:\/\/www.missionslocalesnormandie.fr\/mission-locale-agglomeration-rouennaise\/"},{"@type":"ListItem","position":2,"name":"Notre organisation"}]},{"@type":"WebSite","@id":"https:\/\/www.missionslocalesnormandie.fr\/mission-locale-agglomeration-rouennaise\/#website","url":"https:\/\/www.missionslocalesnormandie.fr\/mission-locale-agglomeration-rouennaise\/","name":"MISSION LOCALE DE L'AGGLOMERATION ROUENNAISE","description":"","potentialAction":[{"@type":"SearchAction","target":{"@type":"EntryPoint","urlTemplate":"https:\/\/www.missionslocalesnormandie.fr\/mission-locale-agglomeration-rouennaise\/?s={search_term_string}"},"query-input":"required name=search_term_string"}],"inLanguage":"fr-FR"}]}},"_links":{"self":[{"href":"https:\/\/www.missionslocalesnormandie.fr\/mission-locale-agglomeration-rouennaise\/wp-json\/wp\/v2\/pages\/9"}],"collection":[{"href":"https:\/\/www.missionslocalesnormandie.fr\/mission-locale-agglomeration-rouennaise\/wp-json\/wp\/v2\/pages"}],"about":[{"href":"https:\/\/www.missionslocalesnormandie.fr\/mission-locale-agglomeration-rouennaise\/wp-json\/wp\/v2\/types\/page"}],"author":[{"embeddable":true,"href":"https:\/\/www.missionslocalesnormandie.fr\/mission-locale-agglomeration-rouennaise\/wp-json\/wp\/v2\/users\/1"}],"replies":[{"embeddable":true,"href":"https:\/\/www.missionslocalesnormandie.fr\/mission-locale-agglomeration-rouennaise\/wp-json\/wp\/v2\/comments?post=9"}],"version-history":[{"count":16,"href":"https:\/\/www.missionslocalesnormandie.fr\/mission-locale-agglomeration-rouennaise\/wp-json\/wp\/v2\/pages\/9\/revisions"}],"predecessor-version":[{"id":371,"href":"https:\/\/www.missionslocalesnormandie.fr\/mission-locale-agglomeration-rouennaise\/wp-json\/wp\/v2\/pages\/9\/revisions\/371"}],"wp:attachment":[{"href":"https:\/\/www.missionslocalesnormandie.fr\/mission-locale-agglomeration-rouennaise\/wp-json\/wp\/v2\/media?parent=9"}],"curies":[{"name":"wp","href":"https:\/\/api.w.org\/{rel}","templated":true}]}}

<div data-elementor-type="wp-page" data-elementor-id="9" class="elementor elementor-9">
				<div class="elementor-element elementor-element-540668a e-flex e-con-boxed e-con e-parent" data-id="540668a" data-element_type="container">
					<div class="e-con-inner">
				<div class="elementor-element elementor-element-03aeeec elementor-widget elementor-widget-block_titre" data-id="03aeeec" data-element_type="widget" data-widget_type="block_titre.default">
				<div class="elementor-widget-container">
			    <div class="container">
        <h2>
            Une association solide
        </h2>
    </div>
		</div>
				</div>
				<div class="elementor-element elementor-element-6341f18 elementor-widget elementor-widget-block_simple_texte" data-id="6341f18" data-element_type="widget" data-widget_type="block_simple_texte.default">
				<div class="elementor-widget-container">
			    <div class="container">
        <p><span style="font-weight: 400">Anciennement appelée “relais 16-25 ans”, la Mission Locale de Rouen est présente depuis plus de 40 ans pour aider les jeunes de Rouen et ses alentours. </span></p><p><span style="font-weight: 400">Depuis tout ce temps, nous avons su nouer des partenariats solides pour t’aider au mieux dans ton accès vers l’autonomie et l’emploi.</span></p>
    </div>
		</div>
				</div>
					</div>
				</div>
		<div class="elementor-element elementor-element-cc518f2 e-flex e-con-boxed e-con e-parent" data-id="cc518f2" data-element_type="container">
					<div class="e-con-inner">
				<div class="elementor-element elementor-element-533c822 elementor-widget elementor-widget-block_separateur" data-id="533c822" data-element_type="widget" data-widget_type="block_separateur.default">
				<div class="elementor-widget-container">
			<div class="container">
    <hr/>
</div>		</div>
				</div>
				<div class="elementor-element elementor-element-41f58f6 elementor-widget elementor-widget-block_titre" data-id="41f58f6" data-element_type="widget" data-widget_type="block_titre.default">
				<div class="elementor-widget-container">
			    <div class="container">
        <h2>
            Des conseillers à ton écoute
        </h2>
    </div>
		</div>
				</div>
				<div class="elementor-element elementor-element-1587f24 elementor-widget elementor-widget-block_simple_texte" data-id="1587f24" data-element_type="widget" data-widget_type="block_simple_texte.default">
				<div class="elementor-widget-container">
			    <div class="container">
        <p><span style="font-weight: 400">Nous sommes une équipe de 140 personnes pour t’accompagner dans ton parcours. </span></p><p><span style="font-weight: 400">Chacun.e des conseiiler.es a été formé pour t’aider au mieux lors des différents entretiens qui ponctueront ton accompagnement.</span></p>
    </div>
		</div>
				</div>
					</div>
				</div>
		<div class="elementor-element elementor-element-02db1eb e-flex e-con-boxed e-con e-parent" data-id="02db1eb" data-element_type="container">
					<div class="e-con-inner">
				<div class="elementor-element elementor-element-422d7c2 elementor-widget elementor-widget-block_separateur" data-id="422d7c2" data-element_type="widget" data-widget_type="block_separateur.default">
				<div class="elementor-widget-container">
			<div class="container">
    <hr/>
</div>		</div>
				</div>
				<div class="elementor-element elementor-element-6b305da elementor-widget elementor-widget-block_titre" data-id="6b305da" data-element_type="widget" data-widget_type="block_titre.default">
				<div class="elementor-widget-container">
			    <div class="container">
        <h2>
            Les autres missions locales
        </h2>
    </div>
		</div>
				</div>
				<div class="elementor-element elementor-element-be50d16 elementor-widget elementor-widget-block_simple_texte" data-id="be50d16" data-element_type="widget" data-widget_type="block_simple_texte.default">
				<div class="elementor-widget-container">
			    <div class="container">
        <p><span style="font-weight: 400">Chaque ville ou village de France dépend d’une Mission Locale qui est rattaché à son territoire. Donc même si tu déménages, tu pourras toujours profiter de nos services ! </span></p>
    </div>
		</div>
				</div>
					</div>
				</div>
				</div>

<p>Une association solide Anciennement appelée “relais 16-25 ans”, la Mission Locale de Rouen est présente depuis plus de 40 ans pour aider les jeunes de Rouen et ses alentours. Depuis tout ce temps, nous avons su nouer des partenariats solides pour t’aider au mieux dans ton accès vers l’autonomie et l’emploi. Des conseillers à ton [&hellip;]</p>

<!-- This site is optimized with the Yoast SEO plugin v21.9.1 - https://yoast.com/wordpress/plugins/seo/ -->
<title>Notre organisation - MISSION LOCALE DE L&#039;AGGLOMERATION ROUENNAISE</title>
<meta name="robots" content="index, follow, max-snippet:-1, max-image-preview:large, max-video-preview:-1" />
<link rel="canonical" href="https://www.missionslocalesnormandie.fr/mission-locale-agglomeration-rouennaise/notre-organisation/" />
<meta property="og:locale" content="fr_FR" />
<meta property="og:type" content="article" />
<meta property="og:title" content="Notre organisation - MISSION LOCALE DE L&#039;AGGLOMERATION ROUENNAISE" />
<meta property="og:description" content="Une association solide Anciennement appelée “relais 16-25 ans”, la Mission Locale de Rouen est présente depuis plus de 40 ans pour aider les jeunes de Rouen et ses alentours. Depuis tout ce temps, nous avons su nouer des partenariats solides pour t’aider au mieux dans ton accès vers l’autonomie et l’emploi. Des conseillers à ton [&hellip;]" />
<meta property="og:url" content="https://www.missionslocalesnormandie.fr/mission-locale-agglomeration-rouennaise/notre-organisation/" />
<meta property="og:site_name" content="MISSION LOCALE DE L&#039;AGGLOMERATION ROUENNAISE" />
<meta property="article:modified_time" content="2024-04-18T07:25:54+00:00" />
<meta name="twitter:card" content="summary_large_image" />
<meta name="twitter:label1" content="Durée de lecture estimée" />
	<meta name="twitter:data1" content="1 minute" />
<script type="application/ld+json" class="yoast-schema-graph">{"@context":"https://schema.org","@graph":[{"@type":"WebPage","@id":"https://www.missionslocalesnormandie.fr/mission-locale-agglomeration-rouennaise/notre-organisation/","url":"https://www.missionslocalesnormandie.fr/mission-locale-agglomeration-rouennaise/notre-organisation/","name":"Notre organisation - MISSION LOCALE DE L'AGGLOMERATION ROUENNAISE","isPartOf":{"@id":"https://www.missionslocalesnormandie.fr/mission-locale-agglomeration-rouennaise/#website"},"datePublished":"2023-12-14T13:42:24+00:00","dateModified":"2024-04-18T07:25:54+00:00","breadcrumb":{"@id":"https://www.missionslocalesnormandie.fr/mission-locale-agglomeration-rouennaise/notre-organisation/#breadcrumb"},"inLanguage":"fr-FR","potentialAction":[{"@type":"ReadAction","target":["https://www.missionslocalesnormandie.fr/mission-locale-agglomeration-rouennaise/notre-organisation/"]}]},{"@type":"BreadcrumbList","@id":"https://www.missionslocalesnormandie.fr/mission-locale-agglomeration-rouennaise/notre-organisation/#breadcrumb","itemListElement":[{"@type":"ListItem","position":1,"name":"Home","item":"https://www.missionslocalesnormandie.fr/mission-locale-agglomeration-rouennaise/"},{"@type":"ListItem","position":2,"name":"Notre organisation"}]},{"@type":"WebSite","@id":"https://www.missionslocalesnormandie.fr/mission-locale-agglomeration-rouennaise/#website","url":"https://www.missionslocalesnormandie.fr/mission-locale-agglomeration-rouennaise/","name":"MISSION LOCALE DE L'AGGLOMERATION ROUENNAISE","description":"","potentialAction":[{"@type":"SearchAction","target":{"@type":"EntryPoint","urlTemplate":"https://www.missionslocalesnormandie.fr/mission-locale-agglomeration-rouennaise/?s={search_term_string}"},"query-input":"required name=search_term_string"}],"inLanguage":"fr-FR"}]}</script>
<!-- / Yoast SEO plugin. -->

Une association solide Anciennement appelée “relais 16-25 ans”, la Mission Locale de Rouen est présente depuis plus de 40 ans pour aider les jeunes de Rouen et ses alentours. Depuis tout ce temps, nous avons su nouer des partenariats solides pour t’aider au mieux dans ton accès vers l’autonomie et l’emploi. Des conseillers à ton [&hellip;]
