{"id":92,"date":"2023-12-14T15:15:29","date_gmt":"2023-12-14T14:15:29","guid":{"rendered":"https:\/\/www.missionslocalesnormandie.fr\/mission-locale-agglomeration-rouennaise\/?page_id=92"},"modified":"2023-12-14T15:16:06","modified_gmt":"2023-12-14T14:16:06","slug":"les-mesures-daides-a-la-formation-en-emploi","status":"publish","type":"page","link":"https:\/\/www.missionslocalesnormandie.fr\/mission-locale-agglomeration-rouennaise\/les-mesures-daides-a-la-formation-en-emploi\/","title":{"rendered":"Les mesures d\u2019aides \u00e0 la formation en emploi"},"content":{"rendered":"\t\t<div data-elementor-type=\"wp-page\" data-elementor-id=\"92\" class=\"elementor elementor-92\">\n\t\t\t\t<div class=\"elementor-element elementor-element-5c17414 e-flex e-con-boxed e-con e-parent\" data-id=\"5c17414\" data-element_type=\"container\">\n\t\t\t\t\t<div class=\"e-con-inner\">\n\t\t\t\t<div class=\"elementor-element elementor-element-b77e8a8 elementor-widget elementor-widget-block_simple_texte\" data-id=\"b77e8a8\" data-element_type=\"widget\" data-widget_type=\"block_simple_texte.default\">\n\t\t\t\t<div class=\"elementor-widget-container\">\n\t\t\t    <div class=\"container\">\n        <p><span style=\"font-weight: 400;\">Vous souhaitez \u00eatre accompagn\u00e9 sur les mesures d\u2019aides \u00e0 la formation en emploi comme par exemple :<\/span><\/p><ul><li aria-level=\"1\"><b>L'AFEST : <\/b><span style=\"font-weight: 400;\">L'<\/span><b>AFEST (Action de Formation En Situation de Travail) a pour particularit\u00e9 d'utiliser et de valoriser les situations de travail comme terrain d'apprentissage.<\/b><\/li><\/ul><ul><li aria-level=\"1\"><span style=\"font-weight: 400;\">Contrat d'apprentissage<\/span><\/li><\/ul><ul><li style=\"font-weight: 400;\" aria-level=\"1\"><span style=\"font-weight: 400;\">Contrat de professionnalisation<\/span><\/li><\/ul><p><span style=\"font-weight: 400;\">Nous vous proposons un accompagnement personnalis\u00e9 sur ces th\u00e9matiques, afin que ces actions puissent se mettre en place ais\u00e9ment au sein de votre structure.\u00a0<\/span><\/p><p><span style=\"font-weight: 400;\">Pour de plus amples informations, merci de nous contacter gr\u00e2ce au formulaire (ou contact direct ?)<\/span><\/p>\n    <\/div>\n\t\t<\/div>\n\t\t\t\t<\/div>\n\t\t\t\t\t<\/div>\n\t\t\t\t<\/div>\n\t\t\t\t<\/div>\n\t\t","protected":false},"excerpt":{"rendered":"<p>Vous souhaitez \u00eatre accompagn\u00e9 sur les mesures d\u2019aides \u00e0 la formation en emploi comme par exemple : L&#8217;AFEST : L&#8217;AFEST (Action de Formation En Situation de Travail) a pour particularit\u00e9 d&#8217;utiliser et de valoriser les situations de travail comme terrain d&#8217;apprentissage. Contrat d&#8217;apprentissage Contrat de professionnalisation Nous vous proposons un accompagnement personnalis\u00e9 sur ces th\u00e9matiques, [&hellip;]<\/p>\n","protected":false},"author":1,"featured_media":0,"parent":0,"menu_order":0,"comment_status":"closed","ping_status":"closed","template":"","meta":{"_acf_changed":false,"_crosspost_to_1":false,"_crosspost_to_2":false,"_crosspost_to_4":false,"_crosspost_to_5":false,"_crosspost_to_6":false,"_crosspost_to_7":false,"_crosspost_to_8":false,"_crosspost_to_11":false,"_crosspost_to_12":false,"_crosspost_to_13":false,"_crosspost_to_14":false,"_crosspost_to_15":false,"_crosspost_to_16":false,"inline_featured_image":false,"footnotes":""},"acf":[],"yoast_head":"<!-- This site is optimized with the Yoast SEO plugin v21.9.1 - https:\/\/yoast.com\/wordpress\/plugins\/seo\/ -->\n<title>Les mesures d\u2019aides \u00e0 la formation en emploi - MISSION LOCALE DE L&#039;AGGLOMERATION ROUENNAISE<\/title>\n<meta name=\"robots\" content=\"index, follow, max-snippet:-1, max-image-preview:large, max-video-preview:-1\" \/>\n<link rel=\"canonical\" href=\"https:\/\/www.missionslocalesnormandie.fr\/mission-locale-agglomeration-rouennaise\/les-mesures-daides-a-la-formation-en-emploi\/\" \/>\n<meta property=\"og:locale\" content=\"fr_FR\" \/>\n<meta property=\"og:type\" content=\"article\" \/>\n<meta property=\"og:title\" content=\"Les mesures d\u2019aides \u00e0 la formation en emploi - MISSION LOCALE DE L&#039;AGGLOMERATION ROUENNAISE\" \/>\n<meta property=\"og:description\" content=\"Vous souhaitez \u00eatre accompagn\u00e9 sur les mesures d\u2019aides \u00e0 la formation en emploi comme par exemple : L&#8217;AFEST : L&#8217;AFEST (Action de Formation En Situation de Travail) a pour particularit\u00e9 d&#8217;utiliser et de valoriser les situations de travail comme terrain d&#8217;apprentissage. Contrat d&#8217;apprentissage Contrat de professionnalisation Nous vous proposons un accompagnement personnalis\u00e9 sur ces th\u00e9matiques, [&hellip;]\" \/>\n<meta property=\"og:url\" content=\"https:\/\/www.missionslocalesnormandie.fr\/mission-locale-agglomeration-rouennaise\/les-mesures-daides-a-la-formation-en-emploi\/\" \/>\n<meta property=\"og:site_name\" content=\"MISSION LOCALE DE L&#039;AGGLOMERATION ROUENNAISE\" \/>\n<meta property=\"article:modified_time\" content=\"2023-12-14T14:16:06+00:00\" \/>\n<meta name=\"twitter:card\" content=\"summary_large_image\" \/>\n<meta name=\"twitter:label1\" content=\"Dur\u00e9e de lecture estim\u00e9e\" \/>\n\t<meta name=\"twitter:data1\" content=\"1 minute\" \/>\n<script type=\"application\/ld+json\" class=\"yoast-schema-graph\">{\"@context\":\"https:\/\/schema.org\",\"@graph\":[{\"@type\":\"WebPage\",\"@id\":\"https:\/\/www.missionslocalesnormandie.fr\/mission-locale-agglomeration-rouennaise\/les-mesures-daides-a-la-formation-en-emploi\/\",\"url\":\"https:\/\/www.missionslocalesnormandie.fr\/mission-locale-agglomeration-rouennaise\/les-mesures-daides-a-la-formation-en-emploi\/\",\"name\":\"Les mesures d\u2019aides \u00e0 la formation en emploi - MISSION LOCALE DE L'AGGLOMERATION ROUENNAISE\",\"isPartOf\":{\"@id\":\"https:\/\/www.missionslocalesnormandie.fr\/mission-locale-agglomeration-rouennaise\/#website\"},\"datePublished\":\"2023-12-14T14:15:29+00:00\",\"dateModified\":\"2023-12-14T14:16:06+00:00\",\"breadcrumb\":{\"@id\":\"https:\/\/www.missionslocalesnormandie.fr\/mission-locale-agglomeration-rouennaise\/les-mesures-daides-a-la-formation-en-emploi\/#breadcrumb\"},\"inLanguage\":\"fr-FR\",\"potentialAction\":[{\"@type\":\"ReadAction\",\"target\":[\"https:\/\/www.missionslocalesnormandie.fr\/mission-locale-agglomeration-rouennaise\/les-mesures-daides-a-la-formation-en-emploi\/\"]}]},{\"@type\":\"BreadcrumbList\",\"@id\":\"https:\/\/www.missionslocalesnormandie.fr\/mission-locale-agglomeration-rouennaise\/les-mesures-daides-a-la-formation-en-emploi\/#breadcrumb\",\"itemListElement\":[{\"@type\":\"ListItem\",\"position\":1,\"name\":\"Home\",\"item\":\"https:\/\/www.missionslocalesnormandie.fr\/mission-locale-agglomeration-rouennaise\/\"},{\"@type\":\"ListItem\",\"position\":2,\"name\":\"Les mesures d\u2019aides \u00e0 la formation en emploi\"}]},{\"@type\":\"WebSite\",\"@id\":\"https:\/\/www.missionslocalesnormandie.fr\/mission-locale-agglomeration-rouennaise\/#website\",\"url\":\"https:\/\/www.missionslocalesnormandie.fr\/mission-locale-agglomeration-rouennaise\/\",\"name\":\"MISSION LOCALE DE L'AGGLOMERATION ROUENNAISE\",\"description\":\"\",\"potentialAction\":[{\"@type\":\"SearchAction\",\"target\":{\"@type\":\"EntryPoint\",\"urlTemplate\":\"https:\/\/www.missionslocalesnormandie.fr\/mission-locale-agglomeration-rouennaise\/?s={search_term_string}\"},\"query-input\":\"required name=search_term_string\"}],\"inLanguage\":\"fr-FR\"}]}<\/script>\n<!-- \/ Yoast SEO plugin. -->","yoast_head_json":{"title":"Les mesures d\u2019aides \u00e0 la formation en emploi - MISSION LOCALE DE L'AGGLOMERATION ROUENNAISE","robots":{"index":"index","follow":"follow","max-snippet":"max-snippet:-1","max-image-preview":"max-image-preview:large","max-video-preview":"max-video-preview:-1"},"canonical":"https:\/\/www.missionslocalesnormandie.fr\/mission-locale-agglomeration-rouennaise\/les-mesures-daides-a-la-formation-en-emploi\/","og_locale":"fr_FR","og_type":"article","og_title":"Les mesures d\u2019aides \u00e0 la formation en emploi - MISSION LOCALE DE L'AGGLOMERATION ROUENNAISE","og_description":"Vous souhaitez \u00eatre accompagn\u00e9 sur les mesures d\u2019aides \u00e0 la formation en emploi comme par exemple : L&#8217;AFEST : L&#8217;AFEST (Action de Formation En Situation de Travail) a pour particularit\u00e9 d&#8217;utiliser et de valoriser les situations de travail comme terrain d&#8217;apprentissage. Contrat d&#8217;apprentissage Contrat de professionnalisation Nous vous proposons un accompagnement personnalis\u00e9 sur ces th\u00e9matiques, [&hellip;]","og_url":"https:\/\/www.missionslocalesnormandie.fr\/mission-locale-agglomeration-rouennaise\/les-mesures-daides-a-la-formation-en-emploi\/","og_site_name":"MISSION LOCALE DE L'AGGLOMERATION ROUENNAISE","article_modified_time":"2023-12-14T14:16:06+00:00","twitter_card":"summary_large_image","twitter_misc":{"Dur\u00e9e de lecture estim\u00e9e":"1 minute"},"schema":{"@context":"https:\/\/schema.org","@graph":[{"@type":"WebPage","@id":"https:\/\/www.missionslocalesnormandie.fr\/mission-locale-agglomeration-rouennaise\/les-mesures-daides-a-la-formation-en-emploi\/","url":"https:\/\/www.missionslocalesnormandie.fr\/mission-locale-agglomeration-rouennaise\/les-mesures-daides-a-la-formation-en-emploi\/","name":"Les mesures d\u2019aides \u00e0 la formation en emploi - MISSION LOCALE DE L'AGGLOMERATION ROUENNAISE","isPartOf":{"@id":"https:\/\/www.missionslocalesnormandie.fr\/mission-locale-agglomeration-rouennaise\/#website"},"datePublished":"2023-12-14T14:15:29+00:00","dateModified":"2023-12-14T14:16:06+00:00","breadcrumb":{"@id":"https:\/\/www.missionslocalesnormandie.fr\/mission-locale-agglomeration-rouennaise\/les-mesures-daides-a-la-formation-en-emploi\/#breadcrumb"},"inLanguage":"fr-FR","potentialAction":[{"@type":"ReadAction","target":["https:\/\/www.missionslocalesnormandie.fr\/mission-locale-agglomeration-rouennaise\/les-mesures-daides-a-la-formation-en-emploi\/"]}]},{"@type":"BreadcrumbList","@id":"https:\/\/www.missionslocalesnormandie.fr\/mission-locale-agglomeration-rouennaise\/les-mesures-daides-a-la-formation-en-emploi\/#breadcrumb","itemListElement":[{"@type":"ListItem","position":1,"name":"Home","item":"https:\/\/www.missionslocalesnormandie.fr\/mission-locale-agglomeration-rouennaise\/"},{"@type":"ListItem","position":2,"name":"Les mesures d\u2019aides \u00e0 la formation en emploi"}]},{"@type":"WebSite","@id":"https:\/\/www.missionslocalesnormandie.fr\/mission-locale-agglomeration-rouennaise\/#website","url":"https:\/\/www.missionslocalesnormandie.fr\/mission-locale-agglomeration-rouennaise\/","name":"MISSION LOCALE DE L'AGGLOMERATION ROUENNAISE","description":"","potentialAction":[{"@type":"SearchAction","target":{"@type":"EntryPoint","urlTemplate":"https:\/\/www.missionslocalesnormandie.fr\/mission-locale-agglomeration-rouennaise\/?s={search_term_string}"},"query-input":"required name=search_term_string"}],"inLanguage":"fr-FR"}]}},"_links":{"self":[{"href":"https:\/\/www.missionslocalesnormandie.fr\/mission-locale-agglomeration-rouennaise\/wp-json\/wp\/v2\/pages\/92"}],"collection":[{"href":"https:\/\/www.missionslocalesnormandie.fr\/mission-locale-agglomeration-rouennaise\/wp-json\/wp\/v2\/pages"}],"about":[{"href":"https:\/\/www.missionslocalesnormandie.fr\/mission-locale-agglomeration-rouennaise\/wp-json\/wp\/v2\/types\/page"}],"author":[{"embeddable":true,"href":"https:\/\/www.missionslocalesnormandie.fr\/mission-locale-agglomeration-rouennaise\/wp-json\/wp\/v2\/users\/1"}],"replies":[{"embeddable":true,"href":"https:\/\/www.missionslocalesnormandie.fr\/mission-locale-agglomeration-rouennaise\/wp-json\/wp\/v2\/comments?post=92"}],"version-history":[{"count":3,"href":"https:\/\/www.missionslocalesnormandie.fr\/mission-locale-agglomeration-rouennaise\/wp-json\/wp\/v2\/pages\/92\/revisions"}],"predecessor-version":[{"id":95,"href":"https:\/\/www.missionslocalesnormandie.fr\/mission-locale-agglomeration-rouennaise\/wp-json\/wp\/v2\/pages\/92\/revisions\/95"}],"wp:attachment":[{"href":"https:\/\/www.missionslocalesnormandie.fr\/mission-locale-agglomeration-rouennaise\/wp-json\/wp\/v2\/media?parent=92"}],"curies":[{"name":"wp","href":"https:\/\/api.w.org\/{rel}","templated":true}]}}

Les mesures d’aides à la formation en emploi

<div data-elementor-type="wp-page" data-elementor-id="92" class="elementor elementor-92">
				<div class="elementor-element elementor-element-5c17414 e-flex e-con-boxed e-con e-parent" data-id="5c17414" data-element_type="container">
					<div class="e-con-inner">
				<div class="elementor-element elementor-element-b77e8a8 elementor-widget elementor-widget-block_simple_texte" data-id="b77e8a8" data-element_type="widget" data-widget_type="block_simple_texte.default">
				<div class="elementor-widget-container">
			    <div class="container">
        <p><span style="font-weight: 400;">Vous souhaitez être accompagné sur les mesures d’aides à la formation en emploi comme par exemple :</span></p><ul><li aria-level="1"><b>L'AFEST : </b><span style="font-weight: 400;">L'</span><b>AFEST (Action de Formation En Situation de Travail) a pour particularité d'utiliser et de valoriser les situations de travail comme terrain d'apprentissage.</b></li></ul><ul><li aria-level="1"><span style="font-weight: 400;">Contrat d'apprentissage</span></li></ul><ul><li style="font-weight: 400;" aria-level="1"><span style="font-weight: 400;">Contrat de professionnalisation</span></li></ul><p><span style="font-weight: 400;">Nous vous proposons un accompagnement personnalisé sur ces thématiques, afin que ces actions puissent se mettre en place aisément au sein de votre structure. </span></p><p><span style="font-weight: 400;">Pour de plus amples informations, merci de nous contacter grâce au formulaire (ou contact direct ?)</span></p>
    </div>
		</div>
				</div>
					</div>
				</div>
				</div>

<p>Vous souhaitez être accompagné sur les mesures d’aides à la formation en emploi comme par exemple : L&#8217;AFEST : L&#8217;AFEST (Action de Formation En Situation de Travail) a pour particularité d&#8217;utiliser et de valoriser les situations de travail comme terrain d&#8217;apprentissage. Contrat d&#8217;apprentissage Contrat de professionnalisation Nous vous proposons un accompagnement personnalisé sur ces thématiques, [&hellip;]</p>

<!-- This site is optimized with the Yoast SEO plugin v21.9.1 - https://yoast.com/wordpress/plugins/seo/ -->
<title>Les mesures d’aides à la formation en emploi - MISSION LOCALE DE L&#039;AGGLOMERATION ROUENNAISE</title>
<meta name="robots" content="index, follow, max-snippet:-1, max-image-preview:large, max-video-preview:-1" />
<link rel="canonical" href="https://www.missionslocalesnormandie.fr/mission-locale-agglomeration-rouennaise/les-mesures-daides-a-la-formation-en-emploi/" />
<meta property="og:locale" content="fr_FR" />
<meta property="og:type" content="article" />
<meta property="og:title" content="Les mesures d’aides à la formation en emploi - MISSION LOCALE DE L&#039;AGGLOMERATION ROUENNAISE" />
<meta property="og:description" content="Vous souhaitez être accompagné sur les mesures d’aides à la formation en emploi comme par exemple : L&#8217;AFEST : L&#8217;AFEST (Action de Formation En Situation de Travail) a pour particularité d&#8217;utiliser et de valoriser les situations de travail comme terrain d&#8217;apprentissage. Contrat d&#8217;apprentissage Contrat de professionnalisation Nous vous proposons un accompagnement personnalisé sur ces thématiques, [&hellip;]" />
<meta property="og:url" content="https://www.missionslocalesnormandie.fr/mission-locale-agglomeration-rouennaise/les-mesures-daides-a-la-formation-en-emploi/" />
<meta property="og:site_name" content="MISSION LOCALE DE L&#039;AGGLOMERATION ROUENNAISE" />
<meta property="article:modified_time" content="2023-12-14T14:16:06+00:00" />
<meta name="twitter:card" content="summary_large_image" />
<meta name="twitter:label1" content="Durée de lecture estimée" />
	<meta name="twitter:data1" content="1 minute" />
<script type="application/ld+json" class="yoast-schema-graph">{"@context":"https://schema.org","@graph":[{"@type":"WebPage","@id":"https://www.missionslocalesnormandie.fr/mission-locale-agglomeration-rouennaise/les-mesures-daides-a-la-formation-en-emploi/","url":"https://www.missionslocalesnormandie.fr/mission-locale-agglomeration-rouennaise/les-mesures-daides-a-la-formation-en-emploi/","name":"Les mesures d’aides à la formation en emploi - MISSION LOCALE DE L'AGGLOMERATION ROUENNAISE","isPartOf":{"@id":"https://www.missionslocalesnormandie.fr/mission-locale-agglomeration-rouennaise/#website"},"datePublished":"2023-12-14T14:15:29+00:00","dateModified":"2023-12-14T14:16:06+00:00","breadcrumb":{"@id":"https://www.missionslocalesnormandie.fr/mission-locale-agglomeration-rouennaise/les-mesures-daides-a-la-formation-en-emploi/#breadcrumb"},"inLanguage":"fr-FR","potentialAction":[{"@type":"ReadAction","target":["https://www.missionslocalesnormandie.fr/mission-locale-agglomeration-rouennaise/les-mesures-daides-a-la-formation-en-emploi/"]}]},{"@type":"BreadcrumbList","@id":"https://www.missionslocalesnormandie.fr/mission-locale-agglomeration-rouennaise/les-mesures-daides-a-la-formation-en-emploi/#breadcrumb","itemListElement":[{"@type":"ListItem","position":1,"name":"Home","item":"https://www.missionslocalesnormandie.fr/mission-locale-agglomeration-rouennaise/"},{"@type":"ListItem","position":2,"name":"Les mesures d’aides à la formation en emploi"}]},{"@type":"WebSite","@id":"https://www.missionslocalesnormandie.fr/mission-locale-agglomeration-rouennaise/#website","url":"https://www.missionslocalesnormandie.fr/mission-locale-agglomeration-rouennaise/","name":"MISSION LOCALE DE L'AGGLOMERATION ROUENNAISE","description":"","potentialAction":[{"@type":"SearchAction","target":{"@type":"EntryPoint","urlTemplate":"https://www.missionslocalesnormandie.fr/mission-locale-agglomeration-rouennaise/?s={search_term_string}"},"query-input":"required name=search_term_string"}],"inLanguage":"fr-FR"}]}</script>
<!-- / Yoast SEO plugin. -->

Les mesures d’aides à la formation en emploi - MISSION LOCALE DE L'AGGLOMERATION ROUENNAISE

Vous souhaitez être accompagné sur les mesures d’aides à la formation en emploi comme par exemple : L&#8217;AFEST : L&#8217;AFEST (Action de Formation En Situation de Travail) a pour particularité d&#8217;utiliser et de valoriser les situations de travail comme terrain d&#8217;apprentissage. Contrat d&#8217;apprentissage Contrat de professionnalisation Nous vous proposons un accompagnement personnalisé sur ces thématiques, [&hellip;]
