{"id":162,"date":"2023-12-14T15:37:19","date_gmt":"2023-12-14T14:37:19","guid":{"rendered":"https:\/\/www.missionslocalesnormandie.fr\/mission-locale-bocage-bessin\/?page_id=162"},"modified":"2025-09-25T14:24:24","modified_gmt":"2025-09-25T12:24:24","slug":"me-former","status":"publish","type":"page","link":"https:\/\/www.missionslocalesnormandie.fr\/mission-locale-bocage-bessin\/me-former\/","title":{"rendered":"Trouver un emploi : BOOST&#8217;EMPLOI"},"content":{"rendered":"\t\t<div data-elementor-type=\"wp-page\" data-elementor-id=\"162\" class=\"elementor elementor-162\">\n\t\t\t\t<div class=\"elementor-element elementor-element-2189dc7 e-flex e-con-boxed e-con e-parent\" data-id=\"2189dc7\" data-element_type=\"container\">\n\t\t\t\t\t<div class=\"e-con-inner\">\n\t\t\t\t\t<\/div>\n\t\t\t\t<\/div>\n\t\t<div class=\"elementor-element elementor-element-937240c e-flex e-con-boxed e-con e-parent\" data-id=\"937240c\" data-element_type=\"container\">\n\t\t\t\t\t<div class=\"e-con-inner\">\n\t\t<div class=\"elementor-element elementor-element-6aaef63 e-con-full e-flex e-con e-child\" data-id=\"6aaef63\" data-element_type=\"container\">\n\t\t\t\t<div class=\"elementor-element elementor-element-35b7888 elementor-widget elementor-widget-image\" data-id=\"35b7888\" data-element_type=\"widget\" data-widget_type=\"image.default\">\n\t\t\t\t<div class=\"elementor-widget-container\">\n\t\t\t\t\t\t\t\t\t\t\t\t\t<img fetchpriority=\"high\" decoding=\"async\" width=\"724\" height=\"1024\" src=\"https:\/\/www.missionslocalesnormandie.fr\/content\/uploads\/sites\/13\/2025\/09\/Affiche-BOOSTEMPLOI-def-fse-724x1024.png\" class=\"attachment-large size-large wp-image-1437\" alt=\"\" srcset=\"https:\/\/www.missionslocalesnormandie.fr\/content\/uploads\/sites\/13\/2025\/09\/Affiche-BOOSTEMPLOI-def-fse-724x1024.png 724w, https:\/\/www.missionslocalesnormandie.fr\/content\/uploads\/sites\/13\/2025\/09\/Affiche-BOOSTEMPLOI-def-fse-212x300.png 212w, https:\/\/www.missionslocalesnormandie.fr\/content\/uploads\/sites\/13\/2025\/09\/Affiche-BOOSTEMPLOI-def-fse-768x1086.png 768w, https:\/\/www.missionslocalesnormandie.fr\/content\/uploads\/sites\/13\/2025\/09\/Affiche-BOOSTEMPLOI-def-fse.png 884w\" sizes=\"(max-width: 724px) 100vw, 724px\" \/>\t\t\t\t\t\t\t\t\t\t\t\t\t<\/div>\n\t\t\t\t<\/div>\n\t\t\t\t<\/div>\n\t\t<div class=\"elementor-element elementor-element-3f2ab43 e-con-full e-flex e-con e-child\" data-id=\"3f2ab43\" data-element_type=\"container\">\n\t\t\t\t<div class=\"elementor-element elementor-element-1a8a250 elementor-widget elementor-widget-block_simple_texte\" data-id=\"1a8a250\" data-element_type=\"widget\" data-widget_type=\"block_simple_texte.default\">\n\t\t\t\t<div class=\"elementor-widget-container\">\n\t\t\t    <div class=\"container\">\n        <p>\u00a0<\/p><p>\u00a0<\/p><p>Nos charg\u00e9es relations entreprises t\u2019accompagnent lorsque ton <strong>projet professionnel est valid\u00e9 afin de t\u2019aider \u00e0 trouver ton futur emploi.<\/strong><\/p><p>Les services qu\u2019elles proposent sont vari\u00e9s :<\/p><ul><li>Accueil et accompagnement dans un projet citoyen de <strong>Service Civique<\/strong><\/li><li>Accompagnement d\u2019un projet <strong>d\u2019alternance<\/strong><\/li><li>Aide \u00e0 la <strong>r\u00e9daction du CV<\/strong> et de la <strong>lettre de motivation<\/strong><\/li><li>Pr\u00e9paration et <strong>simulation aux entretiens d\u2019embauche<\/strong><\/li><li>Information sur les <strong>entreprises du territoire<\/strong><\/li><li>Mise en relation avec les recruteurs et suivi dans l\u2019emploi : i<strong>nt\u00e9rim, CDD, CDI\u2026<\/strong><\/li><li>D\u00e9veloppement d\u2019un r\u00e9seau professionnel avec les dispositifs de <strong>parrainage<\/strong><\/li><\/ul><p>Lorsque tu es orient\u00e9(e) vers nos charg\u00e9es relations entreprises, elles\u00a0 peuvent te proposer des ateliers, des rencontres avec des partenaires, des entretiens de pr\u00e9-recrutement ou des sessions de recrutement.<\/p>\n    <\/div>\n\t\t<\/div>\n\t\t\t\t<\/div>\n\t\t\t\t<\/div>\n\t\t\t\t\t<\/div>\n\t\t\t\t<\/div>\n\t\t<div class=\"elementor-element elementor-element-edc4a7b e-flex e-con-boxed e-con e-parent\" data-id=\"edc4a7b\" data-element_type=\"container\">\n\t\t\t\t\t<div class=\"e-con-inner\">\n\t\t<div class=\"elementor-element elementor-element-4c114ca e-con-full e-flex e-con e-child\" data-id=\"4c114ca\" data-element_type=\"container\">\n\t\t\t\t<div class=\"elementor-element elementor-element-89256f5 elementor-widget elementor-widget-block_simple_texte\" data-id=\"89256f5\" data-element_type=\"widget\" data-widget_type=\"block_simple_texte.default\">\n\t\t\t\t<div class=\"elementor-widget-container\">\n\t\t\t    <div class=\"container\">\n        <p><span style=\"color: #993366\"><strong>Le Dispositif Parrainage.<\/strong><\/span><\/p><p>Par le biais de nos charg\u00e9es relations entreprises, tu as \u00e9galement la possibilit\u00e9 de participer au dispositif parrainage.<\/p><p>Ce dispositif te permet d'\u00eatre accompagn\u00e9(e) par un professionnel dot\u00e9 de plusieurs ann\u00e9es d\u2019exp\u00e9rience pour t'aider \u00e0 r\u00e9aliser ton projet professionnel.<\/p>\n    <\/div>\n\t\t<\/div>\n\t\t\t\t<\/div>\n\t\t\t\t<\/div>\n\t\t<div class=\"elementor-element elementor-element-fa44728 e-con-full e-flex e-con e-child\" data-id=\"fa44728\" data-element_type=\"container\">\n\t\t\t\t<div class=\"elementor-element elementor-element-660da53 elementor-widget__width-initial elementor-widget elementor-widget-image\" data-id=\"660da53\" data-element_type=\"widget\" data-widget_type=\"image.default\">\n\t\t\t\t<div class=\"elementor-widget-container\">\n\t\t\t\t\t\t\t\t\t\t\t\t\t<img decoding=\"async\" width=\"225\" height=\"225\" src=\"https:\/\/www.missionslocalesnormandie.fr\/content\/uploads\/sites\/13\/2025\/07\/Sans-titre.jpg\" class=\"attachment-large size-large wp-image-1348\" alt=\"\" srcset=\"https:\/\/www.missionslocalesnormandie.fr\/content\/uploads\/sites\/13\/2025\/07\/Sans-titre.jpg 225w, https:\/\/www.missionslocalesnormandie.fr\/content\/uploads\/sites\/13\/2025\/07\/Sans-titre-150x150.jpg 150w\" sizes=\"(max-width: 225px) 100vw, 225px\" \/>\t\t\t\t\t\t\t\t\t\t\t\t\t<\/div>\n\t\t\t\t<\/div>\n\t\t\t\t<\/div>\n\t\t\t\t\t<\/div>\n\t\t\t\t<\/div>\n\t\t\t\t<\/div>\n\t\t","protected":false},"excerpt":{"rendered":"<p>\u00a0 \u00a0 Nos charg\u00e9es relations entreprises t\u2019accompagnent lorsque ton projet professionnel est valid\u00e9 afin de t\u2019aider \u00e0 trouver ton futur emploi. Les services qu\u2019elles proposent sont vari\u00e9s : Accueil et accompagnement dans un projet citoyen de Service Civique Accompagnement d\u2019un projet d\u2019alternance Aide \u00e0 la r\u00e9daction du CV et de la lettre de motivation Pr\u00e9paration [&hellip;]<\/p>\n","protected":false},"author":1,"featured_media":0,"parent":0,"menu_order":0,"comment_status":"closed","ping_status":"closed","template":"","meta":{"_acf_changed":false,"_crosspost_to_1":false,"_crosspost_to_2":false,"_crosspost_to_3":false,"_crosspost_to_4":false,"_crosspost_to_5":false,"_crosspost_to_6":false,"_crosspost_to_7":false,"_crosspost_to_8":false,"_crosspost_to_11":false,"_crosspost_to_12":false,"_crosspost_to_14":false,"_crosspost_to_15":false,"_crosspost_to_16":false,"inline_featured_image":false,"footnotes":""},"acf":[],"yoast_head":"<!-- This site is optimized with the Yoast SEO plugin v21.9.1 - https:\/\/yoast.com\/wordpress\/plugins\/seo\/ -->\n<title>Trouver un emploi : BOOST&#039;EMPLOI - MISSION LOCALE DU BOCAGE AU BESSIN<\/title>\n<meta name=\"robots\" content=\"index, follow, max-snippet:-1, max-image-preview:large, max-video-preview:-1\" \/>\n<link rel=\"canonical\" href=\"https:\/\/www.missionslocalesnormandie.fr\/mission-locale-bocage-bessin\/me-former\/\" \/>\n<meta property=\"og:locale\" content=\"fr_FR\" \/>\n<meta property=\"og:type\" content=\"article\" \/>\n<meta property=\"og:title\" content=\"Trouver un emploi : BOOST&#039;EMPLOI - MISSION LOCALE DU BOCAGE AU BESSIN\" \/>\n<meta property=\"og:description\" content=\"\u00a0 \u00a0 Nos charg\u00e9es relations entreprises t\u2019accompagnent lorsque ton projet professionnel est valid\u00e9 afin de t\u2019aider \u00e0 trouver ton futur emploi. Les services qu\u2019elles proposent sont vari\u00e9s : Accueil et accompagnement dans un projet citoyen de Service Civique Accompagnement d\u2019un projet d\u2019alternance Aide \u00e0 la r\u00e9daction du CV et de la lettre de motivation Pr\u00e9paration [&hellip;]\" \/>\n<meta property=\"og:url\" content=\"https:\/\/www.missionslocalesnormandie.fr\/mission-locale-bocage-bessin\/me-former\/\" \/>\n<meta property=\"og:site_name\" content=\"MISSION LOCALE DU BOCAGE AU BESSIN\" \/>\n<meta property=\"article:modified_time\" content=\"2025-09-25T12:24:24+00:00\" \/>\n<meta property=\"og:image\" content=\"https:\/\/www.missionslocalesnormandie.fr\/content\/uploads\/sites\/13\/2025\/09\/Affiche-BOOSTEMPLOI-def-fse.png\" \/>\n\t<meta property=\"og:image:width\" content=\"884\" \/>\n\t<meta property=\"og:image:height\" content=\"1250\" \/>\n\t<meta property=\"og:image:type\" content=\"image\/png\" \/>\n<meta name=\"twitter:card\" content=\"summary_large_image\" \/>\n<meta name=\"twitter:label1\" content=\"Dur\u00e9e de lecture estim\u00e9e\" \/>\n\t<meta name=\"twitter:data1\" content=\"2 minutes\" \/>\n<script type=\"application\/ld+json\" class=\"yoast-schema-graph\">{\"@context\":\"https:\/\/schema.org\",\"@graph\":[{\"@type\":\"WebPage\",\"@id\":\"https:\/\/www.missionslocalesnormandie.fr\/mission-locale-bocage-bessin\/me-former\/\",\"url\":\"https:\/\/www.missionslocalesnormandie.fr\/mission-locale-bocage-bessin\/me-former\/\",\"name\":\"Trouver un emploi : BOOST'EMPLOI - MISSION LOCALE DU BOCAGE AU BESSIN\",\"isPartOf\":{\"@id\":\"https:\/\/www.missionslocalesnormandie.fr\/mission-locale-bocage-bessin\/#website\"},\"datePublished\":\"2023-12-14T14:37:19+00:00\",\"dateModified\":\"2025-09-25T12:24:24+00:00\",\"breadcrumb\":{\"@id\":\"https:\/\/www.missionslocalesnormandie.fr\/mission-locale-bocage-bessin\/me-former\/#breadcrumb\"},\"inLanguage\":\"fr-FR\",\"potentialAction\":[{\"@type\":\"ReadAction\",\"target\":[\"https:\/\/www.missionslocalesnormandie.fr\/mission-locale-bocage-bessin\/me-former\/\"]}]},{\"@type\":\"BreadcrumbList\",\"@id\":\"https:\/\/www.missionslocalesnormandie.fr\/mission-locale-bocage-bessin\/me-former\/#breadcrumb\",\"itemListElement\":[{\"@type\":\"ListItem\",\"position\":1,\"name\":\"Home\",\"item\":\"https:\/\/www.missionslocalesnormandie.fr\/mission-locale-bocage-bessin\/\"},{\"@type\":\"ListItem\",\"position\":2,\"name\":\"Trouver un emploi : BOOST&rsquo;EMPLOI\"}]},{\"@type\":\"WebSite\",\"@id\":\"https:\/\/www.missionslocalesnormandie.fr\/mission-locale-bocage-bessin\/#website\",\"url\":\"https:\/\/www.missionslocalesnormandie.fr\/mission-locale-bocage-bessin\/\",\"name\":\"MISSION LOCALE DU BOCAGE AU BESSIN\",\"description\":\"\",\"potentialAction\":[{\"@type\":\"SearchAction\",\"target\":{\"@type\":\"EntryPoint\",\"urlTemplate\":\"https:\/\/www.missionslocalesnormandie.fr\/mission-locale-bocage-bessin\/?s={search_term_string}\"},\"query-input\":\"required name=search_term_string\"}],\"inLanguage\":\"fr-FR\"}]}<\/script>\n<!-- \/ Yoast SEO plugin. -->","yoast_head_json":{"title":"Trouver un emploi : BOOST'EMPLOI - MISSION LOCALE DU BOCAGE AU BESSIN","robots":{"index":"index","follow":"follow","max-snippet":"max-snippet:-1","max-image-preview":"max-image-preview:large","max-video-preview":"max-video-preview:-1"},"canonical":"https:\/\/www.missionslocalesnormandie.fr\/mission-locale-bocage-bessin\/me-former\/","og_locale":"fr_FR","og_type":"article","og_title":"Trouver un emploi : BOOST'EMPLOI - MISSION LOCALE DU BOCAGE AU BESSIN","og_description":"\u00a0 \u00a0 Nos charg\u00e9es relations entreprises t\u2019accompagnent lorsque ton projet professionnel est valid\u00e9 afin de t\u2019aider \u00e0 trouver ton futur emploi. Les services qu\u2019elles proposent sont vari\u00e9s : Accueil et accompagnement dans un projet citoyen de Service Civique Accompagnement d\u2019un projet d\u2019alternance Aide \u00e0 la r\u00e9daction du CV et de la lettre de motivation Pr\u00e9paration [&hellip;]","og_url":"https:\/\/www.missionslocalesnormandie.fr\/mission-locale-bocage-bessin\/me-former\/","og_site_name":"MISSION LOCALE DU BOCAGE AU BESSIN","article_modified_time":"2025-09-25T12:24:24+00:00","og_image":[{"width":884,"height":1250,"url":"https:\/\/www.missionslocalesnormandie.fr\/content\/uploads\/sites\/13\/2025\/09\/Affiche-BOOSTEMPLOI-def-fse.png","type":"image\/png"}],"twitter_card":"summary_large_image","twitter_misc":{"Dur\u00e9e de lecture estim\u00e9e":"2 minutes"},"schema":{"@context":"https:\/\/schema.org","@graph":[{"@type":"WebPage","@id":"https:\/\/www.missionslocalesnormandie.fr\/mission-locale-bocage-bessin\/me-former\/","url":"https:\/\/www.missionslocalesnormandie.fr\/mission-locale-bocage-bessin\/me-former\/","name":"Trouver un emploi : BOOST'EMPLOI - MISSION LOCALE DU BOCAGE AU BESSIN","isPartOf":{"@id":"https:\/\/www.missionslocalesnormandie.fr\/mission-locale-bocage-bessin\/#website"},"datePublished":"2023-12-14T14:37:19+00:00","dateModified":"2025-09-25T12:24:24+00:00","breadcrumb":{"@id":"https:\/\/www.missionslocalesnormandie.fr\/mission-locale-bocage-bessin\/me-former\/#breadcrumb"},"inLanguage":"fr-FR","potentialAction":[{"@type":"ReadAction","target":["https:\/\/www.missionslocalesnormandie.fr\/mission-locale-bocage-bessin\/me-former\/"]}]},{"@type":"BreadcrumbList","@id":"https:\/\/www.missionslocalesnormandie.fr\/mission-locale-bocage-bessin\/me-former\/#breadcrumb","itemListElement":[{"@type":"ListItem","position":1,"name":"Home","item":"https:\/\/www.missionslocalesnormandie.fr\/mission-locale-bocage-bessin\/"},{"@type":"ListItem","position":2,"name":"Trouver un emploi : BOOST&rsquo;EMPLOI"}]},{"@type":"WebSite","@id":"https:\/\/www.missionslocalesnormandie.fr\/mission-locale-bocage-bessin\/#website","url":"https:\/\/www.missionslocalesnormandie.fr\/mission-locale-bocage-bessin\/","name":"MISSION LOCALE DU BOCAGE AU BESSIN","description":"","potentialAction":[{"@type":"SearchAction","target":{"@type":"EntryPoint","urlTemplate":"https:\/\/www.missionslocalesnormandie.fr\/mission-locale-bocage-bessin\/?s={search_term_string}"},"query-input":"required name=search_term_string"}],"inLanguage":"fr-FR"}]}},"_links":{"self":[{"href":"https:\/\/www.missionslocalesnormandie.fr\/mission-locale-bocage-bessin\/wp-json\/wp\/v2\/pages\/162"}],"collection":[{"href":"https:\/\/www.missionslocalesnormandie.fr\/mission-locale-bocage-bessin\/wp-json\/wp\/v2\/pages"}],"about":[{"href":"https:\/\/www.missionslocalesnormandie.fr\/mission-locale-bocage-bessin\/wp-json\/wp\/v2\/types\/page"}],"author":[{"embeddable":true,"href":"https:\/\/www.missionslocalesnormandie.fr\/mission-locale-bocage-bessin\/wp-json\/wp\/v2\/users\/1"}],"replies":[{"embeddable":true,"href":"https:\/\/www.missionslocalesnormandie.fr\/mission-locale-bocage-bessin\/wp-json\/wp\/v2\/comments?post=162"}],"version-history":[{"count":35,"href":"https:\/\/www.missionslocalesnormandie.fr\/mission-locale-bocage-bessin\/wp-json\/wp\/v2\/pages\/162\/revisions"}],"predecessor-version":[{"id":1440,"href":"https:\/\/www.missionslocalesnormandie.fr\/mission-locale-bocage-bessin\/wp-json\/wp\/v2\/pages\/162\/revisions\/1440"}],"wp:attachment":[{"href":"https:\/\/www.missionslocalesnormandie.fr\/mission-locale-bocage-bessin\/wp-json\/wp\/v2\/media?parent=162"}],"curies":[{"name":"wp","href":"https:\/\/api.w.org\/{rel}","templated":true}]}}