{"id":25,"date":"2023-12-14T14:52:53","date_gmt":"2023-12-14T13:52:53","guid":{"rendered":"https:\/\/www.missionslocalesnormandie.fr\/mission-locale-bocage-bessin\/?page_id=25"},"modified":"2024-05-14T09:43:52","modified_gmt":"2024-05-14T07:43:52","slug":"nos-services","status":"publish","type":"page","link":"https:\/\/www.missionslocalesnormandie.fr\/mission-locale-bocage-bessin\/nos-services\/","title":{"rendered":"Nos services"},"content":{"rendered":"\t\t<div data-elementor-type=\"wp-page\" data-elementor-id=\"25\" class=\"elementor elementor-25\">\n\t\t\t\t<div class=\"elementor-element elementor-element-7d46173 e-flex e-con-boxed e-con e-parent\" data-id=\"7d46173\" data-element_type=\"container\">\n\t\t\t\t\t<div class=\"e-con-inner\">\n\t\t<div class=\"elementor-element elementor-element-983a68e e-con-full e-flex e-con e-child\" data-id=\"983a68e\" data-element_type=\"container\">\n\t\t\t\t<div class=\"elementor-element elementor-element-9f6004f elementor-widget elementor-widget-block_titre\" data-id=\"9f6004f\" data-element_type=\"widget\" data-widget_type=\"block_titre.default\">\n\t\t\t\t<div class=\"elementor-widget-container\">\n\t\t\t    <div class=\"container\">\n        <h2>\n            Nos services aux jeunes\n        <\/h2>\n    <\/div>\n\t\t<\/div>\n\t\t\t\t<\/div>\n\t\t\t\t<div class=\"elementor-element elementor-element-35ce4f1 elementor-widget elementor-widget-block_simple_texte\" data-id=\"35ce4f1\" data-element_type=\"widget\" data-widget_type=\"block_simple_texte.default\">\n\t\t\t\t<div class=\"elementor-widget-container\">\n\t\t\t    <div class=\"container\">\n        <p><span style=\"font-weight: 400\">Le r\u00f4le principal de la Mission Locale est d\u2019accompagner les jeunes de 16 \u00e0 25 ans vers l'autonomie et l'emploi. Pour cela elle peut d\u2019accompagner dans plusieurs domaines :<\/span><\/p><ul><li style=\"font-weight: 400\">ORIENTATION<\/li><li>EMPLOI<\/li><li>FORMATION<\/li><li>CITOYENNET\u00c9<\/li><li>SANT\u00c9<\/li><li>LOGEMENT<\/li><li>MOBILIT\u00c9<\/li><\/ul><p><span style=\"font-weight: 400\">Concr\u00e8tement, cet accompagnement se mat\u00e9rialise par un suivi lors d\u2019entretiens r\u00e9guliers, des mises en situations professionnelles (stage, PMSMP) et des ateliers. Des accompagnements contractualis\u00e9s peuvent \u00eatre mis en place comme le <span style=\"color: #0000ff\"><strong>PACEA<\/strong> <\/span>ou le <span style=\"color: #ff9900\"><strong>CEJ<\/strong><\/span> et peuvent te permettre, selon ta situation, de b\u00e9n\u00e9ficier d'un coup de pouce financier. <br \/><\/span><\/p><p><strong><span style=\"color: #0000ff\">PACEA<\/span> <\/strong>: Parcours d'Accompagnement Contractualis\u00e9 vers l'Emploi et l'Autonomie.<\/p><p><strong><span style=\"color: #ff9900\">CEJ :<\/span><\/strong> Contrat d'Engagement Jeune<\/p>\n    <\/div>\n\t\t<\/div>\n\t\t\t\t<\/div>\n\t\t\t\t<div class=\"elementor-element elementor-element-561eabf elementor-widget elementor-widget-block_titre\" data-id=\"561eabf\" data-element_type=\"widget\" data-widget_type=\"block_titre.default\">\n\t\t\t\t<div class=\"elementor-widget-container\">\n\t\t\t    <div class=\"container\">\n        <h2>\n            Nos services aux entreprises\n        <\/h2>\n    <\/div>\n\t\t<\/div>\n\t\t\t\t<\/div>\n\t\t\t\t<\/div>\n\t\t\t\t<div class=\"elementor-element elementor-element-752aced elementor-widget__width-initial elementor-widget elementor-widget-block_simple_visuel\" data-id=\"752aced\" data-element_type=\"widget\" data-widget_type=\"block_simple_visuel.default\">\n\t\t\t\t<div class=\"elementor-widget-container\">\n\t\t\t    <div class=\"container\">\n        <figure>\n                        \n                                                            <a href=\"https:\/\/www.missionslocalesnormandie.fr\/content\/uploads\/sites\/13\/2024\/05\/Nos-missions-675x425-c-default.jpg\">\n                    <img decoding=\"async\" src=\"https:\/\/www.missionslocalesnormandie.fr\/content\/uploads\/sites\/13\/2024\/05\/Nos-missions-675x425-c-default-950x595-c-default.jpg\"\n                         alt=\"MISSION LOCALE DU BOCAGE AU BESSIN\"\/>\n                <\/a>\n            \n                    <\/figure>\n    <\/div>\n\t\t<\/div>\n\t\t\t\t<\/div>\n\t\t\t\t\t<\/div>\n\t\t\t\t<\/div>\n\t\t<div class=\"elementor-element elementor-element-2900226 e-flex e-con-boxed e-con e-parent\" data-id=\"2900226\" data-element_type=\"container\">\n\t\t\t\t\t<div class=\"e-con-inner\">\n\t\t<div class=\"elementor-element elementor-element-48bad90 e-con-full e-flex e-con e-child\" data-id=\"48bad90\" data-element_type=\"container\">\n\t\t\t\t<div class=\"elementor-element elementor-element-bdf46a2 elementor-widget__width-initial elementor-widget elementor-widget-block_simple_visuel\" data-id=\"bdf46a2\" data-element_type=\"widget\" data-widget_type=\"block_simple_visuel.default\">\n\t\t\t\t<div class=\"elementor-widget-container\">\n\t\t\t    <div class=\"container\">\n        <figure>\n                        \n                                                            <a href=\"https:\/\/www.missionslocalesnormandie.fr\/content\/uploads\/sites\/13\/2024\/05\/employeurs.jpg\">\n                    <img decoding=\"async\" src=\"https:\/\/www.missionslocalesnormandie.fr\/content\/uploads\/sites\/13\/2024\/05\/employeurs-950x595-c-default.jpg\"\n                         alt=\"MISSION LOCALE DU BOCAGE AU BESSIN\"\/>\n                <\/a>\n            \n                    <\/figure>\n    <\/div>\n\t\t<\/div>\n\t\t\t\t<\/div>\n\t\t\t\t<\/div>\n\t\t<div class=\"elementor-element elementor-element-8d558c9 e-con-full e-flex e-con e-child\" data-id=\"8d558c9\" data-element_type=\"container\">\n\t\t\t\t<div class=\"elementor-element elementor-element-38ee6bf elementor-widget elementor-widget-block_simple_texte\" data-id=\"38ee6bf\" data-element_type=\"widget\" data-widget_type=\"block_simple_texte.default\">\n\t\t\t\t<div class=\"elementor-widget-container\">\n\t\t\t    <div class=\"container\">\n        <p>\u00a0<\/p><p><span style=\"font-weight: 400\">La Mission Locale de Bocage au Bessin a \u00e9galement pour but d\u2019aider les entreprises dans leur recrutement et plus largement dans la d\u00e9couverte de leur fili\u00e8re. N'h\u00e9sitez pas \u00e0 consulter la section d\u00e9di\u00e9e de notre site ! <a href=\"https:\/\/www.missionslocalesnormandie.fr\/mission-locale-bocage-bessin\/les-mesures-daides-a-lembauche\/\"><strong>Employeur<\/strong><\/a><br \/><\/span><\/p>\n    <\/div>\n\t\t<\/div>\n\t\t\t\t<\/div>\n\t\t\t\t<\/div>\n\t\t\t\t\t<\/div>\n\t\t\t\t<\/div>\n\t\t<div class=\"elementor-element elementor-element-73d9a1f e-flex e-con-boxed e-con e-parent\" data-id=\"73d9a1f\" data-element_type=\"container\">\n\t\t\t\t\t<div class=\"e-con-inner\">\n\t\t\t\t<div class=\"elementor-element elementor-element-eb1c587 elementor-widget elementor-widget-block_separateur\" data-id=\"eb1c587\" data-element_type=\"widget\" data-widget_type=\"block_separateur.default\">\n\t\t\t\t<div class=\"elementor-widget-container\">\n\t\t\t<div class=\"container\">\n    <hr\/>\n<\/div>\t\t<\/div>\n\t\t\t\t<\/div>\n\t\t\t\t\t<\/div>\n\t\t\t\t<\/div>\n\t\t\t\t<\/div>\n\t\t","protected":false},"excerpt":{"rendered":"<p>Nos services aux jeunes Le r\u00f4le principal de la Mission Locale est d\u2019accompagner les jeunes de 16 \u00e0 25 ans vers l&#8217;autonomie et l&#8217;emploi. Pour cela elle peut d\u2019accompagner dans plusieurs domaines : ORIENTATION EMPLOI FORMATION CITOYENNET\u00c9 SANT\u00c9 LOGEMENT MOBILIT\u00c9 Concr\u00e8tement, cet accompagnement se mat\u00e9rialise par un suivi lors d\u2019entretiens r\u00e9guliers, des mises en situations [&hellip;]<\/p>\n","protected":false},"author":1,"featured_media":0,"parent":0,"menu_order":0,"comment_status":"closed","ping_status":"closed","template":"","meta":{"_acf_changed":false,"_crosspost_to_1":false,"_crosspost_to_2":false,"_crosspost_to_3":false,"_crosspost_to_4":false,"_crosspost_to_5":false,"_crosspost_to_6":false,"_crosspost_to_7":false,"_crosspost_to_8":false,"_crosspost_to_11":false,"_crosspost_to_12":false,"_crosspost_to_14":false,"_crosspost_to_15":false,"_crosspost_to_16":false,"inline_featured_image":false,"footnotes":""},"acf":[],"yoast_head":"<!-- This site is optimized with the Yoast SEO plugin v21.9.1 - https:\/\/yoast.com\/wordpress\/plugins\/seo\/ -->\n<title>Nos services - MISSION LOCALE DU BOCAGE AU BESSIN<\/title>\n<meta name=\"robots\" content=\"index, follow, max-snippet:-1, max-image-preview:large, max-video-preview:-1\" \/>\n<link rel=\"canonical\" href=\"https:\/\/www.missionslocalesnormandie.fr\/mission-locale-bocage-bessin\/nos-services\/\" \/>\n<meta property=\"og:locale\" content=\"fr_FR\" \/>\n<meta property=\"og:type\" content=\"article\" \/>\n<meta property=\"og:title\" content=\"Nos services - MISSION LOCALE DU BOCAGE AU BESSIN\" \/>\n<meta property=\"og:description\" content=\"Nos services aux jeunes Le r\u00f4le principal de la Mission Locale est d\u2019accompagner les jeunes de 16 \u00e0 25 ans vers l&#8217;autonomie et l&#8217;emploi. Pour cela elle peut d\u2019accompagner dans plusieurs domaines : ORIENTATION EMPLOI FORMATION CITOYENNET\u00c9 SANT\u00c9 LOGEMENT MOBILIT\u00c9 Concr\u00e8tement, cet accompagnement se mat\u00e9rialise par un suivi lors d\u2019entretiens r\u00e9guliers, des mises en situations [&hellip;]\" \/>\n<meta property=\"og:url\" content=\"https:\/\/www.missionslocalesnormandie.fr\/mission-locale-bocage-bessin\/nos-services\/\" \/>\n<meta property=\"og:site_name\" content=\"MISSION LOCALE DU BOCAGE AU BESSIN\" \/>\n<meta property=\"article:modified_time\" content=\"2024-05-14T07:43:52+00:00\" \/>\n<meta property=\"og:image\" content=\"https:\/\/www.missionslocalesnormandie.fr\/content\/uploads\/sites\/13\/2024\/05\/Nos-missions-675x425-c-default-950x595-c-default.jpg\" \/>\n<meta name=\"twitter:card\" content=\"summary_large_image\" \/>\n<meta name=\"twitter:label1\" content=\"Dur\u00e9e de lecture estim\u00e9e\" \/>\n\t<meta name=\"twitter:data1\" content=\"2 minutes\" \/>\n<script type=\"application\/ld+json\" class=\"yoast-schema-graph\">{\"@context\":\"https:\/\/schema.org\",\"@graph\":[{\"@type\":\"WebPage\",\"@id\":\"https:\/\/www.missionslocalesnormandie.fr\/mission-locale-bocage-bessin\/nos-services\/\",\"url\":\"https:\/\/www.missionslocalesnormandie.fr\/mission-locale-bocage-bessin\/nos-services\/\",\"name\":\"Nos services - MISSION LOCALE DU BOCAGE AU BESSIN\",\"isPartOf\":{\"@id\":\"https:\/\/www.missionslocalesnormandie.fr\/mission-locale-bocage-bessin\/#website\"},\"datePublished\":\"2023-12-14T13:52:53+00:00\",\"dateModified\":\"2024-05-14T07:43:52+00:00\",\"breadcrumb\":{\"@id\":\"https:\/\/www.missionslocalesnormandie.fr\/mission-locale-bocage-bessin\/nos-services\/#breadcrumb\"},\"inLanguage\":\"fr-FR\",\"potentialAction\":[{\"@type\":\"ReadAction\",\"target\":[\"https:\/\/www.missionslocalesnormandie.fr\/mission-locale-bocage-bessin\/nos-services\/\"]}]},{\"@type\":\"BreadcrumbList\",\"@id\":\"https:\/\/www.missionslocalesnormandie.fr\/mission-locale-bocage-bessin\/nos-services\/#breadcrumb\",\"itemListElement\":[{\"@type\":\"ListItem\",\"position\":1,\"name\":\"Home\",\"item\":\"https:\/\/www.missionslocalesnormandie.fr\/mission-locale-bocage-bessin\/\"},{\"@type\":\"ListItem\",\"position\":2,\"name\":\"Nos services\"}]},{\"@type\":\"WebSite\",\"@id\":\"https:\/\/www.missionslocalesnormandie.fr\/mission-locale-bocage-bessin\/#website\",\"url\":\"https:\/\/www.missionslocalesnormandie.fr\/mission-locale-bocage-bessin\/\",\"name\":\"MISSION LOCALE DU BOCAGE AU BESSIN\",\"description\":\"\",\"potentialAction\":[{\"@type\":\"SearchAction\",\"target\":{\"@type\":\"EntryPoint\",\"urlTemplate\":\"https:\/\/www.missionslocalesnormandie.fr\/mission-locale-bocage-bessin\/?s={search_term_string}\"},\"query-input\":\"required name=search_term_string\"}],\"inLanguage\":\"fr-FR\"}]}<\/script>\n<!-- \/ Yoast SEO plugin. -->","yoast_head_json":{"title":"Nos services - MISSION LOCALE DU BOCAGE AU BESSIN","robots":{"index":"index","follow":"follow","max-snippet":"max-snippet:-1","max-image-preview":"max-image-preview:large","max-video-preview":"max-video-preview:-1"},"canonical":"https:\/\/www.missionslocalesnormandie.fr\/mission-locale-bocage-bessin\/nos-services\/","og_locale":"fr_FR","og_type":"article","og_title":"Nos services - MISSION LOCALE DU BOCAGE AU BESSIN","og_description":"Nos services aux jeunes Le r\u00f4le principal de la Mission Locale est d\u2019accompagner les jeunes de 16 \u00e0 25 ans vers l&#8217;autonomie et l&#8217;emploi. Pour cela elle peut d\u2019accompagner dans plusieurs domaines : ORIENTATION EMPLOI FORMATION CITOYENNET\u00c9 SANT\u00c9 LOGEMENT MOBILIT\u00c9 Concr\u00e8tement, cet accompagnement se mat\u00e9rialise par un suivi lors d\u2019entretiens r\u00e9guliers, des mises en situations [&hellip;]","og_url":"https:\/\/www.missionslocalesnormandie.fr\/mission-locale-bocage-bessin\/nos-services\/","og_site_name":"MISSION LOCALE DU BOCAGE AU BESSIN","article_modified_time":"2024-05-14T07:43:52+00:00","og_image":[{"url":"https:\/\/www.missionslocalesnormandie.fr\/content\/uploads\/sites\/13\/2024\/05\/Nos-missions-675x425-c-default-950x595-c-default.jpg"}],"twitter_card":"summary_large_image","twitter_misc":{"Dur\u00e9e de lecture estim\u00e9e":"2 minutes"},"schema":{"@context":"https:\/\/schema.org","@graph":[{"@type":"WebPage","@id":"https:\/\/www.missionslocalesnormandie.fr\/mission-locale-bocage-bessin\/nos-services\/","url":"https:\/\/www.missionslocalesnormandie.fr\/mission-locale-bocage-bessin\/nos-services\/","name":"Nos services - MISSION LOCALE DU BOCAGE AU BESSIN","isPartOf":{"@id":"https:\/\/www.missionslocalesnormandie.fr\/mission-locale-bocage-bessin\/#website"},"datePublished":"2023-12-14T13:52:53+00:00","dateModified":"2024-05-14T07:43:52+00:00","breadcrumb":{"@id":"https:\/\/www.missionslocalesnormandie.fr\/mission-locale-bocage-bessin\/nos-services\/#breadcrumb"},"inLanguage":"fr-FR","potentialAction":[{"@type":"ReadAction","target":["https:\/\/www.missionslocalesnormandie.fr\/mission-locale-bocage-bessin\/nos-services\/"]}]},{"@type":"BreadcrumbList","@id":"https:\/\/www.missionslocalesnormandie.fr\/mission-locale-bocage-bessin\/nos-services\/#breadcrumb","itemListElement":[{"@type":"ListItem","position":1,"name":"Home","item":"https:\/\/www.missionslocalesnormandie.fr\/mission-locale-bocage-bessin\/"},{"@type":"ListItem","position":2,"name":"Nos services"}]},{"@type":"WebSite","@id":"https:\/\/www.missionslocalesnormandie.fr\/mission-locale-bocage-bessin\/#website","url":"https:\/\/www.missionslocalesnormandie.fr\/mission-locale-bocage-bessin\/","name":"MISSION LOCALE DU BOCAGE AU BESSIN","description":"","potentialAction":[{"@type":"SearchAction","target":{"@type":"EntryPoint","urlTemplate":"https:\/\/www.missionslocalesnormandie.fr\/mission-locale-bocage-bessin\/?s={search_term_string}"},"query-input":"required name=search_term_string"}],"inLanguage":"fr-FR"}]}},"_links":{"self":[{"href":"https:\/\/www.missionslocalesnormandie.fr\/mission-locale-bocage-bessin\/wp-json\/wp\/v2\/pages\/25"}],"collection":[{"href":"https:\/\/www.missionslocalesnormandie.fr\/mission-locale-bocage-bessin\/wp-json\/wp\/v2\/pages"}],"about":[{"href":"https:\/\/www.missionslocalesnormandie.fr\/mission-locale-bocage-bessin\/wp-json\/wp\/v2\/types\/page"}],"author":[{"embeddable":true,"href":"https:\/\/www.missionslocalesnormandie.fr\/mission-locale-bocage-bessin\/wp-json\/wp\/v2\/users\/1"}],"replies":[{"embeddable":true,"href":"https:\/\/www.missionslocalesnormandie.fr\/mission-locale-bocage-bessin\/wp-json\/wp\/v2\/comments?post=25"}],"version-history":[{"count":48,"href":"https:\/\/www.missionslocalesnormandie.fr\/mission-locale-bocage-bessin\/wp-json\/wp\/v2\/pages\/25\/revisions"}],"predecessor-version":[{"id":1050,"href":"https:\/\/www.missionslocalesnormandie.fr\/mission-locale-bocage-bessin\/wp-json\/wp\/v2\/pages\/25\/revisions\/1050"}],"wp:attachment":[{"href":"https:\/\/www.missionslocalesnormandie.fr\/mission-locale-bocage-bessin\/wp-json\/wp\/v2\/media?parent=25"}],"curies":[{"name":"wp","href":"https:\/\/api.w.org\/{rel}","templated":true}]}}