{"id":151,"date":"2023-12-14T15:36:07","date_gmt":"2023-12-14T14:36:07","guid":{"rendered":"https:\/\/www.missionslocalesnormandie.fr\/mission-locale-pays-alencon\/?page_id=151"},"modified":"2025-09-17T17:40:27","modified_gmt":"2025-09-17T15:40:27","slug":"minformer","status":"publish","type":"page","link":"https:\/\/www.missionslocalesnormandie.fr\/mission-locale-pays-alencon\/minformer\/","title":{"rendered":"M\u2019informer \/ m&#8217;orienter"},"content":{"rendered":"\t\t<div data-elementor-type=\"wp-page\" data-elementor-id=\"151\" class=\"elementor elementor-151\">\n\t\t\t\t<div class=\"elementor-element elementor-element-1402475 e-flex e-con-boxed e-con e-parent\" data-id=\"1402475\" data-element_type=\"container\">\n\t\t\t\t\t<div class=\"e-con-inner\">\n\t\t\t\t<div class=\"elementor-element elementor-element-75e83e4 elementor-widget elementor-widget-block_titre\" data-id=\"75e83e4\" data-element_type=\"widget\" data-widget_type=\"block_titre.default\">\n\t\t\t\t<div class=\"elementor-widget-container\">\n\t\t\t    <div class=\"container\">\n        <h2>\n            Des espaces am\u00e9nag\u00e9s\n        <\/h2>\n    <\/div>\n\t\t<\/div>\n\t\t\t\t<\/div>\n\t\t\t\t\t<\/div>\n\t\t\t\t<\/div>\n\t\t<div class=\"elementor-element elementor-element-852e6bf e-flex e-con-boxed e-con e-parent\" data-id=\"852e6bf\" data-element_type=\"container\" data-settings=\"{&quot;background_background&quot;:&quot;classic&quot;}\">\n\t\t\t\t\t<div class=\"e-con-inner\">\n\t\t\t\t<div class=\"elementor-element elementor-element-393ee6c elementor-widget elementor-widget-block_titre_texte_visuel\" data-id=\"393ee6c\" data-element_type=\"widget\" data-widget_type=\"block_titre_texte_visuel.default\">\n\t\t\t\t<div class=\"elementor-widget-container\">\n\t\t\t    <div class=\"container\">\n        <div class=\"row my-4\">\n            <div class=\"col-lg-6 mb-4 mb-lg-0\">\n                    <div class=\"\">\n        <h3>\n            L'accueil et l'Espace ressources\n        <\/h3>\n    <\/div>\n\n                \n                    <div class=\"\">\n        <p style=\"text-align: left\">Afin de r\u00e9pondre \u00e0 vos diff\u00e9rentes attentes, nous mettons \u00e0 votre disposition (en acc\u00e8s libre ou avec un accompagnement individualis\u00e9) :<\/p><ul><li style=\"text-align: left\">une documentation (num\u00e9rique et papier) dans les domaines de la formation, de l'emploi, de la sant\u00e9, du logement, des loisirs\/sports\/culture et citoyennet\u00e9<\/li><li style=\"text-align: left\">un affichage hebdomadaire des offres d'emploi<\/li><li style=\"text-align: left\">un parc informatique (avec appui si besoin d'un conseiller num\u00e9rique)\u00a0<\/li><li style=\"text-align: left\">un point t\u00e9l\u00e9phonique pour les d\u00e9marches<\/li><\/ul>\n    <\/div>\n            <\/div>\n            <div class=\"col-lg-6 \">\n                                    <figure>\n                                                                                                    \n                                                                                                            <a href=\"https:\/\/www.missionslocalesnormandie.fr\/content\/uploads\/sites\/4\/2025\/09\/espace-ressources-ordinateurs.webp\">\n                                <img decoding=\"async\" src=\"https:\/\/www.missionslocalesnormandie.fr\/content\/uploads\/sites\/4\/2025\/09\/espace-ressources-ordinateurs-675x425-c-default.webp\"\n                                     alt=\"Espaces Ressources ordinateur mission locale alen\u00e7on\"\/>\n                            <\/a>\n                        \n                                                    <figcaption>Espace Ressources avec ordinateurs \u00e0 disposition<\/figcaption>\n                                            <\/figure>\n                \n\n            <\/div>\n        <\/div>\n    <\/div>\n\t\t<\/div>\n\t\t\t\t<\/div>\n\t\t\t\t\t<\/div>\n\t\t\t\t<\/div>\n\t\t<div class=\"elementor-element elementor-element-81b00e2 e-flex e-con-boxed e-con e-parent\" data-id=\"81b00e2\" data-element_type=\"container\">\n\t\t\t\t\t<div class=\"e-con-inner\">\n\t\t\t\t<div class=\"elementor-element elementor-element-c2c1fa5 elementor-widget elementor-widget-block_separateur\" data-id=\"c2c1fa5\" data-element_type=\"widget\" data-widget_type=\"block_separateur.default\">\n\t\t\t\t<div class=\"elementor-widget-container\">\n\t\t\t<div class=\"container\">\n    <hr\/>\n<\/div>\t\t<\/div>\n\t\t\t\t<\/div>\n\t\t\t\t\t<\/div>\n\t\t\t\t<\/div>\n\t\t<div class=\"elementor-element elementor-element-dadfcc1 e-flex e-con-boxed e-con e-parent\" data-id=\"dadfcc1\" data-element_type=\"container\">\n\t\t\t\t\t<div class=\"e-con-inner\">\n\t\t\t\t<div class=\"elementor-element elementor-element-ad170fe elementor-widget elementor-widget-block_titre\" data-id=\"ad170fe\" data-element_type=\"widget\" data-widget_type=\"block_titre.default\">\n\t\t\t\t<div class=\"elementor-widget-container\">\n\t\t\t    <div class=\"container\">\n        <h2>\n            Des ressources internes\n        <\/h2>\n    <\/div>\n\t\t<\/div>\n\t\t\t\t<\/div>\n\t\t\t\t\t<\/div>\n\t\t\t\t<\/div>\n\t\t<div class=\"elementor-element elementor-element-fe2db74 e-flex e-con-boxed e-con e-parent\" data-id=\"fe2db74\" data-element_type=\"container\">\n\t\t\t\t\t<div class=\"e-con-inner\">\n\t\t<div class=\"elementor-element elementor-element-26ed8b4 e-con-full e-flex e-con e-child\" data-id=\"26ed8b4\" data-element_type=\"container\">\n\t\t\t\t<div class=\"elementor-element elementor-element-48bdb93 elementor-widget__width-initial elementor-widget elementor-widget-block_simple_visuel\" data-id=\"48bdb93\" data-element_type=\"widget\" data-widget_type=\"block_simple_visuel.default\">\n\t\t\t\t<div class=\"elementor-widget-container\">\n\t\t\t    <div class=\"container\">\n        <figure>\n                        \n                                                            <a href=\"https:\/\/www.missionslocalesnormandie.fr\/content\/uploads\/sites\/4\/2024\/03\/parcoureo.png\">\n                    <img decoding=\"async\" src=\"https:\/\/www.missionslocalesnormandie.fr\/content\/uploads\/sites\/4\/2024\/03\/parcoureo-950x595-c-default.png\"\n                         alt=\"MISSION LOCALE DU PAYS D'ALENCON\"\/>\n                <\/a>\n            \n                    <\/figure>\n    <\/div>\n\t\t<\/div>\n\t\t\t\t<\/div>\n\t\t\t\t<\/div>\n\t\t<div class=\"elementor-element elementor-element-3588dbd e-con-full e-flex e-con e-child\" data-id=\"3588dbd\" data-element_type=\"container\">\n\t\t\t\t<div class=\"elementor-element elementor-element-73a3b1a elementor-widget elementor-widget-block_simple_texte\" data-id=\"73a3b1a\" data-element_type=\"widget\" data-widget_type=\"block_simple_texte.default\">\n\t\t\t\t<div class=\"elementor-widget-container\">\n\t\t\t    <div class=\"container\">\n        <h3 style=\"text-align: left\">Des sites, logiciels et ressources num\u00e9riques<\/h3><p style=\"text-align: justify\"><a href=\"https:\/\/www.parcoureo.fr\/auth\/login\"><strong>Parcoureo.fr<\/strong><\/a> met \u00e0 disposition toute une gamme d\u2019outils qui permettent de travailler sur l'orientation. Cet outil est \u00e0 destination des jeunes d\u00e9sireux de s\u2019ins\u00e9rer dans la vie active ainsi que des adultes en qu\u00eate d\u2019un m\u00e9tier ou en reconversion professionnelle.<\/p><p style=\"text-align: justify\"><a href=\"https:\/\/www.ijbox.fr\/\"><strong>IJ Box<\/strong><\/a> Des ressources sur toutes les th\u00e9matiques jeunesse sont propos\u00e9es dans IJ box;\u00a0 qu\u2019il s\u2019agisse d\u2019une question d\u2019orientation, d\u2019insertion professionnelle (stage, apprentissage, emploi), de mobilit\u00e9, d\u2019acc\u00e8s aux droits (sant\u00e9, logement\u2026), d\u2019engagement ou d\u2019entrepreneuriat.<\/p>\n    <\/div>\n\t\t<\/div>\n\t\t\t\t<\/div>\n\t\t\t\t<\/div>\n\t\t\t\t\t<\/div>\n\t\t\t\t<\/div>\n\t\t<div class=\"elementor-element elementor-element-11214e4 e-flex e-con-boxed e-con e-parent\" data-id=\"11214e4\" data-element_type=\"container\">\n\t\t\t\t\t<div class=\"e-con-inner\">\n\t\t<div class=\"elementor-element elementor-element-db5b3b5 e-con-full e-flex e-con e-child\" data-id=\"db5b3b5\" data-element_type=\"container\">\n\t\t\t\t<div class=\"elementor-element elementor-element-8d14188 elementor-widget elementor-widget-block_simple_texte\" data-id=\"8d14188\" data-element_type=\"widget\" data-widget_type=\"block_simple_texte.default\">\n\t\t\t\t<div class=\"elementor-widget-container\">\n\t\t\t    <div class=\"container\">\n        <h3 style=\"text-align: justify\">Les casques de r\u00e9alit\u00e9 virtuelle<\/h3><p style=\"text-align: justify\">Des animations sont propos\u00e9es en atelier collectif ou en individuel pour vous accompagner dans la d\u00e9couverte des m\u00e9tiers ou des secteurs d'activit\u00e9.\u00a0<\/p><p style=\"text-align: justify\">Les casques m\u00e9tiers 360 c'est la possibilit\u00e9 de visionner plus de 100 vid\u00e9os en 3D et de d\u00e9couvrir plus de 200 m\u00e9tiers.\u00a0<\/p><p style=\"text-align: justify\">Pour vivre cette exp\u00e9rience immersive et ludique, cliquez sur le lien ci-contre : <a href=\"mailto:a.girault@missionlocale-alencon.fr\">Je tente l'exp\u00e9rience<\/a><\/p>\n    <\/div>\n\t\t<\/div>\n\t\t\t\t<\/div>\n\t\t\t\t<\/div>\n\t\t<div class=\"elementor-element elementor-element-2b3f9fc e-con-full e-flex e-con e-child\" data-id=\"2b3f9fc\" data-element_type=\"container\">\n\t\t\t\t<div class=\"elementor-element elementor-element-3d16064 elementor-widget elementor-widget-block_simple_visuel\" data-id=\"3d16064\" data-element_type=\"widget\" data-widget_type=\"block_simple_visuel.default\">\n\t\t\t\t<div class=\"elementor-widget-container\">\n\t\t\t    <div class=\"container\">\n        <figure>\n                        \n                                                            <a href=\"https:\/\/www.missionslocalesnormandie.fr\/content\/uploads\/sites\/4\/2024\/07\/metiers-360-e1722434058649.png\">\n                    <img decoding=\"async\" src=\"https:\/\/www.missionslocalesnormandie.fr\/content\/uploads\/sites\/4\/2024\/07\/metiers-360-e1722434058649-950x595-c-default.png\"\n                         alt=\"MISSION LOCALE DU PAYS D'ALENCON\"\/>\n                <\/a>\n            \n                    <\/figure>\n    <\/div>\n\t\t<\/div>\n\t\t\t\t<\/div>\n\t\t\t\t<\/div>\n\t\t\t\t\t<\/div>\n\t\t\t\t<\/div>\n\t\t<div class=\"elementor-element elementor-element-1a92235 e-flex e-con-boxed e-con e-parent\" data-id=\"1a92235\" data-element_type=\"container\">\n\t\t\t\t\t<div class=\"e-con-inner\">\n\t\t\t\t<div class=\"elementor-element elementor-element-06ffdc6 elementor-widget elementor-widget-block_separateur\" data-id=\"06ffdc6\" data-element_type=\"widget\" data-widget_type=\"block_separateur.default\">\n\t\t\t\t<div class=\"elementor-widget-container\">\n\t\t\t<div class=\"container\">\n    <hr\/>\n<\/div>\t\t<\/div>\n\t\t\t\t<\/div>\n\t\t\t\t\t<\/div>\n\t\t\t\t<\/div>\n\t\t<div class=\"elementor-element elementor-element-b17afe4 e-flex e-con-boxed e-con e-parent\" data-id=\"b17afe4\" data-element_type=\"container\">\n\t\t\t\t\t<div class=\"e-con-inner\">\n\t\t\t\t<div class=\"elementor-element elementor-element-9a9e5c9 elementor-widget elementor-widget-block_titre\" data-id=\"9a9e5c9\" data-element_type=\"widget\" data-widget_type=\"block_titre.default\">\n\t\t\t\t<div class=\"elementor-widget-container\">\n\t\t\t    <div class=\"container\">\n        <h2>\n            Des ressources externes\n        <\/h2>\n    <\/div>\n\t\t<\/div>\n\t\t\t\t<\/div>\n\t\t\t\t\t<\/div>\n\t\t\t\t<\/div>\n\t\t<div class=\"elementor-element elementor-element-4344412 animated-slow e-flex e-con-boxed elementor-invisible e-con e-parent\" data-id=\"4344412\" data-element_type=\"container\" data-settings=\"{&quot;animation&quot;:&quot;slideInUp&quot;}\">\n\t\t\t\t\t<div class=\"e-con-inner\">\n\t\t\t\t<div class=\"elementor-element elementor-element-4cd92b7 elementor-widget elementor-widget-block_accordeons\" data-id=\"4cd92b7\" data-element_type=\"widget\" data-widget_type=\"block_accordeons.default\">\n\t\t\t\t<div class=\"elementor-widget-container\">\n\t\t\t                        <section class=\"accordeons-wrapper\">\n        <div class=\"container\">\n            <div class=\"accordeons\">\n                <div class=\"row\">\n                                            <div class=\"col-lg-4\">\n                            <div class=\"generic-title-2 -without-black-dash-round -white\">\n                                Des dispositifs sp\u00e9cifiques\n                            <\/div>\n\n                            <div class=\"text-white\">\n                                <p>Ils sont accessibles sur positionnement du conseiller r\u00e9f\u00e9rent de la Mission Locale.\u00a0 \u00a0 \u00a0 \u00a0 \u00a0 \u00a0 \u00a0 \u00a0 \u00a0 \u00a0 \u00a0 \u00a0 \u00a0 \u00a0 \u00a0 \u00a0 \u00a0 \u00a0 \u00a0 \u00a0 \u00a0 \u00a0 \u00a0 \u00a0 \u00a0 \u00a0 \u00a0 \u00a0 \u00a0 \u00a0 \u00a0 \u00a0 \u00a0 \u00a0 \u00a0 \u00a0 \u00a0 \u00a0 \u00a0 \u00a0 \u00a0 \u00a0 \u00a0 \u00a0 \u00a0 \u00a0 \u00a0 \u00a0 \u00a0 \u00a0 \u00a0 \u00a0 \u00a0 \u00a0 \u00a0 \u00a0 \u00a0 \u00a0 \u00a0 \u00a0 \u00a0 \u00a0 \u00a0 \u00a0 \u00a0 \u00a0 \u00a0 \u00a0 \u00a0 \u00a0 \u00a0 \u00a0 \u00a0 \u00a0 \u00a0 \u00a0 \u00a0 \u00a0 \u00a0 \u00a0 \u00a0 \u00a0 \u00a0 \u00a0 \u00a0 \u00a0 \u00a0 \u00a0 \u00a0\u00a0<\/p>\n                            <\/div>\n                        <\/div>\n                                        <div class=\"col-lg-8\">\n                        <div class=\"informations-accordeons-wrapper\">\n                                                                                            <a href=\"#annuaireContact6431\" class=\"generic-link-arrow\"\n                                   data-bs-toggle=\"collapse\"\n                                   aria-expanded=\"false\" aria-controls=\"annuaireContact1\">\n                                    <span class=\"label\">La promo 16-18<\/span>\n                                <\/a>\n                                <div class=\"collapse\" id=\"annuaireContact6431\">\n                                    <div class=\"informations-accordeons\">\n                                        <div class=\"informations-accordeon\">\n                                            <p>Programme propos\u00e9 par l'AFPA et d\u00e9di\u00e9 aux jeunes de 16 \u00e0 18 ans qui ne sont ni scolaris\u00e9s, ni en formation, ni en emploi. Objectif : leur donner la possibilit\u00e9 de faire le point sur leurs talents, envies et comp\u00e9tences. Ils testeront des m\u00e9tiers pour b\u00e2tir leur projet d'insertion professionnelle.<\/p>\n                                        <\/div>\n                                    <\/div>\n                                <\/div>\n                                                                                            <a href=\"#annuaireContact394\" class=\"generic-link-arrow\"\n                                   data-bs-toggle=\"collapse\"\n                                   aria-expanded=\"false\" aria-controls=\"annuaireContact1\">\n                                    <span class=\"label\">Les D\u00e9clics pour l'action<\/span>\n                                <\/a>\n                                <div class=\"collapse\" id=\"annuaireContact394\">\n                                    <div class=\"informations-accordeons\">\n                                        <div class=\"informations-accordeon\">\n                                            <p>D\u00e9clic pour l'action propose aux jeunes de 16 \u00e0 25 ans de renforcer leur employabilit\u00e9 \u00e0 travers diff\u00e9rents ateliers :<\/p><ul><li>d\u00e9couvrir son futur m\u00e9tier grandeur nature,<\/li><li>construire son projet professionnel \u00e0 partir de ses atouts et des opportunit\u00e9s d\u2019emploi du territoire,<\/li><li>mobiliser ses capacit\u00e9s et gagner en confiance,<\/li><li>d\u00e9couvrir les comp\u00e9tences de base attendues par les employeurs,<\/li><li>s\u2019approprier les outils num\u00e9riques,<\/li><li>se pr\u00e9parer \u00e0 passer le code de la route.<\/li><\/ul>\n                                        <\/div>\n                                    <\/div>\n                                <\/div>\n                                                                                            <a href=\"#annuaireContact6510\" class=\"generic-link-arrow\"\n                                   data-bs-toggle=\"collapse\"\n                                   aria-expanded=\"false\" aria-controls=\"annuaireContact1\">\n                                    <span class=\"label\">#Avenir<\/span>\n                                <\/a>\n                                <div class=\"collapse\" id=\"annuaireContact6510\">\n                                    <div class=\"informations-accordeons\">\n                                        <div class=\"informations-accordeon\">\n                                            <p>Dispositif de l'IRFA proposant aux stagiaires un accompagnement dans l'\u00e9laboration de leur projet professionnel, le d\u00e9veloppement et la valorisation de leurs comp\u00e9tences.<\/p>\n                                        <\/div>\n                                    <\/div>\n                                <\/div>\n                                                    <\/div>\n\n                                            <\/div>\n                <\/div>\n            <\/div>\n        <\/div>\n    <\/section>\n\t\t<\/div>\n\t\t\t\t<\/div>\n\t\t\t\t\t<\/div>\n\t\t\t\t<\/div>\n\t\t\t\t<\/div>\n\t\t","protected":false},"excerpt":{"rendered":"<p>Des espaces am\u00e9nag\u00e9s L&#8217;accueil et l&#8217;Espace ressources Afin de r\u00e9pondre \u00e0 vos diff\u00e9rentes attentes, nous mettons \u00e0 votre disposition (en acc\u00e8s libre ou avec un accompagnement individualis\u00e9) : une documentation (num\u00e9rique et papier) dans les domaines de la formation, de l&#8217;emploi, de la sant\u00e9, du logement, des loisirs\/sports\/culture et citoyennet\u00e9 un affichage hebdomadaire des offres [&hellip;]<\/p>\n","protected":false},"author":1,"featured_media":0,"parent":0,"menu_order":0,"comment_status":"closed","ping_status":"closed","template":"","meta":{"_acf_changed":false,"_crosspost_to_1":false,"_crosspost_to_2":false,"_crosspost_to_3":false,"_crosspost_to_5":false,"_crosspost_to_6":false,"_crosspost_to_7":false,"_crosspost_to_8":false,"_crosspost_to_11":false,"_crosspost_to_12":false,"_crosspost_to_13":false,"_crosspost_to_14":false,"_crosspost_to_15":false,"_crosspost_to_16":false,"inline_featured_image":false,"footnotes":""},"acf":[],"yoast_head":"<!-- This site is optimized with the Yoast SEO plugin v21.9.1 - https:\/\/yoast.com\/wordpress\/plugins\/seo\/ -->\n<title>M\u2019informer \/ m&#039;orienter - MISSION LOCALE DU PAYS D&#039;ALENCON<\/title>\n<meta name=\"robots\" content=\"index, follow, max-snippet:-1, max-image-preview:large, max-video-preview:-1\" \/>\n<link rel=\"canonical\" href=\"https:\/\/www.missionslocalesnormandie.fr\/mission-locale-pays-alencon\/minformer\/\" \/>\n<meta property=\"og:locale\" content=\"fr_FR\" \/>\n<meta property=\"og:type\" content=\"article\" \/>\n<meta property=\"og:title\" content=\"M\u2019informer \/ m&#039;orienter - MISSION LOCALE DU PAYS D&#039;ALENCON\" \/>\n<meta property=\"og:description\" content=\"Des espaces am\u00e9nag\u00e9s L&#8217;accueil et l&#8217;Espace ressources Afin de r\u00e9pondre \u00e0 vos diff\u00e9rentes attentes, nous mettons \u00e0 votre disposition (en acc\u00e8s libre ou avec un accompagnement individualis\u00e9) : une documentation (num\u00e9rique et papier) dans les domaines de la formation, de l&#8217;emploi, de la sant\u00e9, du logement, des loisirs\/sports\/culture et citoyennet\u00e9 un affichage hebdomadaire des offres [&hellip;]\" \/>\n<meta property=\"og:url\" content=\"https:\/\/www.missionslocalesnormandie.fr\/mission-locale-pays-alencon\/minformer\/\" \/>\n<meta property=\"og:site_name\" content=\"MISSION LOCALE DU PAYS D&#039;ALENCON\" \/>\n<meta property=\"article:modified_time\" content=\"2025-09-17T15:40:27+00:00\" \/>\n<meta property=\"og:image\" content=\"https:\/\/www.missionslocalesnormandie.fr\/content\/uploads\/sites\/4\/2025\/09\/espace-ressources-ordinateurs-675x425-c-default.webp\" \/>\n<meta name=\"twitter:card\" content=\"summary_large_image\" \/>\n<meta name=\"twitter:label1\" content=\"Dur\u00e9e de lecture estim\u00e9e\" \/>\n\t<meta name=\"twitter:data1\" content=\"3 minutes\" \/>\n<script type=\"application\/ld+json\" class=\"yoast-schema-graph\">{\"@context\":\"https:\/\/schema.org\",\"@graph\":[{\"@type\":\"WebPage\",\"@id\":\"https:\/\/www.missionslocalesnormandie.fr\/mission-locale-pays-alencon\/minformer\/\",\"url\":\"https:\/\/www.missionslocalesnormandie.fr\/mission-locale-pays-alencon\/minformer\/\",\"name\":\"M\u2019informer \/ m'orienter - MISSION LOCALE DU PAYS D'ALENCON\",\"isPartOf\":{\"@id\":\"https:\/\/www.missionslocalesnormandie.fr\/mission-locale-pays-alencon\/#website\"},\"datePublished\":\"2023-12-14T14:36:07+00:00\",\"dateModified\":\"2025-09-17T15:40:27+00:00\",\"breadcrumb\":{\"@id\":\"https:\/\/www.missionslocalesnormandie.fr\/mission-locale-pays-alencon\/minformer\/#breadcrumb\"},\"inLanguage\":\"fr-FR\",\"potentialAction\":[{\"@type\":\"ReadAction\",\"target\":[\"https:\/\/www.missionslocalesnormandie.fr\/mission-locale-pays-alencon\/minformer\/\"]}]},{\"@type\":\"BreadcrumbList\",\"@id\":\"https:\/\/www.missionslocalesnormandie.fr\/mission-locale-pays-alencon\/minformer\/#breadcrumb\",\"itemListElement\":[{\"@type\":\"ListItem\",\"position\":1,\"name\":\"Home\",\"item\":\"https:\/\/www.missionslocalesnormandie.fr\/mission-locale-pays-alencon\/\"},{\"@type\":\"ListItem\",\"position\":2,\"name\":\"M\u2019informer \/ m&rsquo;orienter\"}]},{\"@type\":\"WebSite\",\"@id\":\"https:\/\/www.missionslocalesnormandie.fr\/mission-locale-pays-alencon\/#website\",\"url\":\"https:\/\/www.missionslocalesnormandie.fr\/mission-locale-pays-alencon\/\",\"name\":\"MISSION LOCALE DU PAYS D'ALENCON\",\"description\":\"\",\"potentialAction\":[{\"@type\":\"SearchAction\",\"target\":{\"@type\":\"EntryPoint\",\"urlTemplate\":\"https:\/\/www.missionslocalesnormandie.fr\/mission-locale-pays-alencon\/?s={search_term_string}\"},\"query-input\":\"required name=search_term_string\"}],\"inLanguage\":\"fr-FR\"}]}<\/script>\n<!-- \/ Yoast SEO plugin. -->","yoast_head_json":{"title":"M\u2019informer \/ m'orienter - MISSION LOCALE DU PAYS D'ALENCON","robots":{"index":"index","follow":"follow","max-snippet":"max-snippet:-1","max-image-preview":"max-image-preview:large","max-video-preview":"max-video-preview:-1"},"canonical":"https:\/\/www.missionslocalesnormandie.fr\/mission-locale-pays-alencon\/minformer\/","og_locale":"fr_FR","og_type":"article","og_title":"M\u2019informer \/ m'orienter - MISSION LOCALE DU PAYS D'ALENCON","og_description":"Des espaces am\u00e9nag\u00e9s L&#8217;accueil et l&#8217;Espace ressources Afin de r\u00e9pondre \u00e0 vos diff\u00e9rentes attentes, nous mettons \u00e0 votre disposition (en acc\u00e8s libre ou avec un accompagnement individualis\u00e9) : une documentation (num\u00e9rique et papier) dans les domaines de la formation, de l&#8217;emploi, de la sant\u00e9, du logement, des loisirs\/sports\/culture et citoyennet\u00e9 un affichage hebdomadaire des offres [&hellip;]","og_url":"https:\/\/www.missionslocalesnormandie.fr\/mission-locale-pays-alencon\/minformer\/","og_site_name":"MISSION LOCALE DU PAYS D'ALENCON","article_modified_time":"2025-09-17T15:40:27+00:00","og_image":[{"url":"https:\/\/www.missionslocalesnormandie.fr\/content\/uploads\/sites\/4\/2025\/09\/espace-ressources-ordinateurs-675x425-c-default.webp"}],"twitter_card":"summary_large_image","twitter_misc":{"Dur\u00e9e de lecture estim\u00e9e":"3 minutes"},"schema":{"@context":"https:\/\/schema.org","@graph":[{"@type":"WebPage","@id":"https:\/\/www.missionslocalesnormandie.fr\/mission-locale-pays-alencon\/minformer\/","url":"https:\/\/www.missionslocalesnormandie.fr\/mission-locale-pays-alencon\/minformer\/","name":"M\u2019informer \/ m'orienter - MISSION LOCALE DU PAYS D'ALENCON","isPartOf":{"@id":"https:\/\/www.missionslocalesnormandie.fr\/mission-locale-pays-alencon\/#website"},"datePublished":"2023-12-14T14:36:07+00:00","dateModified":"2025-09-17T15:40:27+00:00","breadcrumb":{"@id":"https:\/\/www.missionslocalesnormandie.fr\/mission-locale-pays-alencon\/minformer\/#breadcrumb"},"inLanguage":"fr-FR","potentialAction":[{"@type":"ReadAction","target":["https:\/\/www.missionslocalesnormandie.fr\/mission-locale-pays-alencon\/minformer\/"]}]},{"@type":"BreadcrumbList","@id":"https:\/\/www.missionslocalesnormandie.fr\/mission-locale-pays-alencon\/minformer\/#breadcrumb","itemListElement":[{"@type":"ListItem","position":1,"name":"Home","item":"https:\/\/www.missionslocalesnormandie.fr\/mission-locale-pays-alencon\/"},{"@type":"ListItem","position":2,"name":"M\u2019informer \/ m&rsquo;orienter"}]},{"@type":"WebSite","@id":"https:\/\/www.missionslocalesnormandie.fr\/mission-locale-pays-alencon\/#website","url":"https:\/\/www.missionslocalesnormandie.fr\/mission-locale-pays-alencon\/","name":"MISSION LOCALE DU PAYS D'ALENCON","description":"","potentialAction":[{"@type":"SearchAction","target":{"@type":"EntryPoint","urlTemplate":"https:\/\/www.missionslocalesnormandie.fr\/mission-locale-pays-alencon\/?s={search_term_string}"},"query-input":"required name=search_term_string"}],"inLanguage":"fr-FR"}]}},"_links":{"self":[{"href":"https:\/\/www.missionslocalesnormandie.fr\/mission-locale-pays-alencon\/wp-json\/wp\/v2\/pages\/151"}],"collection":[{"href":"https:\/\/www.missionslocalesnormandie.fr\/mission-locale-pays-alencon\/wp-json\/wp\/v2\/pages"}],"about":[{"href":"https:\/\/www.missionslocalesnormandie.fr\/mission-locale-pays-alencon\/wp-json\/wp\/v2\/types\/page"}],"author":[{"embeddable":true,"href":"https:\/\/www.missionslocalesnormandie.fr\/mission-locale-pays-alencon\/wp-json\/wp\/v2\/users\/1"}],"replies":[{"embeddable":true,"href":"https:\/\/www.missionslocalesnormandie.fr\/mission-locale-pays-alencon\/wp-json\/wp\/v2\/comments?post=151"}],"version-history":[{"count":337,"href":"https:\/\/www.missionslocalesnormandie.fr\/mission-locale-pays-alencon\/wp-json\/wp\/v2\/pages\/151\/revisions"}],"predecessor-version":[{"id":3916,"href":"https:\/\/www.missionslocalesnormandie.fr\/mission-locale-pays-alencon\/wp-json\/wp\/v2\/pages\/151\/revisions\/3916"}],"wp:attachment":[{"href":"https:\/\/www.missionslocalesnormandie.fr\/mission-locale-pays-alencon\/wp-json\/wp\/v2\/media?parent=151"}],"curies":[{"name":"wp","href":"https:\/\/api.w.org\/{rel}","templated":true}]}}