{"id":60,"date":"2023-12-14T15:08:35","date_gmt":"2023-12-14T14:08:35","guid":{"rendered":"https:\/\/www.missionslocalesnormandie.fr\/mission-locale-pays-alencon\/?page_id=60"},"modified":"2025-12-15T12:03:27","modified_gmt":"2025-12-15T11:03:27","slug":"nos-services-2","status":"publish","type":"page","link":"https:\/\/www.missionslocalesnormandie.fr\/mission-locale-pays-alencon\/nos-services-2\/","title":{"rendered":"Nos actions"},"content":{"rendered":"\t\t<div data-elementor-type=\"wp-page\" data-elementor-id=\"60\" class=\"elementor elementor-60\">\n\t\t\t\t<div class=\"elementor-element elementor-element-1cf458e e-flex e-con-boxed e-con e-parent\" data-id=\"1cf458e\" data-element_type=\"container\">\n\t\t\t\t\t<div class=\"e-con-inner\">\n\t\t<div class=\"elementor-element elementor-element-9b3d606 e-con-full e-flex e-con e-child\" data-id=\"9b3d606\" data-element_type=\"container\">\n\t\t\t\t<div class=\"elementor-element elementor-element-ae1be01 elementor-widget elementor-widget-block_titre\" data-id=\"ae1be01\" data-element_type=\"widget\" data-widget_type=\"block_titre.default\">\n\t\t\t\t<div class=\"elementor-widget-container\">\n\t\t\t    <div class=\"container\">\n        <h2>\n            Passerelle pour une vie d'adulte\n        <\/h2>\n    <\/div>\n\t\t<\/div>\n\t\t\t\t<\/div>\n\t\t\t\t<div class=\"elementor-element elementor-element-abd8e5f elementor-widget__width-initial elementor-widget elementor-widget-block_simple_texte\" data-id=\"abd8e5f\" data-element_type=\"widget\" data-widget_type=\"block_simple_texte.default\">\n\t\t\t\t<div class=\"elementor-widget-container\">\n\t\t\t    <div class=\"container\">\n        <p style=\"text-align: justify\"><span style=\"font-weight: 400\">Pour r\u00e9pondre \u00e0 un besoin de territoire d'accompagner les jeunes les plus vuln\u00e9rables, la Mission Locale d'Alen\u00e7on, en partenariat avec l'UGECAM et le SESSAD, propose (sous conditions) ce dispositif de \"r\u00e9habilitation psychosociale\" et de \"Pr\u00e9professionnalisation\". <\/span><\/p><p style=\"text-align: justify\">C'est la mise en \u0153uvre d'un accompagnement personnalis\u00e9 permettant aux jeunes \u00e2g\u00e9s de 16 \u00e0 25 ans de construire un projet de vie et de renforcer les comp\u00e9tences pr\u00e9alables pour une int\u00e9gration durable dans la soci\u00e9t\u00e9.<\/p><p><span style=\"color: #008080\"><strong>Dur\u00e9e :<\/strong><\/span><br \/><span style=\"color: #000000;font-size: 12pt\"><strong>07\/2023 - 12\/2025\u00a0 \u00a0 \u00a0 \u00a0 \u00a0 \u00a0 \u00a0 \u00a0 \u00a0 01\/2026 - 12\/2026<\/strong><\/span><\/p><p><span style=\"color: #008080;font-size: 12pt\"><strong>Total budget :<\/strong><\/span><br \/><span style=\"color: #000000;font-size: 12pt\"><strong>393 412,60 \u20ac\u00a0 \u00a0 \u00a0 \u00a0 \u00a0 \u00a0 \u00a0 \u00a0 \u00a0 \u00a0 \u00a0 \u00a0 \u00a0 \u00a0 \u00a0 \u00a0168 114,80 \u20ac<\/strong><\/span><\/p><p><span style=\"color: #008080;font-size: 12pt\"><strong>Financement UE :<\/strong><\/span><br \/><span style=\"color: #000000;font-size: 12pt\"><strong>236 047,56 \u20ac\u00a0 \u00a0 \u00a0 \u00a0 \u00a0 \u00a0 \u00a0 \u00a0 \u00a0 \u00a0 \u00a0 \u00a0 \u00a0 \u00a0 \u00a0 \u00a0100 868,88 \u20ac<\/strong><\/span><\/p>\n    <\/div>\n\t\t<\/div>\n\t\t\t\t<\/div>\n\t\t\t\t<\/div>\n\t\t<div class=\"elementor-element elementor-element-8ad2401 e-flex e-con-boxed e-con e-child\" data-id=\"8ad2401\" data-element_type=\"container\" data-settings=\"{&quot;position&quot;:&quot;absolute&quot;}\">\n\t\t\t\t\t<div class=\"e-con-inner\">\n\t\t\t\t<div class=\"elementor-element elementor-element-64240d4 elementor-widget elementor-widget-block_simple_visuel\" data-id=\"64240d4\" data-element_type=\"widget\" data-widget_type=\"block_simple_visuel.default\">\n\t\t\t\t<div class=\"elementor-widget-container\">\n\t\t\t    <div class=\"container\">\n        <figure>\n                        \n                                                            <a href=\"https:\/\/www.missionslocalesnormandie.fr\/content\/uploads\/sites\/4\/2024\/09\/depliant-passerelle-couv-logos-format-microsite.png\">\n                    <img decoding=\"async\" src=\"https:\/\/www.missionslocalesnormandie.fr\/content\/uploads\/sites\/4\/2024\/09\/depliant-passerelle-couv-logos-format-microsite-950x595-c-default.png\"\n                         alt=\"MISSION LOCALE DU PAYS D'ALENCON\"\/>\n                <\/a>\n            \n                    <\/figure>\n    <\/div>\n\t\t<\/div>\n\t\t\t\t<\/div>\n\t\t\t\t\t<\/div>\n\t\t\t\t<\/div>\n\t\t<div class=\"elementor-element elementor-element-10b22eb e-con-full e-flex e-con e-child\" data-id=\"10b22eb\" data-element_type=\"container\" data-settings=\"{&quot;position&quot;:&quot;absolute&quot;}\">\n\t\t\t\t<\/div>\n\t\t\t\t\t<\/div>\n\t\t\t\t<\/div>\n\t\t<div class=\"elementor-element elementor-element-608f8e7 e-flex e-con-boxed e-con e-parent\" data-id=\"608f8e7\" data-element_type=\"container\">\n\t\t\t\t\t<div class=\"e-con-inner\">\n\t\t<div class=\"elementor-element elementor-element-801c87b e-con-full e-flex e-con e-child\" data-id=\"801c87b\" data-element_type=\"container\">\n\t\t\t\t<div class=\"elementor-element elementor-element-ad40a70 elementor-widget elementor-widget-block_colonnes_texte\" data-id=\"ad40a70\" data-element_type=\"widget\" data-widget_type=\"block_colonnes_texte.default\">\n\t\t\t\t<div class=\"elementor-widget-container\">\n\t\t\t    <div class=\"container\">\n                <div class=\"row my-4 row-cols-1 row-cols-lg-2 row-cols-xl-1\">\n                            <div class=\"col mb-4\">\n                    \n                <\/div>\n                    <\/div>\n    <\/div>\n\t\t<\/div>\n\t\t\t\t<\/div>\n\t\t\t\t<div class=\"elementor-element elementor-element-278c9d8 elementor-widget elementor-widget-block_titre\" data-id=\"278c9d8\" data-element_type=\"widget\" data-widget_type=\"block_titre.default\">\n\t\t\t\t<div class=\"elementor-widget-container\">\n\t\t\t    <div class=\"container\">\n        <h2>\n            Ma pr\u00e9pa \u00e0 la vie active\n        <\/h2>\n    <\/div>\n\t\t<\/div>\n\t\t\t\t<\/div>\n\t\t\t\t<div class=\"elementor-element elementor-element-e52ab28 elementor-widget__width-initial elementor-widget elementor-widget-block_simple_texte\" data-id=\"e52ab28\" data-element_type=\"widget\" data-widget_type=\"block_simple_texte.default\">\n\t\t\t\t<div class=\"elementor-widget-container\">\n\t\t\t    <div class=\"container\">\n        <p>Parcours qui propose d'outiller les jeunes de 16 \u00e0 30 ans pour l'entr\u00e9e dans la vie active.\u00a0<\/p><p style=\"text-align: justify\">Un conseiller les accompagne dans leurs d\u00e9marches professionnelles (orientation, formation, emploi) et dans la vie quotidienne (mobilit\u00e9, sant\u00e9, citoyennet\u00e9, logement, loisirs-sport et culture). Des points r\u00e9guliers individuels et collectifs sont propos\u00e9s pour travailler \u00e0 son projet de vide et gagner en autonomie!\u00a0<\/p><p><span style=\"color: #008080\"><strong>Dur\u00e9e :<\/strong><\/span><br \/><strong>09\/2025 - 12\/2026<\/strong><\/p><p><strong><span style=\"color: #008080\">Total budget :\u00a0<\/span><\/strong><br \/><strong>385 311,03 \u20ac<\/strong><\/p><p><strong><span style=\"color: #008080\">Financement UE :<\/span><\/strong><br \/><span style=\"font-size: 12pt\"><strong>231 227,56 \u20ac<\/strong><\/span><\/p><p><strong>Une action cofinanc\u00e9e par l'Union Europ\u00e9enne<\/strong><\/p>\n    <\/div>\n\t\t<\/div>\n\t\t\t\t<\/div>\n\t\t\t\t<\/div>\n\t\t<div class=\"elementor-element elementor-element-511f9f2 e-flex e-con-boxed e-con e-child\" data-id=\"511f9f2\" data-element_type=\"container\" data-settings=\"{&quot;position&quot;:&quot;absolute&quot;}\">\n\t\t\t\t\t<div class=\"e-con-inner\">\n\t\t\t\t<div class=\"elementor-element elementor-element-10a2c54 elementor-widget__width-initial elementor-widget elementor-widget-block_simple_visuel\" data-id=\"10a2c54\" data-element_type=\"widget\" data-widget_type=\"block_simple_visuel.default\">\n\t\t\t\t<div class=\"elementor-widget-container\">\n\t\t\t    <div class=\"container\">\n        <figure>\n                        \n                                                            <a href=\"https:\/\/www.missionslocalesnormandie.fr\/content\/uploads\/sites\/4\/2025\/12\/Format-image-site-web-950x595-1.png\">\n                    <img decoding=\"async\" src=\"https:\/\/www.missionslocalesnormandie.fr\/content\/uploads\/sites\/4\/2025\/12\/Format-image-site-web-950x595-1-950x595-c-default.png\"\n                         alt=\"MISSION LOCALE DU PAYS D'ALENCON\"\/>\n                <\/a>\n            \n                    <\/figure>\n    <\/div>\n\t\t<\/div>\n\t\t\t\t<\/div>\n\t\t\t\t\t<\/div>\n\t\t\t\t<\/div>\n\t\t<div class=\"elementor-element elementor-element-07ae2c8 e-con-full e-flex e-con e-child\" data-id=\"07ae2c8\" data-element_type=\"container\" data-settings=\"{&quot;position&quot;:&quot;absolute&quot;}\">\n\t\t\t\t<\/div>\n\t\t\t\t\t<\/div>\n\t\t\t\t<\/div>\n\t\t<div class=\"elementor-element elementor-element-f6e4e79 e-flex e-con-boxed e-con e-parent\" data-id=\"f6e4e79\" data-element_type=\"container\">\n\t\t\t\t\t<div class=\"e-con-inner\">\n\t\t\t\t<div class=\"elementor-element elementor-element-5379c6f elementor-widget elementor-widget-block_colonnes_texte\" data-id=\"5379c6f\" data-element_type=\"widget\" data-widget_type=\"block_colonnes_texte.default\">\n\t\t\t\t<div class=\"elementor-widget-container\">\n\t\t\t    <div class=\"container\">\n                <div class=\"row my-4 row-cols-1 row-cols-lg-2 row-cols-xl-1\">\n                            <div class=\"col mb-4\">\n                    \n                <\/div>\n                    <\/div>\n    <\/div>\n\t\t<\/div>\n\t\t\t\t<\/div>\n\t\t\t\t<div class=\"elementor-element elementor-element-0cc8881 elementor-widget elementor-widget-block_titre\" data-id=\"0cc8881\" data-element_type=\"widget\" data-widget_type=\"block_titre.default\">\n\t\t\t\t<div class=\"elementor-widget-container\">\n\t\t\t    <div class=\"container\">\n        <h2>\n            Autres actions collectives\n        <\/h2>\n    <\/div>\n\t\t<\/div>\n\t\t\t\t<\/div>\n\t\t\t\t\t<\/div>\n\t\t\t\t<\/div>\n\t\t<div class=\"elementor-element elementor-element-a05e0d8 e-flex e-con-boxed e-con e-parent\" data-id=\"a05e0d8\" data-element_type=\"container\">\n\t\t\t\t\t<div class=\"e-con-inner\">\n\t\t\t\t<div class=\"elementor-element elementor-element-7b19643 elementor-widget elementor-widget-block_simple_texte\" data-id=\"7b19643\" data-element_type=\"widget\" data-widget_type=\"block_simple_texte.default\">\n\t\t\t\t<div class=\"elementor-widget-container\">\n\t\t\t    <div class=\"container\">\n        <p>Tout au long de l\u2019ann\u00e9e, des intervenants ext\u00e9rieurs travaillent \u00e0 nos c\u00f4t\u00e9s. A ce titre, nous faisons appel r\u00e9guli\u00e8rement \u00e0 l\u2019association Finances et P\u00e9dagogie, l\u2019AFPA avec le programme \u00ab D\u00e9clic pour l\u2019Action \u00bb, Formation Play, Concept de soi, ARPEJ, ENIPSE, Le Planning Familial 61...<\/p>\n    <\/div>\n\t\t<\/div>\n\t\t\t\t<\/div>\n\t\t\t\t\t<\/div>\n\t\t\t\t<\/div>\n\t\t<div class=\"elementor-element elementor-element-0464203 e-flex e-con-boxed e-con e-parent\" data-id=\"0464203\" data-element_type=\"container\">\n\t\t\t\t\t<div class=\"e-con-inner\">\n\t\t<div class=\"elementor-element elementor-element-0cc1c33 e-con-full e-flex e-con e-child\" data-id=\"0cc1c33\" data-element_type=\"container\">\n\t\t\t\t<div class=\"elementor-element elementor-element-942f78b elementor-widget elementor-widget-block_simple_visuel\" data-id=\"942f78b\" data-element_type=\"widget\" data-widget_type=\"block_simple_visuel.default\">\n\t\t\t\t<div class=\"elementor-widget-container\">\n\t\t\t    <div class=\"container\">\n        <figure>\n                        \n                                                            <a href=\"https:\/\/www.missionslocalesnormandie.fr\/content\/uploads\/sites\/4\/2024\/08\/afpa-ferme-pedagogique.jpg\">\n                    <img decoding=\"async\" src=\"https:\/\/www.missionslocalesnormandie.fr\/content\/uploads\/sites\/4\/2024\/08\/afpa-ferme-pedagogique-950x595-c-default.jpg\"\n                         alt=\"MISSION LOCALE DU PAYS D'ALENCON\"\/>\n                <\/a>\n            \n                    <\/figure>\n    <\/div>\n\t\t<\/div>\n\t\t\t\t<\/div>\n\t\t\t\t<\/div>\n\t\t<div class=\"elementor-element elementor-element-9a11c92 e-con-full e-flex e-con e-child\" data-id=\"9a11c92\" data-element_type=\"container\">\n\t\t\t\t<div class=\"elementor-element elementor-element-c18bfea elementor-widget elementor-widget-block_simple_visuel\" data-id=\"c18bfea\" data-element_type=\"widget\" data-widget_type=\"block_simple_visuel.default\">\n\t\t\t\t<div class=\"elementor-widget-container\">\n\t\t\t    <div class=\"container\">\n        <figure>\n                        \n                                                            <a href=\"https:\/\/www.missionslocalesnormandie.fr\/content\/uploads\/sites\/4\/2024\/08\/enipse-sensibilisation-jeunes.png\">\n                    <img decoding=\"async\" src=\"https:\/\/www.missionslocalesnormandie.fr\/content\/uploads\/sites\/4\/2024\/08\/enipse-sensibilisation-jeunes-950x595-c-default.png\"\n                         alt=\"MISSION LOCALE DU PAYS D'ALENCON\"\/>\n                <\/a>\n            \n                    <\/figure>\n    <\/div>\n\t\t<\/div>\n\t\t\t\t<\/div>\n\t\t\t\t<\/div>\n\t\t<div class=\"elementor-element elementor-element-edd8e80 e-con-full e-flex e-con e-child\" data-id=\"edd8e80\" data-element_type=\"container\">\n\t\t\t\t<div class=\"elementor-element elementor-element-a06aadd elementor-widget elementor-widget-block_simple_visuel\" data-id=\"a06aadd\" data-element_type=\"widget\" data-widget_type=\"block_simple_visuel.default\">\n\t\t\t\t<div class=\"elementor-widget-container\">\n\t\t\t    <div class=\"container\">\n        <figure>\n                        \n                                                            <a href=\"https:\/\/www.missionslocalesnormandie.fr\/content\/uploads\/sites\/4\/2024\/10\/20240918_102601-r.png\">\n                    <img decoding=\"async\" src=\"https:\/\/www.missionslocalesnormandie.fr\/content\/uploads\/sites\/4\/2024\/10\/20240918_102601-r-950x595-c-default.png\"\n                         alt=\"MISSION LOCALE DU PAYS D'ALENCON\"\/>\n                <\/a>\n            \n                    <\/figure>\n    <\/div>\n\t\t<\/div>\n\t\t\t\t<\/div>\n\t\t\t\t<\/div>\n\t\t\t\t\t<\/div>\n\t\t\t\t<\/div>\n\t\t<div class=\"elementor-element elementor-element-b2a86e8 e-flex e-con-boxed e-con e-parent\" data-id=\"b2a86e8\" data-element_type=\"container\">\n\t\t\t\t\t<div class=\"e-con-inner\">\n\t\t\t\t\t<\/div>\n\t\t\t\t<\/div>\n\t\t<div class=\"elementor-element elementor-element-4ae7745 e-flex e-con-boxed e-con e-parent\" data-id=\"4ae7745\" data-element_type=\"container\">\n\t\t\t\t\t<div class=\"e-con-inner\">\n\t\t\t\t\t<\/div>\n\t\t\t\t<\/div>\n\t\t\t\t<\/div>\n\t\t","protected":false},"excerpt":{"rendered":"<p>Passerelle pour une vie d&#8217;adulte Pour r\u00e9pondre \u00e0 un besoin de territoire d&#8217;accompagner les jeunes les plus vuln\u00e9rables, la Mission Locale d&#8217;Alen\u00e7on, en partenariat avec l&#8217;UGECAM et le SESSAD, propose (sous conditions) ce dispositif de &#8220;r\u00e9habilitation psychosociale&#8221; et de &#8220;Pr\u00e9professionnalisation&#8221;. C&#8217;est la mise en \u0153uvre d&#8217;un accompagnement personnalis\u00e9 permettant aux jeunes \u00e2g\u00e9s de 16 \u00e0 [&hellip;]<\/p>\n","protected":false},"author":1,"featured_media":0,"parent":0,"menu_order":0,"comment_status":"closed","ping_status":"closed","template":"","meta":{"_acf_changed":false,"_crosspost_to_1":false,"_crosspost_to_2":false,"_crosspost_to_3":false,"_crosspost_to_5":false,"_crosspost_to_6":false,"_crosspost_to_7":false,"_crosspost_to_8":false,"_crosspost_to_11":false,"_crosspost_to_12":false,"_crosspost_to_13":false,"_crosspost_to_14":false,"_crosspost_to_15":false,"_crosspost_to_16":false,"inline_featured_image":false,"footnotes":""},"acf":[],"yoast_head":"<!-- This site is optimized with the Yoast SEO plugin v21.9.1 - https:\/\/yoast.com\/wordpress\/plugins\/seo\/ -->\n<title>Nos actions - MISSION LOCALE DU PAYS D&#039;ALENCON<\/title>\n<meta name=\"robots\" content=\"index, follow, max-snippet:-1, max-image-preview:large, max-video-preview:-1\" \/>\n<link rel=\"canonical\" href=\"https:\/\/www.missionslocalesnormandie.fr\/mission-locale-pays-alencon\/nos-services-2\/\" \/>\n<meta property=\"og:locale\" content=\"fr_FR\" \/>\n<meta property=\"og:type\" content=\"article\" \/>\n<meta property=\"og:title\" content=\"Nos actions - MISSION LOCALE DU PAYS D&#039;ALENCON\" \/>\n<meta property=\"og:description\" content=\"Passerelle pour une vie d&#8217;adulte Pour r\u00e9pondre \u00e0 un besoin de territoire d&#8217;accompagner les jeunes les plus vuln\u00e9rables, la Mission Locale d&#8217;Alen\u00e7on, en partenariat avec l&#8217;UGECAM et le SESSAD, propose (sous conditions) ce dispositif de &#8220;r\u00e9habilitation psychosociale&#8221; et de &#8220;Pr\u00e9professionnalisation&#8221;. C&#8217;est la mise en \u0153uvre d&#8217;un accompagnement personnalis\u00e9 permettant aux jeunes \u00e2g\u00e9s de 16 \u00e0 [&hellip;]\" \/>\n<meta property=\"og:url\" content=\"https:\/\/www.missionslocalesnormandie.fr\/mission-locale-pays-alencon\/nos-services-2\/\" \/>\n<meta property=\"og:site_name\" content=\"MISSION LOCALE DU PAYS D&#039;ALENCON\" \/>\n<meta property=\"article:modified_time\" content=\"2025-12-15T11:03:27+00:00\" \/>\n<meta property=\"og:image\" content=\"https:\/\/www.missionslocalesnormandie.fr\/content\/uploads\/sites\/4\/2024\/09\/depliant-passerelle-couv-logos-format-microsite-950x595-c-default.png\" \/>\n<meta name=\"twitter:card\" content=\"summary_large_image\" \/>\n<meta name=\"twitter:label1\" content=\"Dur\u00e9e de lecture estim\u00e9e\" \/>\n\t<meta name=\"twitter:data1\" content=\"3 minutes\" \/>\n<script type=\"application\/ld+json\" class=\"yoast-schema-graph\">{\"@context\":\"https:\/\/schema.org\",\"@graph\":[{\"@type\":\"WebPage\",\"@id\":\"https:\/\/www.missionslocalesnormandie.fr\/mission-locale-pays-alencon\/nos-services-2\/\",\"url\":\"https:\/\/www.missionslocalesnormandie.fr\/mission-locale-pays-alencon\/nos-services-2\/\",\"name\":\"Nos actions - MISSION LOCALE DU PAYS D'ALENCON\",\"isPartOf\":{\"@id\":\"https:\/\/www.missionslocalesnormandie.fr\/mission-locale-pays-alencon\/#website\"},\"datePublished\":\"2023-12-14T14:08:35+00:00\",\"dateModified\":\"2025-12-15T11:03:27+00:00\",\"breadcrumb\":{\"@id\":\"https:\/\/www.missionslocalesnormandie.fr\/mission-locale-pays-alencon\/nos-services-2\/#breadcrumb\"},\"inLanguage\":\"fr-FR\",\"potentialAction\":[{\"@type\":\"ReadAction\",\"target\":[\"https:\/\/www.missionslocalesnormandie.fr\/mission-locale-pays-alencon\/nos-services-2\/\"]}]},{\"@type\":\"BreadcrumbList\",\"@id\":\"https:\/\/www.missionslocalesnormandie.fr\/mission-locale-pays-alencon\/nos-services-2\/#breadcrumb\",\"itemListElement\":[{\"@type\":\"ListItem\",\"position\":1,\"name\":\"Home\",\"item\":\"https:\/\/www.missionslocalesnormandie.fr\/mission-locale-pays-alencon\/\"},{\"@type\":\"ListItem\",\"position\":2,\"name\":\"Nos actions\"}]},{\"@type\":\"WebSite\",\"@id\":\"https:\/\/www.missionslocalesnormandie.fr\/mission-locale-pays-alencon\/#website\",\"url\":\"https:\/\/www.missionslocalesnormandie.fr\/mission-locale-pays-alencon\/\",\"name\":\"MISSION LOCALE DU PAYS D'ALENCON\",\"description\":\"\",\"potentialAction\":[{\"@type\":\"SearchAction\",\"target\":{\"@type\":\"EntryPoint\",\"urlTemplate\":\"https:\/\/www.missionslocalesnormandie.fr\/mission-locale-pays-alencon\/?s={search_term_string}\"},\"query-input\":\"required name=search_term_string\"}],\"inLanguage\":\"fr-FR\"}]}<\/script>\n<!-- \/ Yoast SEO plugin. -->","yoast_head_json":{"title":"Nos actions - MISSION LOCALE DU PAYS D'ALENCON","robots":{"index":"index","follow":"follow","max-snippet":"max-snippet:-1","max-image-preview":"max-image-preview:large","max-video-preview":"max-video-preview:-1"},"canonical":"https:\/\/www.missionslocalesnormandie.fr\/mission-locale-pays-alencon\/nos-services-2\/","og_locale":"fr_FR","og_type":"article","og_title":"Nos actions - MISSION LOCALE DU PAYS D'ALENCON","og_description":"Passerelle pour une vie d&#8217;adulte Pour r\u00e9pondre \u00e0 un besoin de territoire d&#8217;accompagner les jeunes les plus vuln\u00e9rables, la Mission Locale d&#8217;Alen\u00e7on, en partenariat avec l&#8217;UGECAM et le SESSAD, propose (sous conditions) ce dispositif de &#8220;r\u00e9habilitation psychosociale&#8221; et de &#8220;Pr\u00e9professionnalisation&#8221;. C&#8217;est la mise en \u0153uvre d&#8217;un accompagnement personnalis\u00e9 permettant aux jeunes \u00e2g\u00e9s de 16 \u00e0 [&hellip;]","og_url":"https:\/\/www.missionslocalesnormandie.fr\/mission-locale-pays-alencon\/nos-services-2\/","og_site_name":"MISSION LOCALE DU PAYS D'ALENCON","article_modified_time":"2025-12-15T11:03:27+00:00","og_image":[{"url":"https:\/\/www.missionslocalesnormandie.fr\/content\/uploads\/sites\/4\/2024\/09\/depliant-passerelle-couv-logos-format-microsite-950x595-c-default.png"}],"twitter_card":"summary_large_image","twitter_misc":{"Dur\u00e9e de lecture estim\u00e9e":"3 minutes"},"schema":{"@context":"https:\/\/schema.org","@graph":[{"@type":"WebPage","@id":"https:\/\/www.missionslocalesnormandie.fr\/mission-locale-pays-alencon\/nos-services-2\/","url":"https:\/\/www.missionslocalesnormandie.fr\/mission-locale-pays-alencon\/nos-services-2\/","name":"Nos actions - MISSION LOCALE DU PAYS D'ALENCON","isPartOf":{"@id":"https:\/\/www.missionslocalesnormandie.fr\/mission-locale-pays-alencon\/#website"},"datePublished":"2023-12-14T14:08:35+00:00","dateModified":"2025-12-15T11:03:27+00:00","breadcrumb":{"@id":"https:\/\/www.missionslocalesnormandie.fr\/mission-locale-pays-alencon\/nos-services-2\/#breadcrumb"},"inLanguage":"fr-FR","potentialAction":[{"@type":"ReadAction","target":["https:\/\/www.missionslocalesnormandie.fr\/mission-locale-pays-alencon\/nos-services-2\/"]}]},{"@type":"BreadcrumbList","@id":"https:\/\/www.missionslocalesnormandie.fr\/mission-locale-pays-alencon\/nos-services-2\/#breadcrumb","itemListElement":[{"@type":"ListItem","position":1,"name":"Home","item":"https:\/\/www.missionslocalesnormandie.fr\/mission-locale-pays-alencon\/"},{"@type":"ListItem","position":2,"name":"Nos actions"}]},{"@type":"WebSite","@id":"https:\/\/www.missionslocalesnormandie.fr\/mission-locale-pays-alencon\/#website","url":"https:\/\/www.missionslocalesnormandie.fr\/mission-locale-pays-alencon\/","name":"MISSION LOCALE DU PAYS D'ALENCON","description":"","potentialAction":[{"@type":"SearchAction","target":{"@type":"EntryPoint","urlTemplate":"https:\/\/www.missionslocalesnormandie.fr\/mission-locale-pays-alencon\/?s={search_term_string}"},"query-input":"required name=search_term_string"}],"inLanguage":"fr-FR"}]}},"_links":{"self":[{"href":"https:\/\/www.missionslocalesnormandie.fr\/mission-locale-pays-alencon\/wp-json\/wp\/v2\/pages\/60"}],"collection":[{"href":"https:\/\/www.missionslocalesnormandie.fr\/mission-locale-pays-alencon\/wp-json\/wp\/v2\/pages"}],"about":[{"href":"https:\/\/www.missionslocalesnormandie.fr\/mission-locale-pays-alencon\/wp-json\/wp\/v2\/types\/page"}],"author":[{"embeddable":true,"href":"https:\/\/www.missionslocalesnormandie.fr\/mission-locale-pays-alencon\/wp-json\/wp\/v2\/users\/1"}],"replies":[{"embeddable":true,"href":"https:\/\/www.missionslocalesnormandie.fr\/mission-locale-pays-alencon\/wp-json\/wp\/v2\/comments?post=60"}],"version-history":[{"count":124,"href":"https:\/\/www.missionslocalesnormandie.fr\/mission-locale-pays-alencon\/wp-json\/wp\/v2\/pages\/60\/revisions"}],"predecessor-version":[{"id":3994,"href":"https:\/\/www.missionslocalesnormandie.fr\/mission-locale-pays-alencon\/wp-json\/wp\/v2\/pages\/60\/revisions\/3994"}],"wp:attachment":[{"href":"https:\/\/www.missionslocalesnormandie.fr\/mission-locale-pays-alencon\/wp-json\/wp\/v2\/media?parent=60"}],"curies":[{"name":"wp","href":"https:\/\/api.w.org\/{rel}","templated":true}]}}