{"id":71,"date":"2023-12-14T15:11:21","date_gmt":"2023-12-14T14:11:21","guid":{"rendered":"https:\/\/www.missionslocalesnormandie.fr\/mission-locale-pays-alencon\/?page_id=71"},"modified":"2024-08-01T16:51:44","modified_gmt":"2024-08-01T14:51:44","slug":"notre-territoire-2","status":"publish","type":"page","link":"https:\/\/www.missionslocalesnormandie.fr\/mission-locale-pays-alencon\/notre-territoire-2\/","title":{"rendered":"Notre territoire"},"content":{"rendered":"\t\t<div data-elementor-type=\"wp-page\" data-elementor-id=\"71\" class=\"elementor elementor-71\">\n\t\t\t\t<div class=\"elementor-element elementor-element-bfe77e7 e-flex e-con-boxed e-con e-parent\" data-id=\"bfe77e7\" data-element_type=\"container\">\n\t\t\t\t\t<div class=\"e-con-inner\">\n\t\t\t\t<div class=\"elementor-element elementor-element-fd65a56 elementor-widget elementor-widget-block_titre\" data-id=\"fd65a56\" data-element_type=\"widget\" data-widget_type=\"block_titre.default\">\n\t\t\t\t<div class=\"elementor-widget-container\">\n\t\t\t    <div class=\"container\">\n        <h2>\n            Un lien constant avec les communes\n        <\/h2>\n    <\/div>\n\t\t<\/div>\n\t\t\t\t<\/div>\n\t\t\t\t<div class=\"elementor-element elementor-element-7d6c881 elementor-widget elementor-widget-block_simple_texte\" data-id=\"7d6c881\" data-element_type=\"widget\" data-widget_type=\"block_simple_texte.default\">\n\t\t\t\t<div class=\"elementor-widget-container\">\n\t\t\t    <div class=\"container\">\n        <p style=\"text-align: justify\"><span style=\"font-weight: 400\">Toutes les communes sur lesquelles nous intervenons sont convi\u00e9es \u00e0 nos Assembl\u00e9es G\u00e9n\u00e9rales afin de pouvoir assurer un suivi r\u00e9gulier de nos actions. La Mission Locale d'Alen\u00e7on est invit\u00e9e \u00e0 collaborer avec les diff\u00e9rents services municipaux afin d\u2019apporter son expertise sur la population des 16 \u00e0 25 ans. <\/span><\/p>\n    <\/div>\n\t\t<\/div>\n\t\t\t\t<\/div>\n\t\t\t\t<div class=\"elementor-element elementor-element-1424b82 elementor-widget elementor-widget-block_titre\" data-id=\"1424b82\" data-element_type=\"widget\" data-widget_type=\"block_titre.default\">\n\t\t\t\t<div class=\"elementor-widget-container\">\n\t\t\t    <div class=\"container\">\n        <h2>\n            Les Communaut\u00e9s De Communes\n        <\/h2>\n    <\/div>\n\t\t<\/div>\n\t\t\t\t<\/div>\n\t\t\t\t\t<\/div>\n\t\t\t\t<\/div>\n\t\t<div class=\"elementor-element elementor-element-c649442 e-flex e-con-boxed e-con e-parent\" data-id=\"c649442\" data-element_type=\"container\">\n\t\t\t\t\t<div class=\"e-con-inner\">\n\t\t<div class=\"elementor-element elementor-element-cda8467 e-con-full e-flex e-con e-child\" data-id=\"cda8467\" data-element_type=\"container\">\n\t\t\t\t<div class=\"elementor-element elementor-element-43234b9 elementor-widget elementor-widget-block_simple_texte\" data-id=\"43234b9\" data-element_type=\"widget\" data-widget_type=\"block_simple_texte.default\">\n\t\t\t\t<div class=\"elementor-widget-container\">\n\t\t\t    <div class=\"container\">\n        <p>\u00a0<\/p><p>\u00a0<\/p><p style=\"text-align: justify\"><span style=\"font-weight: 400\">La Mission Locale d'Alen\u00e7on couvre :<\/span><\/p><ul><li style=\"text-align: justify\">la Communaut\u00e9 Urbaine d'Alen\u00e7on<\/li><li style=\"text-align: justify\">la CDC des Sources de l'Orne<\/li><li style=\"text-align: justify\">la CDC de la Vall\u00e9e de la Haute Sarthe<\/li><li style=\"text-align: justify\">la CDC du Bocage Carrougien<\/li><\/ul>\n    <\/div>\n\t\t<\/div>\n\t\t\t\t<\/div>\n\t\t\t\t<\/div>\n\t\t<div class=\"elementor-element elementor-element-c608319 e-con-full e-flex e-con e-child\" data-id=\"c608319\" data-element_type=\"container\">\n\t\t\t\t<div class=\"elementor-element elementor-element-585ac99 elementor-widget elementor-widget-block_simple_visuel\" data-id=\"585ac99\" data-element_type=\"widget\" data-widget_type=\"block_simple_visuel.default\">\n\t\t\t\t<div class=\"elementor-widget-container\">\n\t\t\t    <div class=\"container\">\n        <figure>\n                        \n                                                            <a href=\"https:\/\/www.missionslocalesnormandie.fr\/content\/uploads\/sites\/4\/2024\/08\/carte-web.png\">\n                    <img decoding=\"async\" src=\"https:\/\/www.missionslocalesnormandie.fr\/content\/uploads\/sites\/4\/2024\/08\/carte-web-950x595-c-default.png\"\n                         alt=\"MISSION LOCALE DU PAYS D'ALENCON\"\/>\n                <\/a>\n            \n                    <\/figure>\n    <\/div>\n\t\t<\/div>\n\t\t\t\t<\/div>\n\t\t\t\t<\/div>\n\t\t\t\t\t<\/div>\n\t\t\t\t<\/div>\n\t\t\t\t<\/div>\n\t\t","protected":false},"excerpt":{"rendered":"<p>Un lien constant avec les communes Toutes les communes sur lesquelles nous intervenons sont convi\u00e9es \u00e0 nos Assembl\u00e9es G\u00e9n\u00e9rales afin de pouvoir assurer un suivi r\u00e9gulier de nos actions. La Mission Locale d&#8217;Alen\u00e7on est invit\u00e9e \u00e0 collaborer avec les diff\u00e9rents services municipaux afin d\u2019apporter son expertise sur la population des 16 \u00e0 25 ans. Les [&hellip;]<\/p>\n","protected":false},"author":1,"featured_media":0,"parent":0,"menu_order":0,"comment_status":"closed","ping_status":"closed","template":"","meta":{"_acf_changed":false,"_crosspost_to_1":false,"_crosspost_to_2":false,"_crosspost_to_3":false,"_crosspost_to_5":false,"_crosspost_to_6":false,"_crosspost_to_7":false,"_crosspost_to_8":false,"_crosspost_to_11":false,"_crosspost_to_12":false,"_crosspost_to_13":false,"_crosspost_to_14":false,"_crosspost_to_15":false,"_crosspost_to_16":false,"inline_featured_image":false,"footnotes":""},"acf":[],"yoast_head":"<!-- This site is optimized with the Yoast SEO plugin v21.9.1 - https:\/\/yoast.com\/wordpress\/plugins\/seo\/ -->\n<title>Notre territoire - MISSION LOCALE DU PAYS D&#039;ALENCON<\/title>\n<meta name=\"robots\" content=\"index, follow, max-snippet:-1, max-image-preview:large, max-video-preview:-1\" \/>\n<link rel=\"canonical\" href=\"https:\/\/www.missionslocalesnormandie.fr\/mission-locale-pays-alencon\/notre-territoire-2\/\" \/>\n<meta property=\"og:locale\" content=\"fr_FR\" \/>\n<meta property=\"og:type\" content=\"article\" \/>\n<meta property=\"og:title\" content=\"Notre territoire - MISSION LOCALE DU PAYS D&#039;ALENCON\" \/>\n<meta property=\"og:description\" content=\"Un lien constant avec les communes Toutes les communes sur lesquelles nous intervenons sont convi\u00e9es \u00e0 nos Assembl\u00e9es G\u00e9n\u00e9rales afin de pouvoir assurer un suivi r\u00e9gulier de nos actions. La Mission Locale d&#8217;Alen\u00e7on est invit\u00e9e \u00e0 collaborer avec les diff\u00e9rents services municipaux afin d\u2019apporter son expertise sur la population des 16 \u00e0 25 ans. Les [&hellip;]\" \/>\n<meta property=\"og:url\" content=\"https:\/\/www.missionslocalesnormandie.fr\/mission-locale-pays-alencon\/notre-territoire-2\/\" \/>\n<meta property=\"og:site_name\" content=\"MISSION LOCALE DU PAYS D&#039;ALENCON\" \/>\n<meta property=\"article:modified_time\" content=\"2024-08-01T14:51:44+00:00\" \/>\n<meta property=\"og:image\" content=\"https:\/\/www.missionslocalesnormandie.fr\/content\/uploads\/sites\/4\/2024\/08\/carte-web-950x595-c-default.png\" \/>\n<meta name=\"twitter:card\" content=\"summary_large_image\" \/>\n<meta name=\"twitter:label1\" content=\"Dur\u00e9e de lecture estim\u00e9e\" \/>\n\t<meta name=\"twitter:data1\" content=\"1 minute\" \/>\n<script type=\"application\/ld+json\" class=\"yoast-schema-graph\">{\"@context\":\"https:\/\/schema.org\",\"@graph\":[{\"@type\":\"WebPage\",\"@id\":\"https:\/\/www.missionslocalesnormandie.fr\/mission-locale-pays-alencon\/notre-territoire-2\/\",\"url\":\"https:\/\/www.missionslocalesnormandie.fr\/mission-locale-pays-alencon\/notre-territoire-2\/\",\"name\":\"Notre territoire - MISSION LOCALE DU PAYS D'ALENCON\",\"isPartOf\":{\"@id\":\"https:\/\/www.missionslocalesnormandie.fr\/mission-locale-pays-alencon\/#website\"},\"datePublished\":\"2023-12-14T14:11:21+00:00\",\"dateModified\":\"2024-08-01T14:51:44+00:00\",\"breadcrumb\":{\"@id\":\"https:\/\/www.missionslocalesnormandie.fr\/mission-locale-pays-alencon\/notre-territoire-2\/#breadcrumb\"},\"inLanguage\":\"fr-FR\",\"potentialAction\":[{\"@type\":\"ReadAction\",\"target\":[\"https:\/\/www.missionslocalesnormandie.fr\/mission-locale-pays-alencon\/notre-territoire-2\/\"]}]},{\"@type\":\"BreadcrumbList\",\"@id\":\"https:\/\/www.missionslocalesnormandie.fr\/mission-locale-pays-alencon\/notre-territoire-2\/#breadcrumb\",\"itemListElement\":[{\"@type\":\"ListItem\",\"position\":1,\"name\":\"Home\",\"item\":\"https:\/\/www.missionslocalesnormandie.fr\/mission-locale-pays-alencon\/\"},{\"@type\":\"ListItem\",\"position\":2,\"name\":\"Notre territoire\"}]},{\"@type\":\"WebSite\",\"@id\":\"https:\/\/www.missionslocalesnormandie.fr\/mission-locale-pays-alencon\/#website\",\"url\":\"https:\/\/www.missionslocalesnormandie.fr\/mission-locale-pays-alencon\/\",\"name\":\"MISSION LOCALE DU PAYS D'ALENCON\",\"description\":\"\",\"potentialAction\":[{\"@type\":\"SearchAction\",\"target\":{\"@type\":\"EntryPoint\",\"urlTemplate\":\"https:\/\/www.missionslocalesnormandie.fr\/mission-locale-pays-alencon\/?s={search_term_string}\"},\"query-input\":\"required name=search_term_string\"}],\"inLanguage\":\"fr-FR\"}]}<\/script>\n<!-- \/ Yoast SEO plugin. -->","yoast_head_json":{"title":"Notre territoire - MISSION LOCALE DU PAYS D'ALENCON","robots":{"index":"index","follow":"follow","max-snippet":"max-snippet:-1","max-image-preview":"max-image-preview:large","max-video-preview":"max-video-preview:-1"},"canonical":"https:\/\/www.missionslocalesnormandie.fr\/mission-locale-pays-alencon\/notre-territoire-2\/","og_locale":"fr_FR","og_type":"article","og_title":"Notre territoire - MISSION LOCALE DU PAYS D'ALENCON","og_description":"Un lien constant avec les communes Toutes les communes sur lesquelles nous intervenons sont convi\u00e9es \u00e0 nos Assembl\u00e9es G\u00e9n\u00e9rales afin de pouvoir assurer un suivi r\u00e9gulier de nos actions. La Mission Locale d&#8217;Alen\u00e7on est invit\u00e9e \u00e0 collaborer avec les diff\u00e9rents services municipaux afin d\u2019apporter son expertise sur la population des 16 \u00e0 25 ans. Les [&hellip;]","og_url":"https:\/\/www.missionslocalesnormandie.fr\/mission-locale-pays-alencon\/notre-territoire-2\/","og_site_name":"MISSION LOCALE DU PAYS D'ALENCON","article_modified_time":"2024-08-01T14:51:44+00:00","og_image":[{"url":"https:\/\/www.missionslocalesnormandie.fr\/content\/uploads\/sites\/4\/2024\/08\/carte-web-950x595-c-default.png"}],"twitter_card":"summary_large_image","twitter_misc":{"Dur\u00e9e de lecture estim\u00e9e":"1 minute"},"schema":{"@context":"https:\/\/schema.org","@graph":[{"@type":"WebPage","@id":"https:\/\/www.missionslocalesnormandie.fr\/mission-locale-pays-alencon\/notre-territoire-2\/","url":"https:\/\/www.missionslocalesnormandie.fr\/mission-locale-pays-alencon\/notre-territoire-2\/","name":"Notre territoire - MISSION LOCALE DU PAYS D'ALENCON","isPartOf":{"@id":"https:\/\/www.missionslocalesnormandie.fr\/mission-locale-pays-alencon\/#website"},"datePublished":"2023-12-14T14:11:21+00:00","dateModified":"2024-08-01T14:51:44+00:00","breadcrumb":{"@id":"https:\/\/www.missionslocalesnormandie.fr\/mission-locale-pays-alencon\/notre-territoire-2\/#breadcrumb"},"inLanguage":"fr-FR","potentialAction":[{"@type":"ReadAction","target":["https:\/\/www.missionslocalesnormandie.fr\/mission-locale-pays-alencon\/notre-territoire-2\/"]}]},{"@type":"BreadcrumbList","@id":"https:\/\/www.missionslocalesnormandie.fr\/mission-locale-pays-alencon\/notre-territoire-2\/#breadcrumb","itemListElement":[{"@type":"ListItem","position":1,"name":"Home","item":"https:\/\/www.missionslocalesnormandie.fr\/mission-locale-pays-alencon\/"},{"@type":"ListItem","position":2,"name":"Notre territoire"}]},{"@type":"WebSite","@id":"https:\/\/www.missionslocalesnormandie.fr\/mission-locale-pays-alencon\/#website","url":"https:\/\/www.missionslocalesnormandie.fr\/mission-locale-pays-alencon\/","name":"MISSION LOCALE DU PAYS D'ALENCON","description":"","potentialAction":[{"@type":"SearchAction","target":{"@type":"EntryPoint","urlTemplate":"https:\/\/www.missionslocalesnormandie.fr\/mission-locale-pays-alencon\/?s={search_term_string}"},"query-input":"required name=search_term_string"}],"inLanguage":"fr-FR"}]}},"_links":{"self":[{"href":"https:\/\/www.missionslocalesnormandie.fr\/mission-locale-pays-alencon\/wp-json\/wp\/v2\/pages\/71"}],"collection":[{"href":"https:\/\/www.missionslocalesnormandie.fr\/mission-locale-pays-alencon\/wp-json\/wp\/v2\/pages"}],"about":[{"href":"https:\/\/www.missionslocalesnormandie.fr\/mission-locale-pays-alencon\/wp-json\/wp\/v2\/types\/page"}],"author":[{"embeddable":true,"href":"https:\/\/www.missionslocalesnormandie.fr\/mission-locale-pays-alencon\/wp-json\/wp\/v2\/users\/1"}],"replies":[{"embeddable":true,"href":"https:\/\/www.missionslocalesnormandie.fr\/mission-locale-pays-alencon\/wp-json\/wp\/v2\/comments?post=71"}],"version-history":[{"count":27,"href":"https:\/\/www.missionslocalesnormandie.fr\/mission-locale-pays-alencon\/wp-json\/wp\/v2\/pages\/71\/revisions"}],"predecessor-version":[{"id":3343,"href":"https:\/\/www.missionslocalesnormandie.fr\/mission-locale-pays-alencon\/wp-json\/wp\/v2\/pages\/71\/revisions\/3343"}],"wp:attachment":[{"href":"https:\/\/www.missionslocalesnormandie.fr\/mission-locale-pays-alencon\/wp-json\/wp\/v2\/media?parent=71"}],"curies":[{"name":"wp","href":"https:\/\/api.w.org\/{rel}","templated":true}]}}

<div data-elementor-type="wp-page" data-elementor-id="71" class="elementor elementor-71">
				<div class="elementor-element elementor-element-bfe77e7 e-flex e-con-boxed e-con e-parent" data-id="bfe77e7" data-element_type="container">
					<div class="e-con-inner">
				<div class="elementor-element elementor-element-fd65a56 elementor-widget elementor-widget-block_titre" data-id="fd65a56" data-element_type="widget" data-widget_type="block_titre.default">
				<div class="elementor-widget-container">
			    <div class="container">
        <h2>
            Un lien constant avec les communes
        </h2>
    </div>
		</div>
				</div>
				<div class="elementor-element elementor-element-7d6c881 elementor-widget elementor-widget-block_simple_texte" data-id="7d6c881" data-element_type="widget" data-widget_type="block_simple_texte.default">
				<div class="elementor-widget-container">
			    <div class="container">
        <p style="text-align: justify"><span style="font-weight: 400">Toutes les communes sur lesquelles nous intervenons sont conviées à nos Assemblées Générales afin de pouvoir assurer un suivi régulier de nos actions. La Mission Locale d'Alençon est invitée à collaborer avec les différents services municipaux afin d’apporter son expertise sur la population des 16 à 25 ans. </span></p>
    </div>
		</div>
				</div>
				<div class="elementor-element elementor-element-1424b82 elementor-widget elementor-widget-block_titre" data-id="1424b82" data-element_type="widget" data-widget_type="block_titre.default">
				<div class="elementor-widget-container">
			    <div class="container">
        <h2>
            Les Communautés De Communes
        </h2>
    </div>
		</div>
				</div>
					</div>
				</div>
		<div class="elementor-element elementor-element-c649442 e-flex e-con-boxed e-con e-parent" data-id="c649442" data-element_type="container">
					<div class="e-con-inner">
		<div class="elementor-element elementor-element-cda8467 e-con-full e-flex e-con e-child" data-id="cda8467" data-element_type="container">
				<div class="elementor-element elementor-element-43234b9 elementor-widget elementor-widget-block_simple_texte" data-id="43234b9" data-element_type="widget" data-widget_type="block_simple_texte.default">
				<div class="elementor-widget-container">
			    <div class="container">
        <p> </p><p> </p><p style="text-align: justify"><span style="font-weight: 400">La Mission Locale d'Alençon couvre :</span></p><ul><li style="text-align: justify">la Communauté Urbaine d'Alençon</li><li style="text-align: justify">la CDC des Sources de l'Orne</li><li style="text-align: justify">la CDC de la Vallée de la Haute Sarthe</li><li style="text-align: justify">la CDC du Bocage Carrougien</li></ul>
    </div>
		</div>
				</div>
				</div>
		<div class="elementor-element elementor-element-c608319 e-con-full e-flex e-con e-child" data-id="c608319" data-element_type="container">
				<div class="elementor-element elementor-element-585ac99 elementor-widget elementor-widget-block_simple_visuel" data-id="585ac99" data-element_type="widget" data-widget_type="block_simple_visuel.default">
				<div class="elementor-widget-container">
			    <div class="container">
        <figure>
                        
                                                            <a href="https://www.missionslocalesnormandie.fr/content/uploads/sites/4/2024/08/carte-web.png">
                    <img decoding="async" src="https://www.missionslocalesnormandie.fr/content/uploads/sites/4/2024/08/carte-web-950x595-c-default.png"
                         alt="MISSION LOCALE DU PAYS D'ALENCON"/>
                </a>
            
                    </figure>
    </div>
		</div>
				</div>
				</div>
					</div>
				</div>
				</div>

<p>Un lien constant avec les communes Toutes les communes sur lesquelles nous intervenons sont conviées à nos Assemblées Générales afin de pouvoir assurer un suivi régulier de nos actions. La Mission Locale d&#8217;Alençon est invitée à collaborer avec les différents services municipaux afin d’apporter son expertise sur la population des 16 à 25 ans. Les [&hellip;]</p>

<!-- This site is optimized with the Yoast SEO plugin v21.9.1 - https://yoast.com/wordpress/plugins/seo/ -->
<title>Notre territoire - MISSION LOCALE DU PAYS D&#039;ALENCON</title>
<meta name="robots" content="index, follow, max-snippet:-1, max-image-preview:large, max-video-preview:-1" />
<link rel="canonical" href="https://www.missionslocalesnormandie.fr/mission-locale-pays-alencon/notre-territoire-2/" />
<meta property="og:locale" content="fr_FR" />
<meta property="og:type" content="article" />
<meta property="og:title" content="Notre territoire - MISSION LOCALE DU PAYS D&#039;ALENCON" />
<meta property="og:description" content="Un lien constant avec les communes Toutes les communes sur lesquelles nous intervenons sont conviées à nos Assemblées Générales afin de pouvoir assurer un suivi régulier de nos actions. La Mission Locale d&#8217;Alençon est invitée à collaborer avec les différents services municipaux afin d’apporter son expertise sur la population des 16 à 25 ans. Les [&hellip;]" />
<meta property="og:url" content="https://www.missionslocalesnormandie.fr/mission-locale-pays-alencon/notre-territoire-2/" />
<meta property="og:site_name" content="MISSION LOCALE DU PAYS D&#039;ALENCON" />
<meta property="article:modified_time" content="2024-08-01T14:51:44+00:00" />
<meta property="og:image" content="https://www.missionslocalesnormandie.fr/content/uploads/sites/4/2024/08/carte-web-950x595-c-default.png" />
<meta name="twitter:card" content="summary_large_image" />
<meta name="twitter:label1" content="Durée de lecture estimée" />
	<meta name="twitter:data1" content="1 minute" />
<script type="application/ld+json" class="yoast-schema-graph">{"@context":"https://schema.org","@graph":[{"@type":"WebPage","@id":"https://www.missionslocalesnormandie.fr/mission-locale-pays-alencon/notre-territoire-2/","url":"https://www.missionslocalesnormandie.fr/mission-locale-pays-alencon/notre-territoire-2/","name":"Notre territoire - MISSION LOCALE DU PAYS D'ALENCON","isPartOf":{"@id":"https://www.missionslocalesnormandie.fr/mission-locale-pays-alencon/#website"},"datePublished":"2023-12-14T14:11:21+00:00","dateModified":"2024-08-01T14:51:44+00:00","breadcrumb":{"@id":"https://www.missionslocalesnormandie.fr/mission-locale-pays-alencon/notre-territoire-2/#breadcrumb"},"inLanguage":"fr-FR","potentialAction":[{"@type":"ReadAction","target":["https://www.missionslocalesnormandie.fr/mission-locale-pays-alencon/notre-territoire-2/"]}]},{"@type":"BreadcrumbList","@id":"https://www.missionslocalesnormandie.fr/mission-locale-pays-alencon/notre-territoire-2/#breadcrumb","itemListElement":[{"@type":"ListItem","position":1,"name":"Home","item":"https://www.missionslocalesnormandie.fr/mission-locale-pays-alencon/"},{"@type":"ListItem","position":2,"name":"Notre territoire"}]},{"@type":"WebSite","@id":"https://www.missionslocalesnormandie.fr/mission-locale-pays-alencon/#website","url":"https://www.missionslocalesnormandie.fr/mission-locale-pays-alencon/","name":"MISSION LOCALE DU PAYS D'ALENCON","description":"","potentialAction":[{"@type":"SearchAction","target":{"@type":"EntryPoint","urlTemplate":"https://www.missionslocalesnormandie.fr/mission-locale-pays-alencon/?s={search_term_string}"},"query-input":"required name=search_term_string"}],"inLanguage":"fr-FR"}]}</script>
<!-- / Yoast SEO plugin. -->

Un lien constant avec les communes Toutes les communes sur lesquelles nous intervenons sont conviées à nos Assemblées Générales afin de pouvoir assurer un suivi régulier de nos actions. La Mission Locale d&#8217;Alençon est invitée à collaborer avec les différents services municipaux afin d’apporter son expertise sur la population des 16 à 25 ans. Les [&hellip;]
