{"id":167,"date":"2023-12-14T15:37:45","date_gmt":"2023-12-14T14:37:45","guid":{"rendered":"https:\/\/www.missionslocalesnormandie.fr\/mission-locale-pays-argentan-vimoutiers\/?page_id=167"},"modified":"2025-07-15T16:48:58","modified_gmt":"2025-07-15T14:48:58","slug":"travailler","status":"publish","type":"page","link":"https:\/\/www.missionslocalesnormandie.fr\/mission-locale-pays-argentan-vimoutiers\/travailler\/","title":{"rendered":"Groupement de cr\u00e9ateurs"},"content":{"rendered":"\t\t<div data-elementor-type=\"wp-page\" data-elementor-id=\"167\" class=\"elementor elementor-167\">\n\t\t\t\t<div class=\"elementor-element elementor-element-a0ba472 e-flex e-con-boxed e-con e-parent\" data-id=\"a0ba472\" data-element_type=\"container\">\n\t\t\t\t\t<div class=\"e-con-inner\">\n\t\t<div class=\"elementor-element elementor-element-f4619e7 e-con-full e-flex e-con e-child\" data-id=\"f4619e7\" data-element_type=\"container\">\n\t\t\t\t<div class=\"elementor-element elementor-element-6321a2b elementor-widget elementor-widget-block_titre\" data-id=\"6321a2b\" data-element_type=\"widget\" data-widget_type=\"block_titre.default\">\n\t\t\t\t<div class=\"elementor-widget-container\">\n\t\t\t    <div class=\"container\">\n        <h2>\n            Le Parcours Groupement de Cr\u00e9ateurs\n        <\/h2>\n    <\/div>\n\t\t<\/div>\n\t\t\t\t<\/div>\n\t\t\t\t<div class=\"elementor-element elementor-element-4300224 elementor-widget elementor-widget-block_simple_texte\" data-id=\"4300224\" data-element_type=\"widget\" data-widget_type=\"block_simple_texte.default\">\n\t\t\t\t<div class=\"elementor-widget-container\">\n\t\t\t    <div class=\"container\">\n        <p style=\"text-align: justify\"><span style=\"font-size: 14pt\">Vous avez une id\u00e9e, un r\u00eave, un projet ? Le Groupement de Cr\u00e9ateurs est l\u00e0 pour vous ! <\/span><\/p><p style=\"text-align: justify\"><span style=\"font-size: 14pt\">Il vous suffit de vous inscrire \u00e0 la Mission Locale <i>(formulaire pr\u00e9-inscription sur la page d'accueil) ou de contacter le r\u00e9f\u00e9rent du groupement de cr\u00e9ateurs : <strong>jp.gaboriau@missionlocale-argentan.fr<\/strong><\/i><\/span><\/p><p style=\"text-align: justify\"><span style=\"font-size: 14pt\">Le Groupement de Cr\u00e9ateurs intervient en amont de votre parcours de cr\u00e9ation d\u2019entreprise.<\/span><\/p><p style=\"text-align: justify\"><span style=\"font-size: 14pt\">Ainsi, ils facilitent l\u2019acc\u00e8s aux dispositifs de la cr\u00e9ation d\u2019activit\u00e9.<\/span><\/p>\n    <\/div>\n\t\t<\/div>\n\t\t\t\t<\/div>\n\t\t\t\t<\/div>\n\t\t<div class=\"elementor-element elementor-element-531b8ea e-con-full e-flex e-con e-child\" data-id=\"531b8ea\" data-element_type=\"container\">\n\t\t\t\t<div class=\"elementor-element elementor-element-876d612 elementor-widget elementor-widget-block_simple_visuel\" data-id=\"876d612\" data-element_type=\"widget\" data-widget_type=\"block_simple_visuel.default\">\n\t\t\t\t<div class=\"elementor-widget-container\">\n\t\t\t    <div class=\"container\">\n        <figure>\n                        \n                                                            <a href=\"https:\/\/www.missionslocalesnormandie.fr\/content\/uploads\/sites\/5\/2025\/07\/design-creation-image-microsite.png\">\n                    <img decoding=\"async\" src=\"https:\/\/www.missionslocalesnormandie.fr\/content\/uploads\/sites\/5\/2025\/07\/design-creation-image-microsite-950x595-c-default.png\"\n                         alt=\"image groupement de cr\u00e9ateurs\"\/>\n                <\/a>\n            \n                    <\/figure>\n    <\/div>\n\t\t<\/div>\n\t\t\t\t<\/div>\n\t\t\t\t<\/div>\n\t\t\t\t\t<\/div>\n\t\t\t\t<\/div>\n\t\t<div class=\"elementor-element elementor-element-57dec7c e-flex e-con-boxed e-con e-parent\" data-id=\"57dec7c\" data-element_type=\"container\">\n\t\t\t\t\t<div class=\"e-con-inner\">\n\t\t<div class=\"elementor-element elementor-element-e58fa22 e-con-full e-flex e-con e-child\" data-id=\"e58fa22\" data-element_type=\"container\">\n\t\t\t\t<div class=\"elementor-element elementor-element-cace68c elementor-widget elementor-widget-block_titre\" data-id=\"cace68c\" data-element_type=\"widget\" data-widget_type=\"block_titre.default\">\n\t\t\t\t<div class=\"elementor-widget-container\">\n\t\t\t    <div class=\"container\">\n        <h2>\n            L\u2019\u00c9mergence : Pour passer de l\u2019id\u00e9e au projet\n        <\/h2>\n    <\/div>\n\t\t<\/div>\n\t\t\t\t<\/div>\n\t\t\t\t<div class=\"elementor-element elementor-element-3733cf0 elementor-widget elementor-widget-block_simple_texte\" data-id=\"3733cf0\" data-element_type=\"widget\" data-widget_type=\"block_simple_texte.default\">\n\t\t\t\t<div class=\"elementor-widget-container\">\n\t\t\t    <div class=\"container\">\n        <p style=\"text-align: justify\"><span style=\"font-size: 14pt\">Compos\u00e9e d\u2019entretiens, d\u2019ateliers collectifs et de temps de travail en autonomie, la phase d\u2019\u00e9mergence vous permet de d\u00e9finir et valider votre id\u00e9e en quatre \u00e9tapes :<\/span><\/p><ul><li style=\"text-align: justify\"><span style=\"font-size: 14pt\">Mieux se conna\u00eetre en tant que porteur de projet, identifier ses comp\u00e9tences professionnelles et personnelles, ses motivations, ses valeurs, ses ressources et ses contraintes personnelles)<\/span><\/li><li style=\"text-align: justify\"><span style=\"font-size: 14pt\">D\u00e9finir pr\u00e9cis\u00e9ment son id\u00e9e. Qu\u2019est-ce qu\u2019on veut faire ? O\u00f9 ? Quand ? Comment ? Pour qui et avec qui ?<\/span><\/li><li style=\"text-align: justify\"><span style=\"font-size: 14pt\">D\u00e9couvrir l\u2019environnement de son projet, le secteur d\u2019activit\u00e9, les m\u00e9tiers, le march\u00e9, la concurrence, les besoins d\u2019investissement<\/span><\/li><li style=\"text-align: justify\"><span style=\"font-size: 14pt\">V\u00e9rifier l\u2019ad\u00e9quation entre la personne, son projet et l\u2019environnement du projet.<\/span><\/li><\/ul>\n    <\/div>\n\t\t<\/div>\n\t\t\t\t<\/div>\n\t\t\t\t<\/div>\n\t\t<div class=\"elementor-element elementor-element-7b95735 e-con-full e-flex e-con e-child\" data-id=\"7b95735\" data-element_type=\"container\">\n\t\t\t\t<div class=\"elementor-element elementor-element-b8cdf5e elementor-widget elementor-widget-block_simple_embed\" data-id=\"b8cdf5e\" data-element_type=\"widget\" data-widget_type=\"block_simple_embed.default\">\n\t\t\t\t<div class=\"elementor-widget-container\">\n\t\t\t<div class=\"container\">\n    <div class=\"embed-wrapper ratio ratio-16x9 my-4\">\n                <iframe src=\"https:\/\/www.youtube.com\/embed\/LjG7Wee7S8M\"\n                allowfullscreen><\/iframe>\n            <\/div>\n<\/div>\t\t<\/div>\n\t\t\t\t<\/div>\n\t\t\t\t<\/div>\n\t\t\t\t\t<\/div>\n\t\t\t\t<\/div>\n\t\t<div class=\"elementor-element elementor-element-e1fd1bf e-flex e-con-boxed e-con e-parent\" data-id=\"e1fd1bf\" data-element_type=\"container\">\n\t\t\t\t\t<div class=\"e-con-inner\">\n\t\t\t\t\t<\/div>\n\t\t\t\t<\/div>\n\t\t\t\t<\/div>\n\t\t","protected":false},"excerpt":{"rendered":"<p>Le Parcours Groupement de Cr\u00e9ateurs Vous avez une id\u00e9e, un r\u00eave, un projet ? Le Groupement de Cr\u00e9ateurs est l\u00e0 pour vous ! Il vous suffit de vous inscrire \u00e0 la Mission Locale (formulaire pr\u00e9-inscription sur la page d&#8217;accueil) ou de contacter le r\u00e9f\u00e9rent du groupement de cr\u00e9ateurs : jp.gaboriau@missionlocale-argentan.fr Le Groupement de Cr\u00e9ateurs intervient [&hellip;]<\/p>\n","protected":false},"author":1,"featured_media":0,"parent":0,"menu_order":0,"comment_status":"closed","ping_status":"closed","template":"","meta":{"_acf_changed":false,"_crosspost_to_1":false,"_crosspost_to_2":false,"_crosspost_to_3":false,"_crosspost_to_4":false,"_crosspost_to_6":false,"_crosspost_to_7":false,"_crosspost_to_8":false,"_crosspost_to_11":false,"_crosspost_to_12":false,"_crosspost_to_13":false,"_crosspost_to_14":false,"_crosspost_to_15":false,"_crosspost_to_16":false,"inline_featured_image":false,"footnotes":""},"acf":[],"yoast_head":"<!-- This site is optimized with the Yoast SEO plugin v21.9.1 - https:\/\/yoast.com\/wordpress\/plugins\/seo\/ -->\n<title>Groupement de cr\u00e9ateurs - MISSION LOCALE DES PAYS D&#039;ARGENTAN ET DE VIMOUTIERS<\/title>\n<meta name=\"robots\" content=\"index, follow, max-snippet:-1, max-image-preview:large, max-video-preview:-1\" \/>\n<link rel=\"canonical\" href=\"https:\/\/www.missionslocalesnormandie.fr\/mission-locale-pays-argentan-vimoutiers\/travailler\/\" \/>\n<meta property=\"og:locale\" content=\"fr_FR\" \/>\n<meta property=\"og:type\" content=\"article\" \/>\n<meta property=\"og:title\" content=\"Groupement de cr\u00e9ateurs - MISSION LOCALE DES PAYS D&#039;ARGENTAN ET DE VIMOUTIERS\" \/>\n<meta property=\"og:description\" content=\"Le Parcours Groupement de Cr\u00e9ateurs Vous avez une id\u00e9e, un r\u00eave, un projet ? Le Groupement de Cr\u00e9ateurs est l\u00e0 pour vous ! Il vous suffit de vous inscrire \u00e0 la Mission Locale (formulaire pr\u00e9-inscription sur la page d&#8217;accueil) ou de contacter le r\u00e9f\u00e9rent du groupement de cr\u00e9ateurs : jp.gaboriau@missionlocale-argentan.fr Le Groupement de Cr\u00e9ateurs intervient [&hellip;]\" \/>\n<meta property=\"og:url\" content=\"https:\/\/www.missionslocalesnormandie.fr\/mission-locale-pays-argentan-vimoutiers\/travailler\/\" \/>\n<meta property=\"og:site_name\" content=\"MISSION LOCALE DES PAYS D&#039;ARGENTAN ET DE VIMOUTIERS\" \/>\n<meta property=\"article:modified_time\" content=\"2025-07-15T14:48:58+00:00\" \/>\n<meta property=\"og:image\" content=\"https:\/\/www.missionslocalesnormandie.fr\/content\/uploads\/sites\/5\/2025\/07\/design-creation-image-microsite-950x595-c-default.png\" \/>\n<meta name=\"twitter:card\" content=\"summary_large_image\" \/>\n<meta name=\"twitter:label1\" content=\"Dur\u00e9e de lecture estim\u00e9e\" \/>\n\t<meta name=\"twitter:data1\" content=\"2 minutes\" \/>\n<script type=\"application\/ld+json\" class=\"yoast-schema-graph\">{\"@context\":\"https:\/\/schema.org\",\"@graph\":[{\"@type\":\"WebPage\",\"@id\":\"https:\/\/www.missionslocalesnormandie.fr\/mission-locale-pays-argentan-vimoutiers\/travailler\/\",\"url\":\"https:\/\/www.missionslocalesnormandie.fr\/mission-locale-pays-argentan-vimoutiers\/travailler\/\",\"name\":\"Groupement de cr\u00e9ateurs - MISSION LOCALE DES PAYS D'ARGENTAN ET DE VIMOUTIERS\",\"isPartOf\":{\"@id\":\"https:\/\/www.missionslocalesnormandie.fr\/mission-locale-pays-argentan-vimoutiers\/#website\"},\"datePublished\":\"2023-12-14T14:37:45+00:00\",\"dateModified\":\"2025-07-15T14:48:58+00:00\",\"breadcrumb\":{\"@id\":\"https:\/\/www.missionslocalesnormandie.fr\/mission-locale-pays-argentan-vimoutiers\/travailler\/#breadcrumb\"},\"inLanguage\":\"fr-FR\",\"potentialAction\":[{\"@type\":\"ReadAction\",\"target\":[\"https:\/\/www.missionslocalesnormandie.fr\/mission-locale-pays-argentan-vimoutiers\/travailler\/\"]}]},{\"@type\":\"BreadcrumbList\",\"@id\":\"https:\/\/www.missionslocalesnormandie.fr\/mission-locale-pays-argentan-vimoutiers\/travailler\/#breadcrumb\",\"itemListElement\":[{\"@type\":\"ListItem\",\"position\":1,\"name\":\"Home\",\"item\":\"https:\/\/www.missionslocalesnormandie.fr\/mission-locale-pays-argentan-vimoutiers\/\"},{\"@type\":\"ListItem\",\"position\":2,\"name\":\"Groupement de cr\u00e9ateurs\"}]},{\"@type\":\"WebSite\",\"@id\":\"https:\/\/www.missionslocalesnormandie.fr\/mission-locale-pays-argentan-vimoutiers\/#website\",\"url\":\"https:\/\/www.missionslocalesnormandie.fr\/mission-locale-pays-argentan-vimoutiers\/\",\"name\":\"MISSION LOCALE DES PAYS D'ARGENTAN ET DE VIMOUTIERS\",\"description\":\"\",\"potentialAction\":[{\"@type\":\"SearchAction\",\"target\":{\"@type\":\"EntryPoint\",\"urlTemplate\":\"https:\/\/www.missionslocalesnormandie.fr\/mission-locale-pays-argentan-vimoutiers\/?s={search_term_string}\"},\"query-input\":\"required name=search_term_string\"}],\"inLanguage\":\"fr-FR\"}]}<\/script>\n<!-- \/ Yoast SEO plugin. -->","yoast_head_json":{"title":"Groupement de cr\u00e9ateurs - MISSION LOCALE DES PAYS D'ARGENTAN ET DE VIMOUTIERS","robots":{"index":"index","follow":"follow","max-snippet":"max-snippet:-1","max-image-preview":"max-image-preview:large","max-video-preview":"max-video-preview:-1"},"canonical":"https:\/\/www.missionslocalesnormandie.fr\/mission-locale-pays-argentan-vimoutiers\/travailler\/","og_locale":"fr_FR","og_type":"article","og_title":"Groupement de cr\u00e9ateurs - MISSION LOCALE DES PAYS D'ARGENTAN ET DE VIMOUTIERS","og_description":"Le Parcours Groupement de Cr\u00e9ateurs Vous avez une id\u00e9e, un r\u00eave, un projet ? Le Groupement de Cr\u00e9ateurs est l\u00e0 pour vous ! Il vous suffit de vous inscrire \u00e0 la Mission Locale (formulaire pr\u00e9-inscription sur la page d&#8217;accueil) ou de contacter le r\u00e9f\u00e9rent du groupement de cr\u00e9ateurs : jp.gaboriau@missionlocale-argentan.fr Le Groupement de Cr\u00e9ateurs intervient [&hellip;]","og_url":"https:\/\/www.missionslocalesnormandie.fr\/mission-locale-pays-argentan-vimoutiers\/travailler\/","og_site_name":"MISSION LOCALE DES PAYS D'ARGENTAN ET DE VIMOUTIERS","article_modified_time":"2025-07-15T14:48:58+00:00","og_image":[{"url":"https:\/\/www.missionslocalesnormandie.fr\/content\/uploads\/sites\/5\/2025\/07\/design-creation-image-microsite-950x595-c-default.png"}],"twitter_card":"summary_large_image","twitter_misc":{"Dur\u00e9e de lecture estim\u00e9e":"2 minutes"},"schema":{"@context":"https:\/\/schema.org","@graph":[{"@type":"WebPage","@id":"https:\/\/www.missionslocalesnormandie.fr\/mission-locale-pays-argentan-vimoutiers\/travailler\/","url":"https:\/\/www.missionslocalesnormandie.fr\/mission-locale-pays-argentan-vimoutiers\/travailler\/","name":"Groupement de cr\u00e9ateurs - MISSION LOCALE DES PAYS D'ARGENTAN ET DE VIMOUTIERS","isPartOf":{"@id":"https:\/\/www.missionslocalesnormandie.fr\/mission-locale-pays-argentan-vimoutiers\/#website"},"datePublished":"2023-12-14T14:37:45+00:00","dateModified":"2025-07-15T14:48:58+00:00","breadcrumb":{"@id":"https:\/\/www.missionslocalesnormandie.fr\/mission-locale-pays-argentan-vimoutiers\/travailler\/#breadcrumb"},"inLanguage":"fr-FR","potentialAction":[{"@type":"ReadAction","target":["https:\/\/www.missionslocalesnormandie.fr\/mission-locale-pays-argentan-vimoutiers\/travailler\/"]}]},{"@type":"BreadcrumbList","@id":"https:\/\/www.missionslocalesnormandie.fr\/mission-locale-pays-argentan-vimoutiers\/travailler\/#breadcrumb","itemListElement":[{"@type":"ListItem","position":1,"name":"Home","item":"https:\/\/www.missionslocalesnormandie.fr\/mission-locale-pays-argentan-vimoutiers\/"},{"@type":"ListItem","position":2,"name":"Groupement de cr\u00e9ateurs"}]},{"@type":"WebSite","@id":"https:\/\/www.missionslocalesnormandie.fr\/mission-locale-pays-argentan-vimoutiers\/#website","url":"https:\/\/www.missionslocalesnormandie.fr\/mission-locale-pays-argentan-vimoutiers\/","name":"MISSION LOCALE DES PAYS D'ARGENTAN ET DE VIMOUTIERS","description":"","potentialAction":[{"@type":"SearchAction","target":{"@type":"EntryPoint","urlTemplate":"https:\/\/www.missionslocalesnormandie.fr\/mission-locale-pays-argentan-vimoutiers\/?s={search_term_string}"},"query-input":"required name=search_term_string"}],"inLanguage":"fr-FR"}]}},"_links":{"self":[{"href":"https:\/\/www.missionslocalesnormandie.fr\/mission-locale-pays-argentan-vimoutiers\/wp-json\/wp\/v2\/pages\/167"}],"collection":[{"href":"https:\/\/www.missionslocalesnormandie.fr\/mission-locale-pays-argentan-vimoutiers\/wp-json\/wp\/v2\/pages"}],"about":[{"href":"https:\/\/www.missionslocalesnormandie.fr\/mission-locale-pays-argentan-vimoutiers\/wp-json\/wp\/v2\/types\/page"}],"author":[{"embeddable":true,"href":"https:\/\/www.missionslocalesnormandie.fr\/mission-locale-pays-argentan-vimoutiers\/wp-json\/wp\/v2\/users\/1"}],"replies":[{"embeddable":true,"href":"https:\/\/www.missionslocalesnormandie.fr\/mission-locale-pays-argentan-vimoutiers\/wp-json\/wp\/v2\/comments?post=167"}],"version-history":[{"count":34,"href":"https:\/\/www.missionslocalesnormandie.fr\/mission-locale-pays-argentan-vimoutiers\/wp-json\/wp\/v2\/pages\/167\/revisions"}],"predecessor-version":[{"id":686,"href":"https:\/\/www.missionslocalesnormandie.fr\/mission-locale-pays-argentan-vimoutiers\/wp-json\/wp\/v2\/pages\/167\/revisions\/686"}],"wp:attachment":[{"href":"https:\/\/www.missionslocalesnormandie.fr\/mission-locale-pays-argentan-vimoutiers\/wp-json\/wp\/v2\/media?parent=167"}],"curies":[{"name":"wp","href":"https:\/\/api.w.org\/{rel}","templated":true}]}}