{"id":408,"date":"2025-07-04T13:57:45","date_gmt":"2025-07-04T11:57:45","guid":{"rendered":"https:\/\/www.missionslocalesnormandie.fr\/mission-locale-pays-argentan-vimoutiers\/?page_id=408"},"modified":"2025-07-17T09:29:40","modified_gmt":"2025-07-17T07:29:40","slug":"aide-a-la-vie-au-quotidien","status":"publish","type":"page","link":"https:\/\/www.missionslocalesnormandie.fr\/mission-locale-pays-argentan-vimoutiers\/aide-a-la-vie-au-quotidien\/","title":{"rendered":"Vie quotidienne"},"content":{"rendered":"\t\t<div data-elementor-type=\"wp-page\" data-elementor-id=\"408\" class=\"elementor elementor-408\">\n\t\t\t\t<div class=\"elementor-element elementor-element-ea398d5 e-flex e-con-boxed e-con e-parent\" data-id=\"ea398d5\" data-element_type=\"container\">\n\t\t\t\t\t<div class=\"e-con-inner\">\n\t\t\t\t<div class=\"elementor-element elementor-element-2485c47 elementor-widget elementor-widget-block_titre\" data-id=\"2485c47\" data-element_type=\"widget\" data-widget_type=\"block_titre.default\">\n\t\t\t\t<div class=\"elementor-widget-container\">\n\t\t\t    <div class=\"container\">\n        <h2>\n            Sant\u00e9\n        <\/h2>\n    <\/div>\n\t\t<\/div>\n\t\t\t\t<\/div>\n\t\t\t\t\t<\/div>\n\t\t\t\t<\/div>\n\t\t<div class=\"elementor-element elementor-element-b162e09 e-flex e-con-boxed e-con e-parent\" data-id=\"b162e09\" data-element_type=\"container\">\n\t\t\t\t\t<div class=\"e-con-inner\">\n\t\t<div class=\"elementor-element elementor-element-bc4119a e-con-full e-flex e-con e-child\" data-id=\"bc4119a\" data-element_type=\"container\">\n\t\t\t\t<div class=\"elementor-element elementor-element-21bfe85 elementor-widget elementor-widget-block_simple_visuel\" data-id=\"21bfe85\" data-element_type=\"widget\" data-widget_type=\"block_simple_visuel.default\">\n\t\t\t\t<div class=\"elementor-widget-container\">\n\t\t\t    <div class=\"container\">\n        <figure>\n                        \n                                                            <a href=\"https:\/\/www.missionslocalesnormandie.fr\/content\/uploads\/sites\/5\/2025\/07\/ML-Argentan-Vimoutiers-pictos.png\">\n                    <img decoding=\"async\" src=\"https:\/\/www.missionslocalesnormandie.fr\/content\/uploads\/sites\/5\/2025\/07\/ML-Argentan-Vimoutiers-pictos-950x595-c-default.png\"\n                         alt=\"MISSION LOCALE DES PAYS D'ARGENTAN ET DE VIMOUTIERS\"\/>\n                <\/a>\n            \n                    <\/figure>\n    <\/div>\n\t\t<\/div>\n\t\t\t\t<\/div>\n\t\t\t\t<\/div>\n\t\t<div class=\"elementor-element elementor-element-26a76b7 e-con-full e-flex e-con e-child\" data-id=\"26a76b7\" data-element_type=\"container\">\n\t\t\t\t<div class=\"elementor-element elementor-element-7d8784f elementor-widget elementor-widget-block_simple_texte\" data-id=\"7d8784f\" data-element_type=\"widget\" data-widget_type=\"block_simple_texte.default\">\n\t\t\t\t<div class=\"elementor-widget-container\">\n\t\t\t    <div class=\"container\">\n        <p style=\"text-align: justify\"><span style=\"font-size: 14pt\">\u00ab <strong>\u00catre bien dans sa t\u00eate et dans son corps<\/strong> \u00bb<\/span><\/p><ul style=\"text-align: justify\"><li><span style=\"font-size: 14pt\">Des questions sur mes droits : carte vitale, compl\u00e9mentaire sant\u00e9 solidaire, mutuelle... ?<\/span><\/li><li><span style=\"font-size: 14pt\">\u00c0 qui s'adresse le bilan de sant\u00e9 ?<\/span><\/li><li><span style=\"font-size: 14pt\">Je me sens mal dans ma peau, stress, probl\u00e8me de sommeil...<\/span><\/li><li><span style=\"font-size: 14pt\">O\u00f9 trouver un lieu d'\u00e9coute confidentiel ?<\/span><\/li><li><span style=\"font-size: 14pt\">Quelle contraception choisir ?<\/span><\/li><li><span style=\"font-size: 14pt\">C'est quoi \u00eatre en situation de handicap ?<\/span><\/li><\/ul><p style=\"text-align: justify\"><span style=\"font-size: 14pt\"><strong>Ensemble, nous pouvons aborder ces sujets et t'orienter vers les professionnels de sant\u00e9 du territoire en toute confidentialit\u00e9.<\/strong><\/span><\/p>\n    <\/div>\n\t\t<\/div>\n\t\t\t\t<\/div>\n\t\t\t\t<\/div>\n\t\t\t\t\t<\/div>\n\t\t\t\t<\/div>\n\t\t<div class=\"elementor-element elementor-element-9398219 e-flex e-con-boxed e-con e-parent\" data-id=\"9398219\" data-element_type=\"container\">\n\t\t\t\t\t<div class=\"e-con-inner\">\n\t\t\t\t<div class=\"elementor-element elementor-element-18dcd4a elementor-widget elementor-widget-block_titre\" data-id=\"18dcd4a\" data-element_type=\"widget\" data-widget_type=\"block_titre.default\">\n\t\t\t\t<div class=\"elementor-widget-container\">\n\t\t\t    <div class=\"container\">\n        <h2>\n            Mobilit\u00e9\n        <\/h2>\n    <\/div>\n\t\t<\/div>\n\t\t\t\t<\/div>\n\t\t\t\t\t<\/div>\n\t\t\t\t<\/div>\n\t\t<div class=\"elementor-element elementor-element-6776e5e e-flex e-con-boxed e-con e-parent\" data-id=\"6776e5e\" data-element_type=\"container\">\n\t\t\t\t\t<div class=\"e-con-inner\">\n\t\t<div class=\"elementor-element elementor-element-feac342 e-con-full e-flex e-con e-child\" data-id=\"feac342\" data-element_type=\"container\">\n\t\t\t\t<div class=\"elementor-element elementor-element-27b4437 elementor-widget elementor-widget-block_simple_texte\" data-id=\"27b4437\" data-element_type=\"widget\" data-widget_type=\"block_simple_texte.default\">\n\t\t\t\t<div class=\"elementor-widget-container\">\n\t\t\t    <div class=\"container\">\n        <p style=\"text-align: justify\"><span style=\"font-size: 14pt\">\u00ab <strong>Faciliter ses d\u00e9placements<\/strong><\/span><br \/><span style=\"font-size: 14pt\"><strong>pour concr\u00e9tiser des projets<\/strong> \u00bb<\/span><\/p><ul style=\"text-align: justify\"><li><span style=\"font-size: 14pt\">Quels sont les moyens de transport (bus, train, covoiturage\u2026) proches de chez moi ?<\/span><\/li><li><span style=\"font-size: 14pt\">Quelles sont les aides pour financer un permis ?<\/span><\/li><li><span style=\"font-size: 14pt\">O\u00f9 louer un scooter ?<\/span><\/li><li><span style=\"font-size: 14pt\">Quels sont les sites pour organiser mes trajets ?<\/span><\/li><li><span style=\"font-size: 14pt\">Existe-t-il des aides financi\u00e8res pour le transport ?<\/span><\/li><\/ul><p style=\"text-align: justify\"><span style=\"font-size: 14pt\"><strong>Ensemble, nous \u00e9tudierons les solutions les plus adapt\u00e9es pour tes d\u00e9placements en lien avec les partenaires mobilit\u00e9 du territoire.<\/strong><\/span><\/p>\n    <\/div>\n\t\t<\/div>\n\t\t\t\t<\/div>\n\t\t\t\t<\/div>\n\t\t<div class=\"elementor-element elementor-element-1dfe878 e-con-full e-flex e-con e-child\" data-id=\"1dfe878\" data-element_type=\"container\">\n\t\t\t\t<div class=\"elementor-element elementor-element-5627bed elementor-widget elementor-widget-block_simple_visuel\" data-id=\"5627bed\" data-element_type=\"widget\" data-widget_type=\"block_simple_visuel.default\">\n\t\t\t\t<div class=\"elementor-widget-container\">\n\t\t\t    <div class=\"container\">\n        <figure>\n                        \n                                                            <a href=\"https:\/\/www.missionslocalesnormandie.fr\/content\/uploads\/sites\/5\/2025\/07\/ML-Argentan-Vimoutiers-pictos-1.png\">\n                    <img decoding=\"async\" src=\"https:\/\/www.missionslocalesnormandie.fr\/content\/uploads\/sites\/5\/2025\/07\/ML-Argentan-Vimoutiers-pictos-1-950x595-c-default.png\"\n                         alt=\"MISSION LOCALE DES PAYS D'ARGENTAN ET DE VIMOUTIERS\"\/>\n                <\/a>\n            \n                    <\/figure>\n    <\/div>\n\t\t<\/div>\n\t\t\t\t<\/div>\n\t\t\t\t<\/div>\n\t\t\t\t\t<\/div>\n\t\t\t\t<\/div>\n\t\t<div class=\"elementor-element elementor-element-072f981 e-flex e-con-boxed e-con e-parent\" data-id=\"072f981\" data-element_type=\"container\">\n\t\t\t\t\t<div class=\"e-con-inner\">\n\t\t\t\t<div class=\"elementor-element elementor-element-05b3d0b elementor-widget elementor-widget-block_titre\" data-id=\"05b3d0b\" data-element_type=\"widget\" data-widget_type=\"block_titre.default\">\n\t\t\t\t<div class=\"elementor-widget-container\">\n\t\t\t    <div class=\"container\">\n        <h2>\n            Citoyennet\u00e9\n        <\/h2>\n    <\/div>\n\t\t<\/div>\n\t\t\t\t<\/div>\n\t\t\t\t\t<\/div>\n\t\t\t\t<\/div>\n\t\t<div class=\"elementor-element elementor-element-3b42016 e-flex e-con-boxed e-con e-parent\" data-id=\"3b42016\" data-element_type=\"container\">\n\t\t\t\t\t<div class=\"e-con-inner\">\n\t\t<div class=\"elementor-element elementor-element-9648184 e-con-full e-flex e-con e-child\" data-id=\"9648184\" data-element_type=\"container\">\n\t\t\t\t<div class=\"elementor-element elementor-element-d133faf elementor-widget elementor-widget-block_simple_visuel\" data-id=\"d133faf\" data-element_type=\"widget\" data-widget_type=\"block_simple_visuel.default\">\n\t\t\t\t<div class=\"elementor-widget-container\">\n\t\t\t    <div class=\"container\">\n        <figure>\n                        \n                                                            <a href=\"https:\/\/www.missionslocalesnormandie.fr\/content\/uploads\/sites\/5\/2025\/07\/ML-Argentan-Vimoutiers-pictos-2.png\">\n                    <img decoding=\"async\" src=\"https:\/\/www.missionslocalesnormandie.fr\/content\/uploads\/sites\/5\/2025\/07\/ML-Argentan-Vimoutiers-pictos-2-950x595-c-default.png\"\n                         alt=\"MISSION LOCALE DES PAYS D'ARGENTAN ET DE VIMOUTIERS\"\/>\n                <\/a>\n            \n                    <\/figure>\n    <\/div>\n\t\t<\/div>\n\t\t\t\t<\/div>\n\t\t\t\t<\/div>\n\t\t<div class=\"elementor-element elementor-element-7d698a7 e-con-full e-flex e-con e-child\" data-id=\"7d698a7\" data-element_type=\"container\">\n\t\t\t\t<div class=\"elementor-element elementor-element-8885864 elementor-widget elementor-widget-block_simple_texte\" data-id=\"8885864\" data-element_type=\"widget\" data-widget_type=\"block_simple_texte.default\">\n\t\t\t\t<div class=\"elementor-widget-container\">\n\t\t\t    <div class=\"container\">\n        <p style=\"text-align: justify\"><span style=\"font-size: 14pt\"><strong>\u00ab Envie de se sentir utile et engag\u00e9 \u00bb<\/strong><\/span><\/p><ul style=\"text-align: justify\"><li><span style=\"font-size: 14pt\">Comment obtenir mes documents administratifs : carte d\u2019identit\u00e9, passeport, titre de s\u00e9jour\u2026<\/span><\/li><li><span style=\"font-size: 14pt\">Pourquoi se faire recenser ?<\/span><\/li><li><span style=\"font-size: 14pt\">A quoi sert la JDC ?<\/span><\/li><li><span style=\"font-size: 14pt\">Comment m\u2019engager dans une association comme b\u00e9n\u00e9vole et o\u00f9 ?<\/span><\/li><li><span style=\"font-size: 14pt\">Comment devenir volontaire (Service Civique, Service National Universel, Service Volontaire Europ\u00e9en\/International) ?<\/span><\/li><li><span style=\"font-size: 14pt\">Quelles sont les associations caritatives, culturelles et sportives pr\u00e8s de chez moi ?<\/span><\/li><\/ul><p style=\"text-align: justify\"><span style=\"font-size: 14pt\"><strong>Ensemble, nous t\u2019accompagnerons dans tes d\u00e9marches citoyennes et te guiderons vers les associations culturelles et sportives.<\/strong><\/span><\/p>\n    <\/div>\n\t\t<\/div>\n\t\t\t\t<\/div>\n\t\t\t\t<\/div>\n\t\t\t\t\t<\/div>\n\t\t\t\t<\/div>\n\t\t\t\t<\/div>\n\t\t","protected":false},"excerpt":{"rendered":"<p>Sant\u00e9 \u00ab \u00catre bien dans sa t\u00eate et dans son corps \u00bb Des questions sur mes droits : carte vitale, compl\u00e9mentaire sant\u00e9 solidaire, mutuelle&#8230; ? \u00c0 qui s&#8217;adresse le bilan de sant\u00e9 ? Je me sens mal dans ma peau, stress, probl\u00e8me de sommeil&#8230; O\u00f9 trouver un lieu d&#8217;\u00e9coute confidentiel ? Quelle contraception choisir ? [&hellip;]<\/p>\n","protected":false},"author":31,"featured_media":0,"parent":0,"menu_order":0,"comment_status":"closed","ping_status":"closed","template":"","meta":{"_acf_changed":false,"_crosspost_to_1":false,"_crosspost_to_2":false,"_crosspost_to_3":false,"_crosspost_to_4":false,"_crosspost_to_6":false,"_crosspost_to_7":false,"_crosspost_to_8":false,"_crosspost_to_11":false,"_crosspost_to_12":false,"_crosspost_to_13":false,"_crosspost_to_14":false,"_crosspost_to_15":false,"_crosspost_to_16":false,"inline_featured_image":false,"footnotes":""},"acf":[],"yoast_head":"<!-- This site is optimized with the Yoast SEO plugin v21.9.1 - https:\/\/yoast.com\/wordpress\/plugins\/seo\/ -->\n<title>Vie quotidienne - MISSION LOCALE DES PAYS D&#039;ARGENTAN ET DE VIMOUTIERS<\/title>\n<meta name=\"robots\" content=\"index, follow, max-snippet:-1, max-image-preview:large, max-video-preview:-1\" \/>\n<link rel=\"canonical\" href=\"https:\/\/www.missionslocalesnormandie.fr\/mission-locale-pays-argentan-vimoutiers\/aide-a-la-vie-au-quotidien\/\" \/>\n<meta property=\"og:locale\" content=\"fr_FR\" \/>\n<meta property=\"og:type\" content=\"article\" \/>\n<meta property=\"og:title\" content=\"Vie quotidienne - MISSION LOCALE DES PAYS D&#039;ARGENTAN ET DE VIMOUTIERS\" \/>\n<meta property=\"og:description\" content=\"Sant\u00e9 \u00ab \u00catre bien dans sa t\u00eate et dans son corps \u00bb Des questions sur mes droits : carte vitale, compl\u00e9mentaire sant\u00e9 solidaire, mutuelle&#8230; ? \u00c0 qui s&#8217;adresse le bilan de sant\u00e9 ? Je me sens mal dans ma peau, stress, probl\u00e8me de sommeil&#8230; O\u00f9 trouver un lieu d&#8217;\u00e9coute confidentiel ? Quelle contraception choisir ? [&hellip;]\" \/>\n<meta property=\"og:url\" content=\"https:\/\/www.missionslocalesnormandie.fr\/mission-locale-pays-argentan-vimoutiers\/aide-a-la-vie-au-quotidien\/\" \/>\n<meta property=\"og:site_name\" content=\"MISSION LOCALE DES PAYS D&#039;ARGENTAN ET DE VIMOUTIERS\" \/>\n<meta property=\"article:modified_time\" content=\"2025-07-17T07:29:40+00:00\" \/>\n<meta property=\"og:image\" content=\"https:\/\/www.missionslocalesnormandie.fr\/content\/uploads\/sites\/5\/2025\/07\/ML-Argentan-Vimoutiers-pictos-950x595-c-default.png\" \/>\n<meta name=\"twitter:card\" content=\"summary_large_image\" \/>\n<meta name=\"twitter:label1\" content=\"Dur\u00e9e de lecture estim\u00e9e\" \/>\n\t<meta name=\"twitter:data1\" content=\"2 minutes\" \/>\n<script type=\"application\/ld+json\" class=\"yoast-schema-graph\">{\"@context\":\"https:\/\/schema.org\",\"@graph\":[{\"@type\":\"WebPage\",\"@id\":\"https:\/\/www.missionslocalesnormandie.fr\/mission-locale-pays-argentan-vimoutiers\/aide-a-la-vie-au-quotidien\/\",\"url\":\"https:\/\/www.missionslocalesnormandie.fr\/mission-locale-pays-argentan-vimoutiers\/aide-a-la-vie-au-quotidien\/\",\"name\":\"Vie quotidienne - MISSION LOCALE DES PAYS D'ARGENTAN ET DE VIMOUTIERS\",\"isPartOf\":{\"@id\":\"https:\/\/www.missionslocalesnormandie.fr\/mission-locale-pays-argentan-vimoutiers\/#website\"},\"datePublished\":\"2025-07-04T11:57:45+00:00\",\"dateModified\":\"2025-07-17T07:29:40+00:00\",\"breadcrumb\":{\"@id\":\"https:\/\/www.missionslocalesnormandie.fr\/mission-locale-pays-argentan-vimoutiers\/aide-a-la-vie-au-quotidien\/#breadcrumb\"},\"inLanguage\":\"fr-FR\",\"potentialAction\":[{\"@type\":\"ReadAction\",\"target\":[\"https:\/\/www.missionslocalesnormandie.fr\/mission-locale-pays-argentan-vimoutiers\/aide-a-la-vie-au-quotidien\/\"]}]},{\"@type\":\"BreadcrumbList\",\"@id\":\"https:\/\/www.missionslocalesnormandie.fr\/mission-locale-pays-argentan-vimoutiers\/aide-a-la-vie-au-quotidien\/#breadcrumb\",\"itemListElement\":[{\"@type\":\"ListItem\",\"position\":1,\"name\":\"Home\",\"item\":\"https:\/\/www.missionslocalesnormandie.fr\/mission-locale-pays-argentan-vimoutiers\/\"},{\"@type\":\"ListItem\",\"position\":2,\"name\":\"Vie quotidienne\"}]},{\"@type\":\"WebSite\",\"@id\":\"https:\/\/www.missionslocalesnormandie.fr\/mission-locale-pays-argentan-vimoutiers\/#website\",\"url\":\"https:\/\/www.missionslocalesnormandie.fr\/mission-locale-pays-argentan-vimoutiers\/\",\"name\":\"MISSION LOCALE DES PAYS D'ARGENTAN ET DE VIMOUTIERS\",\"description\":\"\",\"potentialAction\":[{\"@type\":\"SearchAction\",\"target\":{\"@type\":\"EntryPoint\",\"urlTemplate\":\"https:\/\/www.missionslocalesnormandie.fr\/mission-locale-pays-argentan-vimoutiers\/?s={search_term_string}\"},\"query-input\":\"required name=search_term_string\"}],\"inLanguage\":\"fr-FR\"}]}<\/script>\n<!-- \/ Yoast SEO plugin. -->","yoast_head_json":{"title":"Vie quotidienne - MISSION LOCALE DES PAYS D'ARGENTAN ET DE VIMOUTIERS","robots":{"index":"index","follow":"follow","max-snippet":"max-snippet:-1","max-image-preview":"max-image-preview:large","max-video-preview":"max-video-preview:-1"},"canonical":"https:\/\/www.missionslocalesnormandie.fr\/mission-locale-pays-argentan-vimoutiers\/aide-a-la-vie-au-quotidien\/","og_locale":"fr_FR","og_type":"article","og_title":"Vie quotidienne - MISSION LOCALE DES PAYS D'ARGENTAN ET DE VIMOUTIERS","og_description":"Sant\u00e9 \u00ab \u00catre bien dans sa t\u00eate et dans son corps \u00bb Des questions sur mes droits : carte vitale, compl\u00e9mentaire sant\u00e9 solidaire, mutuelle&#8230; ? \u00c0 qui s&#8217;adresse le bilan de sant\u00e9 ? Je me sens mal dans ma peau, stress, probl\u00e8me de sommeil&#8230; O\u00f9 trouver un lieu d&#8217;\u00e9coute confidentiel ? Quelle contraception choisir ? [&hellip;]","og_url":"https:\/\/www.missionslocalesnormandie.fr\/mission-locale-pays-argentan-vimoutiers\/aide-a-la-vie-au-quotidien\/","og_site_name":"MISSION LOCALE DES PAYS D'ARGENTAN ET DE VIMOUTIERS","article_modified_time":"2025-07-17T07:29:40+00:00","og_image":[{"url":"https:\/\/www.missionslocalesnormandie.fr\/content\/uploads\/sites\/5\/2025\/07\/ML-Argentan-Vimoutiers-pictos-950x595-c-default.png"}],"twitter_card":"summary_large_image","twitter_misc":{"Dur\u00e9e de lecture estim\u00e9e":"2 minutes"},"schema":{"@context":"https:\/\/schema.org","@graph":[{"@type":"WebPage","@id":"https:\/\/www.missionslocalesnormandie.fr\/mission-locale-pays-argentan-vimoutiers\/aide-a-la-vie-au-quotidien\/","url":"https:\/\/www.missionslocalesnormandie.fr\/mission-locale-pays-argentan-vimoutiers\/aide-a-la-vie-au-quotidien\/","name":"Vie quotidienne - MISSION LOCALE DES PAYS D'ARGENTAN ET DE VIMOUTIERS","isPartOf":{"@id":"https:\/\/www.missionslocalesnormandie.fr\/mission-locale-pays-argentan-vimoutiers\/#website"},"datePublished":"2025-07-04T11:57:45+00:00","dateModified":"2025-07-17T07:29:40+00:00","breadcrumb":{"@id":"https:\/\/www.missionslocalesnormandie.fr\/mission-locale-pays-argentan-vimoutiers\/aide-a-la-vie-au-quotidien\/#breadcrumb"},"inLanguage":"fr-FR","potentialAction":[{"@type":"ReadAction","target":["https:\/\/www.missionslocalesnormandie.fr\/mission-locale-pays-argentan-vimoutiers\/aide-a-la-vie-au-quotidien\/"]}]},{"@type":"BreadcrumbList","@id":"https:\/\/www.missionslocalesnormandie.fr\/mission-locale-pays-argentan-vimoutiers\/aide-a-la-vie-au-quotidien\/#breadcrumb","itemListElement":[{"@type":"ListItem","position":1,"name":"Home","item":"https:\/\/www.missionslocalesnormandie.fr\/mission-locale-pays-argentan-vimoutiers\/"},{"@type":"ListItem","position":2,"name":"Vie quotidienne"}]},{"@type":"WebSite","@id":"https:\/\/www.missionslocalesnormandie.fr\/mission-locale-pays-argentan-vimoutiers\/#website","url":"https:\/\/www.missionslocalesnormandie.fr\/mission-locale-pays-argentan-vimoutiers\/","name":"MISSION LOCALE DES PAYS D'ARGENTAN ET DE VIMOUTIERS","description":"","potentialAction":[{"@type":"SearchAction","target":{"@type":"EntryPoint","urlTemplate":"https:\/\/www.missionslocalesnormandie.fr\/mission-locale-pays-argentan-vimoutiers\/?s={search_term_string}"},"query-input":"required name=search_term_string"}],"inLanguage":"fr-FR"}]}},"_links":{"self":[{"href":"https:\/\/www.missionslocalesnormandie.fr\/mission-locale-pays-argentan-vimoutiers\/wp-json\/wp\/v2\/pages\/408"}],"collection":[{"href":"https:\/\/www.missionslocalesnormandie.fr\/mission-locale-pays-argentan-vimoutiers\/wp-json\/wp\/v2\/pages"}],"about":[{"href":"https:\/\/www.missionslocalesnormandie.fr\/mission-locale-pays-argentan-vimoutiers\/wp-json\/wp\/v2\/types\/page"}],"author":[{"embeddable":true,"href":"https:\/\/www.missionslocalesnormandie.fr\/mission-locale-pays-argentan-vimoutiers\/wp-json\/wp\/v2\/users\/31"}],"replies":[{"embeddable":true,"href":"https:\/\/www.missionslocalesnormandie.fr\/mission-locale-pays-argentan-vimoutiers\/wp-json\/wp\/v2\/comments?post=408"}],"version-history":[{"count":20,"href":"https:\/\/www.missionslocalesnormandie.fr\/mission-locale-pays-argentan-vimoutiers\/wp-json\/wp\/v2\/pages\/408\/revisions"}],"predecessor-version":[{"id":775,"href":"https:\/\/www.missionslocalesnormandie.fr\/mission-locale-pays-argentan-vimoutiers\/wp-json\/wp\/v2\/pages\/408\/revisions\/775"}],"wp:attachment":[{"href":"https:\/\/www.missionslocalesnormandie.fr\/mission-locale-pays-argentan-vimoutiers\/wp-json\/wp\/v2\/media?parent=408"}],"curies":[{"name":"wp","href":"https:\/\/api.w.org\/{rel}","templated":true}]}}