{"id":430,"date":"2025-07-04T14:47:00","date_gmt":"2025-07-04T12:47:00","guid":{"rendered":"https:\/\/www.missionslocalesnormandie.fr\/mission-locale-pays-argentan-vimoutiers\/?page_id=430"},"modified":"2026-03-19T18:35:12","modified_gmt":"2026-03-19T17:35:12","slug":"mon-accompagnement","status":"publish","type":"page","link":"https:\/\/www.missionslocalesnormandie.fr\/mission-locale-pays-argentan-vimoutiers\/mon-accompagnement\/","title":{"rendered":"Mon accompagnement"},"content":{"rendered":"\t\t<div data-elementor-type=\"wp-page\" data-elementor-id=\"430\" class=\"elementor elementor-430\">\n\t\t\t\t<div class=\"elementor-element elementor-element-94e4c99 e-flex e-con-boxed e-con e-parent\" data-id=\"94e4c99\" data-element_type=\"container\">\n\t\t\t\t\t<div class=\"e-con-inner\">\n\t\t\t\t<div class=\"elementor-element elementor-element-d8a5e10 elementor-widget elementor-widget-block_titre\" data-id=\"d8a5e10\" data-element_type=\"widget\" data-widget_type=\"block_titre.default\">\n\t\t\t\t<div class=\"elementor-widget-container\">\n\t\t\t    <div class=\"container\">\n        <h2>\n            Des dispositifs\n        <\/h2>\n    <\/div>\n\t\t<\/div>\n\t\t\t\t<\/div>\n\t\t\t\t\t<\/div>\n\t\t\t\t<\/div>\n\t\t<div class=\"elementor-element elementor-element-1cd9981 e-flex e-con-boxed e-con e-parent\" data-id=\"1cd9981\" data-element_type=\"container\">\n\t\t\t\t\t<div class=\"e-con-inner\">\n\t\t<div class=\"elementor-element elementor-element-2d6515d e-con-full e-flex e-con e-child\" data-id=\"2d6515d\" data-element_type=\"container\">\n\t\t\t\t<div class=\"elementor-element elementor-element-2ddb13e elementor-widget elementor-widget-block_simple_visuel\" data-id=\"2ddb13e\" data-element_type=\"widget\" data-widget_type=\"block_simple_visuel.default\">\n\t\t\t\t<div class=\"elementor-widget-container\">\n\t\t\t    <div class=\"container\">\n        <figure>\n                        \n                                                            <a href=\"https:\/\/www.missionslocalesnormandie.fr\/content\/uploads\/sites\/5\/2025\/07\/contre-dengagement-jeune.png\">\n                    <img decoding=\"async\" src=\"https:\/\/www.missionslocalesnormandie.fr\/content\/uploads\/sites\/5\/2025\/07\/contre-dengagement-jeune-950x595-c-default.png\"\n                         alt=\"MISSION LOCALE DES PAYS D'ARGENTAN ET DE VIMOUTIERS\"\/>\n                <\/a>\n            \n                    <\/figure>\n    <\/div>\n\t\t<\/div>\n\t\t\t\t<\/div>\n\t\t\t\t<\/div>\n\t\t<div class=\"elementor-element elementor-element-31340e0 e-con-full e-flex e-con e-child\" data-id=\"31340e0\" data-element_type=\"container\">\n\t\t\t\t<div class=\"elementor-element elementor-element-e146fd3 elementor-widget elementor-widget-block_titre\" data-id=\"e146fd3\" data-element_type=\"widget\" data-widget_type=\"block_titre.default\">\n\t\t\t\t<div class=\"elementor-widget-container\">\n\t\t\t    <div class=\"container\">\n        <h3>\n            Le contrat d'engagement jeune, qu'est-ce que c'est ?\n        <\/h3>\n    <\/div>\n\t\t<\/div>\n\t\t\t\t<\/div>\n\t\t\t\t<div class=\"elementor-element elementor-element-291a63e elementor-widget elementor-widget-block_simple_texte\" data-id=\"291a63e\" data-element_type=\"widget\" data-widget_type=\"block_simple_texte.default\">\n\t\t\t\t<div class=\"elementor-widget-container\">\n\t\t\t    <div class=\"container\">\n        <p style=\"text-align: left\"><span style=\"font-size: 14pt\">Un parcours enti\u00e8rement <strong>personnalis\u00e9<\/strong> qui peut durer jusqu\u2019\u00e0 12 mois en fonction de mon profil, pour m\u2018<strong>aider \u00e0 d\u00e9finir mon projet professionnel et \u00e0 trouver un emploi<\/strong>.<\/span><\/p><p style=\"text-align: justify\"><span style=\"font-size: 14pt\">Quand je signe mon contrat, je b\u00e9n\u00e9ficie de :<\/span><\/p><ul><li style=\"text-align: justify\"><span style=\"font-size: 14pt\">Un accompagnement personnalis\u00e9 avec un conseiller d\u00e9di\u00e9 qui me suit tout au long de mon parcours et jusqu\u2018\u00e0 ce que j\u2018acc\u00e8de \u00e0 un emploi durable<\/span><\/li><li style=\"text-align: justify\"><span style=\"font-size: 14pt\">Un programme intensif d\u2019au minimum 15 \u00e0 20 heures par semaine compos\u00e9 de diff\u00e9rents types d\u2018activit\u00e9s dont des ateliers collectifs.<\/span><\/li><li style=\"text-align: justify\"><span style=\"font-size: 14pt\">Une allocation mensuelle en fonction de mes ressources et \u00e0 condition que je respecte mes engagements<\/span><\/li><\/ul><p><span style=\"font-size: 14pt\">Pour en savoir plus :<a href=\"https:\/\/travail-emploi.gouv.fr\/emploi-et-insertion\/mesures-jeunes\/contrat-engagement-jeune\/\">CEJ<\/a><\/span><\/p>\n    <\/div>\n\t\t<\/div>\n\t\t\t\t<\/div>\n\t\t\t\t<\/div>\n\t\t\t\t\t<\/div>\n\t\t\t\t<\/div>\n\t\t<div class=\"elementor-element elementor-element-5e89926 e-flex e-con-boxed e-con e-parent\" data-id=\"5e89926\" data-element_type=\"container\">\n\t\t\t\t\t<div class=\"e-con-inner\">\n\t\t<div class=\"elementor-element elementor-element-802704a e-con-full e-flex e-con e-child\" data-id=\"802704a\" data-element_type=\"container\">\n\t\t\t\t<div class=\"elementor-element elementor-element-65af7e8 elementor-widget elementor-widget-block_titre\" data-id=\"65af7e8\" data-element_type=\"widget\" data-widget_type=\"block_titre.default\">\n\t\t\t\t<div class=\"elementor-widget-container\">\n\t\t\t    <div class=\"container\">\n        <h3>\n            Le PACEA\n        <\/h3>\n    <\/div>\n\t\t<\/div>\n\t\t\t\t<\/div>\n\t\t\t\t<div class=\"elementor-element elementor-element-8d5e10f elementor-widget__width-initial elementor-widget elementor-widget-block_simple_texte\" data-id=\"8d5e10f\" data-element_type=\"widget\" data-widget_type=\"block_simple_texte.default\">\n\t\t\t\t<div class=\"elementor-widget-container\">\n\t\t\t    <div class=\"container\">\n        <p><span style=\"font-size: 14pt\"><strong>Le parcours contractualis\u00e9 d\u2019accompagnement vers l\u2019emploi et l\u2019autonomie (PACEA) est le cadre contractuel de l\u2019accompagnement des jeunes, unique et adaptable aux besoins du jeune.<\/strong><\/span><\/p><p style=\"text-align: justify\"><span style=\"font-size: 14pt\"><em><span style=\"color: #993366\"><strong>Qui peut b\u00e9n\u00e9ficier d\u2019un PACEA ?<\/strong><\/span><\/em><\/span><\/p><ul style=\"text-align: justify\"><li><span style=\"font-size: 14pt\">Tous les jeunes de 16 \u00e0 25 ans<\/span><\/li><li><span style=\"font-size: 14pt\">Pr\u00eats \u00e0 s\u2019engager dans un parcours contractualis\u00e9 d\u2019accompagnement<\/span><\/li><\/ul><p style=\"text-align: justify\"><span style=\"color: #993366;font-size: 14pt\"><em><strong>Quelles modalit\u00e9s d\u2019accompagnement dans le PACEA ?<\/strong><\/em><\/span><\/p><p style=\"text-align: justify\"><span style=\"font-size: 14pt\">Le PACEA est constitu\u00e9 de\u00a0<strong>phases d\u2019accompagnement successives\u00a0<\/strong>qui peuvent s\u2019encha\u00eener pour une dur\u00e9e maximale de 24 mois cons\u00e9cutifs.<\/span><\/p><p style=\"text-align: justify\"><span style=\"font-size: 14pt\">A l\u2019entr\u00e9e dans le PACEA, le conseiller d\u00e9termine, au moyen des conclusions du diagnostic initial, la dur\u00e9e de la ou des premi\u00e8res phases d\u2019accompagnement. Ces phases sont adapt\u00e9es aux projets et aux attentes du jeune.<\/span><\/p><p style=\"text-align: justify\"><span style=\"font-size: 14pt\">Pendant le PACEA <strong>des actions peuvent \u00eatre mises en place. <\/strong>Chaque phase peut donc comporter : des actions sociales\u2009; des formations\u2009; des ateliers\u00a0; des stages\u2009; des missions d\u2019int\u00e9rim\u2009; des missions de service civique\u2009; un accompagnement par des organismes partenaires\u2009; \u2026.<\/span><\/p><p style=\"text-align: justify\"><span style=\"font-size: 14pt\">Pendant le parcours, des partenaires de la Mission Locale peuvent \u00eatre mobilis\u00e9s.<\/span><\/p>\n    <\/div>\n\t\t<\/div>\n\t\t\t\t<\/div>\n\t\t\t\t<\/div>\n\t\t<div class=\"elementor-element elementor-element-c84bc22 e-con-full e-flex e-con e-child\" data-id=\"c84bc22\" data-element_type=\"container\">\n\t\t<div class=\"elementor-element elementor-element-844a708 e-con-full e-flex e-con e-child\" data-id=\"844a708\" data-element_type=\"container\">\n\t\t<div class=\"elementor-element elementor-element-0339517 e-flex e-con-boxed e-con e-child\" data-id=\"0339517\" data-element_type=\"container\">\n\t\t\t\t\t<div class=\"e-con-inner\">\n\t\t\t\t<div class=\"elementor-element elementor-element-cd57cc9 elementor-widget elementor-widget-block_simple_texte\" data-id=\"cd57cc9\" data-element_type=\"widget\" data-widget_type=\"block_simple_texte.default\">\n\t\t\t\t<div class=\"elementor-widget-container\">\n\t\t\t    <div class=\"container\">\n        <p style=\"text-align: justify\"><span style=\"color: #800080;font-size: 14pt\"><em><strong>Le PACEA ouvre-t-il droit \u00e0 une allocation financi\u00e8re ?<\/strong><\/em><\/span><\/p><p style=\"text-align: justify\"><span style=\"font-size: 14pt\"><strong>En fonction de la situation et des besoins de l\u2019int\u00e9ress\u00e9<\/strong>, une allocation ponctuelle peut \u00eatre accord\u00e9e \u00e0 un jeune int\u00e9grant un PACEA. Elle est destin\u00e9e \u00e0 soutenir\u00a0 la d\u00e9marche d\u2019insertion du jeune vers et dans l\u2019emploi et l\u2019autonomie.<\/span><\/p><p><span style=\"font-size: 14pt\">Pour en savoir plus : <a href=\"https:\/\/travail-emploi.gouv.fr\/emploi-et-insertion\/mesures-jeunes\/pacea\">PACEA<\/a><\/span><\/p>\n    <\/div>\n\t\t<\/div>\n\t\t\t\t<\/div>\n\t\t\t\t\t<\/div>\n\t\t\t\t<\/div>\n\t\t<div class=\"elementor-element elementor-element-762a877 e-flex e-con-boxed e-con e-child\" data-id=\"762a877\" data-element_type=\"container\">\n\t\t\t\t\t<div class=\"e-con-inner\">\n\t\t\t\t<div class=\"elementor-element elementor-element-b7b0441 elementor-widget__width-initial elementor-absolute elementor-widget elementor-widget-block_simple_visuel\" data-id=\"b7b0441\" data-element_type=\"widget\" data-settings=\"{&quot;_position&quot;:&quot;absolute&quot;}\" data-widget_type=\"block_simple_visuel.default\">\n\t\t\t\t<div class=\"elementor-widget-container\">\n\t\t\t    <div class=\"container\">\n        <figure>\n                        \n                                                            <a href=\"https:\/\/www.missionslocalesnormandie.fr\/content\/uploads\/sites\/5\/2025\/07\/mission-locale-pacea-jeunes.jpg\">\n                    <img decoding=\"async\" src=\"https:\/\/www.missionslocalesnormandie.fr\/content\/uploads\/sites\/5\/2025\/07\/mission-locale-pacea-jeunes-950x595-c-default.jpg\"\n                         alt=\"MISSION LOCALE DES PAYS D'ARGENTAN ET DE VIMOUTIERS\"\/>\n                <\/a>\n            \n                    <\/figure>\n    <\/div>\n\t\t<\/div>\n\t\t\t\t<\/div>\n\t\t\t\t\t<\/div>\n\t\t\t\t<\/div>\n\t\t\t\t<\/div>\n\t\t\t\t<\/div>\n\t\t\t\t\t<\/div>\n\t\t\t\t<\/div>\n\t\t<div class=\"elementor-element elementor-element-99da803 e-flex e-con-boxed e-con e-parent\" data-id=\"99da803\" data-element_type=\"container\">\n\t\t\t\t\t<div class=\"e-con-inner\">\n\t\t\t\t<div class=\"elementor-element elementor-element-4385a9e elementor-widget elementor-widget-block_titre\" data-id=\"4385a9e\" data-element_type=\"widget\" data-widget_type=\"block_titre.default\">\n\t\t\t\t<div class=\"elementor-widget-container\">\n\t\t\t    <div class=\"container\">\n        <h2>\n            Une action pour d\u00e9couvrir les m\u00e9tiers du territoire\n        <\/h2>\n    <\/div>\n\t\t<\/div>\n\t\t\t\t<\/div>\n\t\t\t\t\t<\/div>\n\t\t\t\t<\/div>\n\t\t<div class=\"elementor-element elementor-element-1b2fa36 e-flex e-con-boxed e-con e-parent\" data-id=\"1b2fa36\" data-element_type=\"container\">\n\t\t\t\t\t<div class=\"e-con-inner\">\n\t\t<div class=\"elementor-element elementor-element-32fb798 e-con-full e-flex e-con e-child\" data-id=\"32fb798\" data-element_type=\"container\">\n\t\t\t\t<div class=\"elementor-element elementor-element-934c999 elementor-widget elementor-widget-block_simple_visuel\" data-id=\"934c999\" data-element_type=\"widget\" data-widget_type=\"block_simple_visuel.default\">\n\t\t\t\t<div class=\"elementor-widget-container\">\n\t\t\t    <div class=\"container\">\n        <figure>\n                        \n                                                            <a href=\"https:\/\/www.missionslocalesnormandie.fr\/content\/uploads\/sites\/5\/2025\/07\/Plan-de-travail-1-scaled.webp\">\n                    <img decoding=\"async\" src=\"https:\/\/www.missionslocalesnormandie.fr\/content\/uploads\/sites\/5\/2025\/07\/Plan-de-travail-1-scaled-950x595-c-default.webp\"\n                         alt=\"Image micro\"\/>\n                <\/a>\n            \n                    <\/figure>\n    <\/div>\n\t\t<\/div>\n\t\t\t\t<\/div>\n\t\t\t\t<\/div>\n\t\t<div class=\"elementor-element elementor-element-5d7da6e e-con-full e-flex e-con e-child\" data-id=\"5d7da6e\" data-element_type=\"container\">\n\t\t\t\t<div class=\"elementor-element elementor-element-a93243f elementor-widget elementor-widget-block_titre\" data-id=\"a93243f\" data-element_type=\"widget\" data-widget_type=\"block_titre.default\">\n\t\t\t\t<div class=\"elementor-widget-container\">\n\t\t\t    <div class=\"container\">\n        <h3>\n            \" En-qu\u00eate de m\u00e9tiers \"\n        <\/h3>\n    <\/div>\n\t\t<\/div>\n\t\t\t\t<\/div>\n\t\t\t\t<div class=\"elementor-element elementor-element-a5ef680 elementor-widget elementor-widget-block_simple_texte\" data-id=\"a5ef680\" data-element_type=\"widget\" data-widget_type=\"block_simple_texte.default\">\n\t\t\t\t<div class=\"elementor-widget-container\">\n\t\t\t    <div class=\"container\">\n        <p><span style=\"font-size: 14pt\">Tout au long de l'ann\u00e9e, des ateliers et des actions collectives pour d\u00e9couvrir les m\u00e9tiers, les entreprises et les organismes de formation du territoire :\u00a0<\/span><\/p><ul style=\"list-style-type: disc\"><li><span style=\"font-size: 14pt\">R\u00e9alisation de reportages et de podcasts aupr\u00e8s de professionnels.<\/span><\/li><li><span style=\"font-size: 14pt\">Des visites d'entreprises et d'organismes de formation.<\/span><\/li><li><span style=\"font-size: 14pt\">Participation \u00e0 des salons et forums.<\/span><\/li><\/ul>\n    <\/div>\n\t\t<\/div>\n\t\t\t\t<\/div>\n\t\t\t\t<div class=\"elementor-element elementor-element-b93a198 elementor-widget elementor-widget-block_simple_texte\" data-id=\"b93a198\" data-element_type=\"widget\" data-widget_type=\"block_simple_texte.default\">\n\t\t\t\t<div class=\"elementor-widget-container\">\n\t\t\t    <div class=\"container\">\n        <p><span style=\"font-size: 14pt\">Cette action est financ\u00e9e par la R\u00e9gion Normandie et le FSE.<\/span><\/p>\n    <\/div>\n\t\t<\/div>\n\t\t\t\t<\/div>\n\t\t\t\t<div class=\"elementor-element elementor-element-951a8ff elementor-widget elementor-widget-block_colonnes_texte\" data-id=\"951a8ff\" data-element_type=\"widget\" data-widget_type=\"block_colonnes_texte.default\">\n\t\t\t\t<div class=\"elementor-widget-container\">\n\t\t\t    <div class=\"container\">\n                <div class=\"row my-4 row-cols-1 row-cols-lg-2 row-cols-xl-2\">\n                            <div class=\"col mb-4\">\n                    <p><img fetchpriority=\"high\" decoding=\"async\" class=\"alignnone wp-image-787 size-medium\" src=\"https:\/\/www.missionslocalesnormandie.fr\/content\/uploads\/sites\/5\/2026\/03\/logo_r.normandie-portrait-cmjn_0-300x284.jpg\" alt=\"\" width=\"300\" height=\"284\" srcset=\"https:\/\/www.missionslocalesnormandie.fr\/content\/uploads\/sites\/5\/2026\/03\/logo_r.normandie-portrait-cmjn_0-300x284.jpg 300w, https:\/\/www.missionslocalesnormandie.fr\/content\/uploads\/sites\/5\/2026\/03\/logo_r.normandie-portrait-cmjn_0-1024x969.jpg 1024w, https:\/\/www.missionslocalesnormandie.fr\/content\/uploads\/sites\/5\/2026\/03\/logo_r.normandie-portrait-cmjn_0-768x727.jpg 768w, https:\/\/www.missionslocalesnormandie.fr\/content\/uploads\/sites\/5\/2026\/03\/logo_r.normandie-portrait-cmjn_0.jpg 1200w\" sizes=\"(max-width: 300px) 100vw, 300px\" \/><img decoding=\"async\" class=\"alignnone wp-image-784 size-medium\" src=\"https:\/\/www.missionslocalesnormandie.fr\/content\/uploads\/sites\/5\/2026\/03\/FR-Finance-par-lUnion-europeenne-PANTONE-300x65.jpg\" alt=\"\" width=\"300\" height=\"65\" srcset=\"https:\/\/www.missionslocalesnormandie.fr\/content\/uploads\/sites\/5\/2026\/03\/FR-Finance-par-lUnion-europeenne-PANTONE-300x65.jpg 300w, https:\/\/www.missionslocalesnormandie.fr\/content\/uploads\/sites\/5\/2026\/03\/FR-Finance-par-lUnion-europeenne-PANTONE-1024x221.jpg 1024w, https:\/\/www.missionslocalesnormandie.fr\/content\/uploads\/sites\/5\/2026\/03\/FR-Finance-par-lUnion-europeenne-PANTONE-768x166.jpg 768w, https:\/\/www.missionslocalesnormandie.fr\/content\/uploads\/sites\/5\/2026\/03\/FR-Finance-par-lUnion-europeenne-PANTONE-1536x332.jpg 1536w, https:\/\/www.missionslocalesnormandie.fr\/content\/uploads\/sites\/5\/2026\/03\/FR-Finance-par-lUnion-europeenne-PANTONE.jpg 1934w\" sizes=\"(max-width: 300px) 100vw, 300px\" \/><\/p>\n                <\/div>\n                            <div class=\"col mb-4\">\n                    \n                <\/div>\n                    <\/div>\n    <\/div>\n\t\t<\/div>\n\t\t\t\t<\/div>\n\t\t\t\t<\/div>\n\t\t\t\t\t<\/div>\n\t\t\t\t<\/div>\n\t\t\t\t<\/div>\n\t\t","protected":false},"excerpt":{"rendered":"<p>Des dispositifs Le contrat d&#8217;engagement jeune, qu&#8217;est-ce que c&#8217;est ? Un parcours enti\u00e8rement personnalis\u00e9 qui peut durer jusqu\u2019\u00e0 12 mois en fonction de mon profil, pour m\u2018aider \u00e0 d\u00e9finir mon projet professionnel et \u00e0 trouver un emploi. Quand je signe mon contrat, je b\u00e9n\u00e9ficie de : Un accompagnement personnalis\u00e9 avec un conseiller d\u00e9di\u00e9 qui me [&hellip;]<\/p>\n","protected":false},"author":33,"featured_media":0,"parent":0,"menu_order":0,"comment_status":"closed","ping_status":"closed","template":"","meta":{"_acf_changed":false,"_crosspost_to_1":false,"_crosspost_to_2":false,"_crosspost_to_3":false,"_crosspost_to_4":false,"_crosspost_to_6":false,"_crosspost_to_7":false,"_crosspost_to_8":false,"_crosspost_to_11":false,"_crosspost_to_12":false,"_crosspost_to_13":false,"_crosspost_to_14":false,"_crosspost_to_15":false,"_crosspost_to_16":false,"inline_featured_image":false,"footnotes":""},"acf":[],"yoast_head":"<!-- This site is optimized with the Yoast SEO plugin v21.9.1 - https:\/\/yoast.com\/wordpress\/plugins\/seo\/ -->\n<title>Mon accompagnement - MISSION LOCALE DES PAYS D&#039;ARGENTAN ET DE VIMOUTIERS<\/title>\n<meta name=\"robots\" content=\"index, follow, max-snippet:-1, max-image-preview:large, max-video-preview:-1\" \/>\n<link rel=\"canonical\" href=\"https:\/\/www.missionslocalesnormandie.fr\/mission-locale-pays-argentan-vimoutiers\/mon-accompagnement\/\" \/>\n<meta property=\"og:locale\" content=\"fr_FR\" \/>\n<meta property=\"og:type\" content=\"article\" \/>\n<meta property=\"og:title\" content=\"Mon accompagnement - MISSION LOCALE DES PAYS D&#039;ARGENTAN ET DE VIMOUTIERS\" \/>\n<meta property=\"og:description\" content=\"Des dispositifs Le contrat d&#8217;engagement jeune, qu&#8217;est-ce que c&#8217;est ? Un parcours enti\u00e8rement personnalis\u00e9 qui peut durer jusqu\u2019\u00e0 12 mois en fonction de mon profil, pour m\u2018aider \u00e0 d\u00e9finir mon projet professionnel et \u00e0 trouver un emploi. Quand je signe mon contrat, je b\u00e9n\u00e9ficie de : Un accompagnement personnalis\u00e9 avec un conseiller d\u00e9di\u00e9 qui me [&hellip;]\" \/>\n<meta property=\"og:url\" content=\"https:\/\/www.missionslocalesnormandie.fr\/mission-locale-pays-argentan-vimoutiers\/mon-accompagnement\/\" \/>\n<meta property=\"og:site_name\" content=\"MISSION LOCALE DES PAYS D&#039;ARGENTAN ET DE VIMOUTIERS\" \/>\n<meta property=\"article:modified_time\" content=\"2026-03-19T17:35:12+00:00\" \/>\n<meta property=\"og:image\" content=\"https:\/\/www.missionslocalesnormandie.fr\/content\/uploads\/sites\/5\/2025\/07\/contre-dengagement-jeune-950x595-c-default.png\" \/>\n<meta name=\"twitter:card\" content=\"summary_large_image\" \/>\n<meta name=\"twitter:label1\" content=\"Dur\u00e9e de lecture estim\u00e9e\" \/>\n\t<meta name=\"twitter:data1\" content=\"3 minutes\" \/>\n<script type=\"application\/ld+json\" class=\"yoast-schema-graph\">{\"@context\":\"https:\/\/schema.org\",\"@graph\":[{\"@type\":\"WebPage\",\"@id\":\"https:\/\/www.missionslocalesnormandie.fr\/mission-locale-pays-argentan-vimoutiers\/mon-accompagnement\/\",\"url\":\"https:\/\/www.missionslocalesnormandie.fr\/mission-locale-pays-argentan-vimoutiers\/mon-accompagnement\/\",\"name\":\"Mon accompagnement - MISSION LOCALE DES PAYS D'ARGENTAN ET DE VIMOUTIERS\",\"isPartOf\":{\"@id\":\"https:\/\/www.missionslocalesnormandie.fr\/mission-locale-pays-argentan-vimoutiers\/#website\"},\"datePublished\":\"2025-07-04T12:47:00+00:00\",\"dateModified\":\"2026-03-19T17:35:12+00:00\",\"breadcrumb\":{\"@id\":\"https:\/\/www.missionslocalesnormandie.fr\/mission-locale-pays-argentan-vimoutiers\/mon-accompagnement\/#breadcrumb\"},\"inLanguage\":\"fr-FR\",\"potentialAction\":[{\"@type\":\"ReadAction\",\"target\":[\"https:\/\/www.missionslocalesnormandie.fr\/mission-locale-pays-argentan-vimoutiers\/mon-accompagnement\/\"]}]},{\"@type\":\"BreadcrumbList\",\"@id\":\"https:\/\/www.missionslocalesnormandie.fr\/mission-locale-pays-argentan-vimoutiers\/mon-accompagnement\/#breadcrumb\",\"itemListElement\":[{\"@type\":\"ListItem\",\"position\":1,\"name\":\"Home\",\"item\":\"https:\/\/www.missionslocalesnormandie.fr\/mission-locale-pays-argentan-vimoutiers\/\"},{\"@type\":\"ListItem\",\"position\":2,\"name\":\"Mon accompagnement\"}]},{\"@type\":\"WebSite\",\"@id\":\"https:\/\/www.missionslocalesnormandie.fr\/mission-locale-pays-argentan-vimoutiers\/#website\",\"url\":\"https:\/\/www.missionslocalesnormandie.fr\/mission-locale-pays-argentan-vimoutiers\/\",\"name\":\"MISSION LOCALE DES PAYS D'ARGENTAN ET DE VIMOUTIERS\",\"description\":\"\",\"potentialAction\":[{\"@type\":\"SearchAction\",\"target\":{\"@type\":\"EntryPoint\",\"urlTemplate\":\"https:\/\/www.missionslocalesnormandie.fr\/mission-locale-pays-argentan-vimoutiers\/?s={search_term_string}\"},\"query-input\":\"required name=search_term_string\"}],\"inLanguage\":\"fr-FR\"}]}<\/script>\n<!-- \/ Yoast SEO plugin. -->","yoast_head_json":{"title":"Mon accompagnement - MISSION LOCALE DES PAYS D'ARGENTAN ET DE VIMOUTIERS","robots":{"index":"index","follow":"follow","max-snippet":"max-snippet:-1","max-image-preview":"max-image-preview:large","max-video-preview":"max-video-preview:-1"},"canonical":"https:\/\/www.missionslocalesnormandie.fr\/mission-locale-pays-argentan-vimoutiers\/mon-accompagnement\/","og_locale":"fr_FR","og_type":"article","og_title":"Mon accompagnement - MISSION LOCALE DES PAYS D'ARGENTAN ET DE VIMOUTIERS","og_description":"Des dispositifs Le contrat d&#8217;engagement jeune, qu&#8217;est-ce que c&#8217;est ? Un parcours enti\u00e8rement personnalis\u00e9 qui peut durer jusqu\u2019\u00e0 12 mois en fonction de mon profil, pour m\u2018aider \u00e0 d\u00e9finir mon projet professionnel et \u00e0 trouver un emploi. Quand je signe mon contrat, je b\u00e9n\u00e9ficie de : Un accompagnement personnalis\u00e9 avec un conseiller d\u00e9di\u00e9 qui me [&hellip;]","og_url":"https:\/\/www.missionslocalesnormandie.fr\/mission-locale-pays-argentan-vimoutiers\/mon-accompagnement\/","og_site_name":"MISSION LOCALE DES PAYS D'ARGENTAN ET DE VIMOUTIERS","article_modified_time":"2026-03-19T17:35:12+00:00","og_image":[{"url":"https:\/\/www.missionslocalesnormandie.fr\/content\/uploads\/sites\/5\/2025\/07\/contre-dengagement-jeune-950x595-c-default.png"}],"twitter_card":"summary_large_image","twitter_misc":{"Dur\u00e9e de lecture estim\u00e9e":"3 minutes"},"schema":{"@context":"https:\/\/schema.org","@graph":[{"@type":"WebPage","@id":"https:\/\/www.missionslocalesnormandie.fr\/mission-locale-pays-argentan-vimoutiers\/mon-accompagnement\/","url":"https:\/\/www.missionslocalesnormandie.fr\/mission-locale-pays-argentan-vimoutiers\/mon-accompagnement\/","name":"Mon accompagnement - MISSION LOCALE DES PAYS D'ARGENTAN ET DE VIMOUTIERS","isPartOf":{"@id":"https:\/\/www.missionslocalesnormandie.fr\/mission-locale-pays-argentan-vimoutiers\/#website"},"datePublished":"2025-07-04T12:47:00+00:00","dateModified":"2026-03-19T17:35:12+00:00","breadcrumb":{"@id":"https:\/\/www.missionslocalesnormandie.fr\/mission-locale-pays-argentan-vimoutiers\/mon-accompagnement\/#breadcrumb"},"inLanguage":"fr-FR","potentialAction":[{"@type":"ReadAction","target":["https:\/\/www.missionslocalesnormandie.fr\/mission-locale-pays-argentan-vimoutiers\/mon-accompagnement\/"]}]},{"@type":"BreadcrumbList","@id":"https:\/\/www.missionslocalesnormandie.fr\/mission-locale-pays-argentan-vimoutiers\/mon-accompagnement\/#breadcrumb","itemListElement":[{"@type":"ListItem","position":1,"name":"Home","item":"https:\/\/www.missionslocalesnormandie.fr\/mission-locale-pays-argentan-vimoutiers\/"},{"@type":"ListItem","position":2,"name":"Mon accompagnement"}]},{"@type":"WebSite","@id":"https:\/\/www.missionslocalesnormandie.fr\/mission-locale-pays-argentan-vimoutiers\/#website","url":"https:\/\/www.missionslocalesnormandie.fr\/mission-locale-pays-argentan-vimoutiers\/","name":"MISSION LOCALE DES PAYS D'ARGENTAN ET DE VIMOUTIERS","description":"","potentialAction":[{"@type":"SearchAction","target":{"@type":"EntryPoint","urlTemplate":"https:\/\/www.missionslocalesnormandie.fr\/mission-locale-pays-argentan-vimoutiers\/?s={search_term_string}"},"query-input":"required name=search_term_string"}],"inLanguage":"fr-FR"}]}},"_links":{"self":[{"href":"https:\/\/www.missionslocalesnormandie.fr\/mission-locale-pays-argentan-vimoutiers\/wp-json\/wp\/v2\/pages\/430"}],"collection":[{"href":"https:\/\/www.missionslocalesnormandie.fr\/mission-locale-pays-argentan-vimoutiers\/wp-json\/wp\/v2\/pages"}],"about":[{"href":"https:\/\/www.missionslocalesnormandie.fr\/mission-locale-pays-argentan-vimoutiers\/wp-json\/wp\/v2\/types\/page"}],"author":[{"embeddable":true,"href":"https:\/\/www.missionslocalesnormandie.fr\/mission-locale-pays-argentan-vimoutiers\/wp-json\/wp\/v2\/users\/33"}],"replies":[{"embeddable":true,"href":"https:\/\/www.missionslocalesnormandie.fr\/mission-locale-pays-argentan-vimoutiers\/wp-json\/wp\/v2\/comments?post=430"}],"version-history":[{"count":34,"href":"https:\/\/www.missionslocalesnormandie.fr\/mission-locale-pays-argentan-vimoutiers\/wp-json\/wp\/v2\/pages\/430\/revisions"}],"predecessor-version":[{"id":790,"href":"https:\/\/www.missionslocalesnormandie.fr\/mission-locale-pays-argentan-vimoutiers\/wp-json\/wp\/v2\/pages\/430\/revisions\/790"}],"wp:attachment":[{"href":"https:\/\/www.missionslocalesnormandie.fr\/mission-locale-pays-argentan-vimoutiers\/wp-json\/wp\/v2\/media?parent=430"}],"curies":[{"name":"wp","href":"https:\/\/api.w.org\/{rel}","templated":true}]}}