{"id":102,"date":"2023-12-14T15:17:16","date_gmt":"2023-12-14T14:17:16","guid":{"rendered":"https:\/\/www.missionslocalesnormandie.fr\/mission-locale-pays-caux-vallee-seine\/?page_id=102"},"modified":"2024-03-20T16:25:37","modified_gmt":"2024-03-20T15:25:37","slug":"parrainer-mentorer","status":"publish","type":"page","link":"https:\/\/www.missionslocalesnormandie.fr\/mission-locale-pays-caux-vallee-seine\/parrainer-mentorer\/","title":{"rendered":"RSE : Parrainer \/ Mentorer"},"content":{"rendered":"\t\t<div data-elementor-type=\"wp-page\" data-elementor-id=\"102\" class=\"elementor elementor-102\">\n\t\t\t\t<div class=\"elementor-element elementor-element-ac7ea49 e-flex e-con-boxed e-con e-parent\" data-id=\"ac7ea49\" data-element_type=\"container\">\n\t\t\t\t\t<div class=\"e-con-inner\">\n\t\t\t\t<div class=\"elementor-element elementor-element-210ee6e elementor-widget elementor-widget-block_titre\" data-id=\"210ee6e\" data-element_type=\"widget\" data-widget_type=\"block_titre.default\">\n\t\t\t\t<div class=\"elementor-widget-container\">\n\t\t\t    <div class=\"container\">\n        <h2>\n            \u00ab Le parrainage, c\u2019est insuffler une v\u00e9ritable dynamique en faveur de l\u2019emploi des jeunes \u00bb\n        <\/h2>\n    <\/div>\n\t\t<\/div>\n\t\t\t\t<\/div>\n\t\t\t\t\t<\/div>\n\t\t\t\t<\/div>\n\t\t<div class=\"elementor-element elementor-element-166732e e-flex e-con-boxed e-con e-parent\" data-id=\"166732e\" data-element_type=\"container\">\n\t\t\t\t\t<div class=\"e-con-inner\">\n\t\t<div class=\"elementor-element elementor-element-c423495 e-con-full e-flex e-con e-child\" data-id=\"c423495\" data-element_type=\"container\">\n\t\t\t\t<div class=\"elementor-element elementor-element-5c1d102 elementor-widget elementor-widget-block_simple_texte\" data-id=\"5c1d102\" data-element_type=\"widget\" data-widget_type=\"block_simple_texte.default\">\n\t\t\t\t<div class=\"elementor-widget-container\">\n\t\t\t    <div class=\"container\">\n        <p><span style=\"font-size: 14pt\"><b>\u00a0<\/b>Vous souhaitez vous engager socialement ? Vous avez des qualit\u00e9s d\u2019\u00e9coute, de dialogue et la possibilit\u00e9 de mobiliser votre r\u00e9seau pour en faire b\u00e9n\u00e9ficier des jeunes en insertion professionnelle ?<\/span><\/p><p style=\"text-align: center\"><span style=\"color: #800080;font-size: 14pt\"><b>Devenez parrain ou marraine en rejoignant notre r\u00e9seau de b\u00e9n\u00e9voles et soutenez ces jeunes !<\/b><\/span><\/p><p><span style=\"font-size: 14pt\">Le Parrainage est un accompagnement b\u00e9n\u00e9vole et personnalis\u00e9 d\u2019un jeune - compl\u00e9mentaire aux actions des Conseillers de la Mission Locale -, bas\u00e9 sur le partage de votre exp\u00e9rience professionnelle et de votre r\u00e9seau.<\/span><\/p><p><span style=\"font-size: 14pt\">Il vise \u00e0 faciliter l\u2019acc\u00e8s et le maintien dans l\u2019emploi des jeunes de 16 \u00e0 25 ans, dipl\u00f4m\u00e9s ou non, exp\u00e9riment\u00e9s ou non, d\u00e9sirant \u00eatre guid\u00e9s dans leurs d\u00e9marches professionnelles.<\/span><\/p><p><span style=\"font-size: 14pt\">Les entretiens sont propos\u00e9s en fonction de vos disponibilit\u00e9s, ils ne n\u00e9cessitent pas de pr\u00e9paration particuli\u00e8re, ils reposent sur votre volont\u00e9 de participer \u00e0 l\u2019insertion professionnelle d\u2019un jeune.<\/span><\/p>\n    <\/div>\n\t\t<\/div>\n\t\t\t\t<\/div>\n\t\t\t\t<\/div>\n\t\t<div class=\"elementor-element elementor-element-0bbfc5b e-con-full e-flex e-con e-child\" data-id=\"0bbfc5b\" data-element_type=\"container\">\n\t\t\t\t<div class=\"elementor-element elementor-element-9aecb72 elementor-widget elementor-widget-block_simple_embed\" data-id=\"9aecb72\" data-element_type=\"widget\" data-widget_type=\"block_simple_embed.default\">\n\t\t\t\t<div class=\"elementor-widget-container\">\n\t\t\t<div class=\"container\">\n    <div class=\"embed-wrapper ratio ratio-16x9 my-4\">\n                <iframe src=\"https:\/\/www.youtube.com\/embed\/oYWfknfseJ0\"\n                allowfullscreen><\/iframe>\n            <\/div>\n<\/div>\t\t<\/div>\n\t\t\t\t<\/div>\n\t\t\t\t<\/div>\n\t\t\t\t\t<\/div>\n\t\t\t\t<\/div>\n\t\t<div class=\"elementor-element elementor-element-e144562 e-flex e-con-boxed e-con e-parent\" data-id=\"e144562\" data-element_type=\"container\">\n\t\t\t\t\t<div class=\"e-con-inner\">\n\t\t\t\t<div class=\"elementor-element elementor-element-dfae52f elementor-widget elementor-widget-block_simple_texte\" data-id=\"dfae52f\" data-element_type=\"widget\" data-widget_type=\"block_simple_texte.default\">\n\t\t\t\t<div class=\"elementor-widget-container\">\n\t\t\t    <div class=\"container\">\n        <p><span style=\"color: #800080;font-size: 14pt\"><b>Contactez notre r\u00e9f\u00e9rent parrainage :<\/b><\/span><\/p><p><span style=\"font-size: 14pt\">Christophe SIMON\u00a0<\/span><\/p><p><span style=\"font-size: 14pt\">06 70 48 39 87\u00a0<\/span><\/p><p><span style=\"font-size: 14pt\"><a href=\"c.simon@ml-lillebonnecauxseine.fr\">c.simon@ml-lillebonnecauxseine.fr<\/a><\/span><\/p>\n    <\/div>\n\t\t<\/div>\n\t\t\t\t<\/div>\n\t\t\t\t\t<\/div>\n\t\t\t\t<\/div>\n\t\t\t\t<\/div>\n\t\t","protected":false},"excerpt":{"rendered":"<p>\u00ab Le parrainage, c\u2019est insuffler une v\u00e9ritable dynamique en faveur de l\u2019emploi des jeunes \u00bb \u00a0Vous souhaitez vous engager socialement ? Vous avez des qualit\u00e9s d\u2019\u00e9coute, de dialogue et la possibilit\u00e9 de mobiliser votre r\u00e9seau pour en faire b\u00e9n\u00e9ficier des jeunes en insertion professionnelle ? Devenez parrain ou marraine en rejoignant notre r\u00e9seau de b\u00e9n\u00e9voles [&hellip;]<\/p>\n","protected":false},"author":1,"featured_media":0,"parent":0,"menu_order":0,"comment_status":"closed","ping_status":"closed","template":"","meta":{"_acf_changed":false,"_crosspost_to_1":false,"_crosspost_to_2":false,"_crosspost_to_3":false,"_crosspost_to_4":false,"_crosspost_to_5":false,"_crosspost_to_6":false,"_crosspost_to_7":false,"_crosspost_to_8":false,"_crosspost_to_12":false,"_crosspost_to_13":false,"_crosspost_to_14":false,"_crosspost_to_15":false,"_crosspost_to_16":false,"inline_featured_image":false,"footnotes":""},"acf":[],"yoast_head":"<!-- This site is optimized with the Yoast SEO plugin v21.9.1 - https:\/\/yoast.com\/wordpress\/plugins\/seo\/ -->\n<title>RSE : Parrainer \/ Mentorer - MISSION LOCALE PAYS DE CAUX - VALLEE DE SEINE<\/title>\n<meta name=\"robots\" content=\"index, follow, max-snippet:-1, max-image-preview:large, max-video-preview:-1\" \/>\n<link rel=\"canonical\" href=\"https:\/\/www.missionslocalesnormandie.fr\/mission-locale-pays-caux-vallee-seine\/parrainer-mentorer\/\" \/>\n<meta property=\"og:locale\" content=\"fr_FR\" \/>\n<meta property=\"og:type\" content=\"article\" \/>\n<meta property=\"og:title\" content=\"RSE : Parrainer \/ Mentorer - MISSION LOCALE PAYS DE CAUX - VALLEE DE SEINE\" \/>\n<meta property=\"og:description\" content=\"\u00ab Le parrainage, c\u2019est insuffler une v\u00e9ritable dynamique en faveur de l\u2019emploi des jeunes \u00bb \u00a0Vous souhaitez vous engager socialement ? Vous avez des qualit\u00e9s d\u2019\u00e9coute, de dialogue et la possibilit\u00e9 de mobiliser votre r\u00e9seau pour en faire b\u00e9n\u00e9ficier des jeunes en insertion professionnelle ? Devenez parrain ou marraine en rejoignant notre r\u00e9seau de b\u00e9n\u00e9voles [&hellip;]\" \/>\n<meta property=\"og:url\" content=\"https:\/\/www.missionslocalesnormandie.fr\/mission-locale-pays-caux-vallee-seine\/parrainer-mentorer\/\" \/>\n<meta property=\"og:site_name\" content=\"MISSION LOCALE PAYS DE CAUX - VALLEE DE SEINE\" \/>\n<meta property=\"article:modified_time\" content=\"2024-03-20T15:25:37+00:00\" \/>\n<meta name=\"twitter:card\" content=\"summary_large_image\" \/>\n<meta name=\"twitter:label1\" content=\"Dur\u00e9e de lecture estim\u00e9e\" \/>\n\t<meta name=\"twitter:data1\" content=\"1 minute\" \/>\n<script type=\"application\/ld+json\" class=\"yoast-schema-graph\">{\"@context\":\"https:\/\/schema.org\",\"@graph\":[{\"@type\":\"WebPage\",\"@id\":\"https:\/\/www.missionslocalesnormandie.fr\/mission-locale-pays-caux-vallee-seine\/parrainer-mentorer\/\",\"url\":\"https:\/\/www.missionslocalesnormandie.fr\/mission-locale-pays-caux-vallee-seine\/parrainer-mentorer\/\",\"name\":\"RSE : Parrainer \/ Mentorer - MISSION LOCALE PAYS DE CAUX - VALLEE DE SEINE\",\"isPartOf\":{\"@id\":\"https:\/\/www.missionslocalesnormandie.fr\/mission-locale-pays-caux-vallee-seine\/#website\"},\"datePublished\":\"2023-12-14T14:17:16+00:00\",\"dateModified\":\"2024-03-20T15:25:37+00:00\",\"breadcrumb\":{\"@id\":\"https:\/\/www.missionslocalesnormandie.fr\/mission-locale-pays-caux-vallee-seine\/parrainer-mentorer\/#breadcrumb\"},\"inLanguage\":\"fr-FR\",\"potentialAction\":[{\"@type\":\"ReadAction\",\"target\":[\"https:\/\/www.missionslocalesnormandie.fr\/mission-locale-pays-caux-vallee-seine\/parrainer-mentorer\/\"]}]},{\"@type\":\"BreadcrumbList\",\"@id\":\"https:\/\/www.missionslocalesnormandie.fr\/mission-locale-pays-caux-vallee-seine\/parrainer-mentorer\/#breadcrumb\",\"itemListElement\":[{\"@type\":\"ListItem\",\"position\":1,\"name\":\"Home\",\"item\":\"https:\/\/www.missionslocalesnormandie.fr\/mission-locale-pays-caux-vallee-seine\/\"},{\"@type\":\"ListItem\",\"position\":2,\"name\":\"RSE : Parrainer \/ Mentorer\"}]},{\"@type\":\"WebSite\",\"@id\":\"https:\/\/www.missionslocalesnormandie.fr\/mission-locale-pays-caux-vallee-seine\/#website\",\"url\":\"https:\/\/www.missionslocalesnormandie.fr\/mission-locale-pays-caux-vallee-seine\/\",\"name\":\"MISSION LOCALE PAYS DE CAUX - VALLEE DE SEINE\",\"description\":\"\",\"potentialAction\":[{\"@type\":\"SearchAction\",\"target\":{\"@type\":\"EntryPoint\",\"urlTemplate\":\"https:\/\/www.missionslocalesnormandie.fr\/mission-locale-pays-caux-vallee-seine\/?s={search_term_string}\"},\"query-input\":\"required name=search_term_string\"}],\"inLanguage\":\"fr-FR\"}]}<\/script>\n<!-- \/ Yoast SEO plugin. -->","yoast_head_json":{"title":"RSE : Parrainer \/ Mentorer - MISSION LOCALE PAYS DE CAUX - VALLEE DE SEINE","robots":{"index":"index","follow":"follow","max-snippet":"max-snippet:-1","max-image-preview":"max-image-preview:large","max-video-preview":"max-video-preview:-1"},"canonical":"https:\/\/www.missionslocalesnormandie.fr\/mission-locale-pays-caux-vallee-seine\/parrainer-mentorer\/","og_locale":"fr_FR","og_type":"article","og_title":"RSE : Parrainer \/ Mentorer - MISSION LOCALE PAYS DE CAUX - VALLEE DE SEINE","og_description":"\u00ab Le parrainage, c\u2019est insuffler une v\u00e9ritable dynamique en faveur de l\u2019emploi des jeunes \u00bb \u00a0Vous souhaitez vous engager socialement ? Vous avez des qualit\u00e9s d\u2019\u00e9coute, de dialogue et la possibilit\u00e9 de mobiliser votre r\u00e9seau pour en faire b\u00e9n\u00e9ficier des jeunes en insertion professionnelle ? Devenez parrain ou marraine en rejoignant notre r\u00e9seau de b\u00e9n\u00e9voles [&hellip;]","og_url":"https:\/\/www.missionslocalesnormandie.fr\/mission-locale-pays-caux-vallee-seine\/parrainer-mentorer\/","og_site_name":"MISSION LOCALE PAYS DE CAUX - VALLEE DE SEINE","article_modified_time":"2024-03-20T15:25:37+00:00","twitter_card":"summary_large_image","twitter_misc":{"Dur\u00e9e de lecture estim\u00e9e":"1 minute"},"schema":{"@context":"https:\/\/schema.org","@graph":[{"@type":"WebPage","@id":"https:\/\/www.missionslocalesnormandie.fr\/mission-locale-pays-caux-vallee-seine\/parrainer-mentorer\/","url":"https:\/\/www.missionslocalesnormandie.fr\/mission-locale-pays-caux-vallee-seine\/parrainer-mentorer\/","name":"RSE : Parrainer \/ Mentorer - MISSION LOCALE PAYS DE CAUX - VALLEE DE SEINE","isPartOf":{"@id":"https:\/\/www.missionslocalesnormandie.fr\/mission-locale-pays-caux-vallee-seine\/#website"},"datePublished":"2023-12-14T14:17:16+00:00","dateModified":"2024-03-20T15:25:37+00:00","breadcrumb":{"@id":"https:\/\/www.missionslocalesnormandie.fr\/mission-locale-pays-caux-vallee-seine\/parrainer-mentorer\/#breadcrumb"},"inLanguage":"fr-FR","potentialAction":[{"@type":"ReadAction","target":["https:\/\/www.missionslocalesnormandie.fr\/mission-locale-pays-caux-vallee-seine\/parrainer-mentorer\/"]}]},{"@type":"BreadcrumbList","@id":"https:\/\/www.missionslocalesnormandie.fr\/mission-locale-pays-caux-vallee-seine\/parrainer-mentorer\/#breadcrumb","itemListElement":[{"@type":"ListItem","position":1,"name":"Home","item":"https:\/\/www.missionslocalesnormandie.fr\/mission-locale-pays-caux-vallee-seine\/"},{"@type":"ListItem","position":2,"name":"RSE : Parrainer \/ Mentorer"}]},{"@type":"WebSite","@id":"https:\/\/www.missionslocalesnormandie.fr\/mission-locale-pays-caux-vallee-seine\/#website","url":"https:\/\/www.missionslocalesnormandie.fr\/mission-locale-pays-caux-vallee-seine\/","name":"MISSION LOCALE PAYS DE CAUX - VALLEE DE SEINE","description":"","potentialAction":[{"@type":"SearchAction","target":{"@type":"EntryPoint","urlTemplate":"https:\/\/www.missionslocalesnormandie.fr\/mission-locale-pays-caux-vallee-seine\/?s={search_term_string}"},"query-input":"required name=search_term_string"}],"inLanguage":"fr-FR"}]}},"_links":{"self":[{"href":"https:\/\/www.missionslocalesnormandie.fr\/mission-locale-pays-caux-vallee-seine\/wp-json\/wp\/v2\/pages\/102"}],"collection":[{"href":"https:\/\/www.missionslocalesnormandie.fr\/mission-locale-pays-caux-vallee-seine\/wp-json\/wp\/v2\/pages"}],"about":[{"href":"https:\/\/www.missionslocalesnormandie.fr\/mission-locale-pays-caux-vallee-seine\/wp-json\/wp\/v2\/types\/page"}],"author":[{"embeddable":true,"href":"https:\/\/www.missionslocalesnormandie.fr\/mission-locale-pays-caux-vallee-seine\/wp-json\/wp\/v2\/users\/1"}],"replies":[{"embeddable":true,"href":"https:\/\/www.missionslocalesnormandie.fr\/mission-locale-pays-caux-vallee-seine\/wp-json\/wp\/v2\/comments?post=102"}],"version-history":[{"count":27,"href":"https:\/\/www.missionslocalesnormandie.fr\/mission-locale-pays-caux-vallee-seine\/wp-json\/wp\/v2\/pages\/102\/revisions"}],"predecessor-version":[{"id":996,"href":"https:\/\/www.missionslocalesnormandie.fr\/mission-locale-pays-caux-vallee-seine\/wp-json\/wp\/v2\/pages\/102\/revisions\/996"}],"wp:attachment":[{"href":"https:\/\/www.missionslocalesnormandie.fr\/mission-locale-pays-caux-vallee-seine\/wp-json\/wp\/v2\/media?parent=102"}],"curies":[{"name":"wp","href":"https:\/\/api.w.org\/{rel}","templated":true}]}}