{"id":1134,"date":"2024-03-27T11:10:52","date_gmt":"2024-03-27T10:10:52","guid":{"rendered":"https:\/\/www.missionslocalesnormandie.fr\/mission-locale-pays-caux-vallee-seine\/?page_id=1134"},"modified":"2024-03-27T11:22:02","modified_gmt":"2024-03-27T10:22:02","slug":"rgpd-jeunes","status":"publish","type":"page","link":"https:\/\/www.missionslocalesnormandie.fr\/mission-locale-pays-caux-vallee-seine\/rgpd-jeunes\/","title":{"rendered":"RGPD Jeunes"},"content":{"rendered":"\t\t<div data-elementor-type=\"wp-page\" data-elementor-id=\"1134\" class=\"elementor elementor-1134\">\n\t\t\t\t<div class=\"elementor-element elementor-element-5443679 e-flex e-con-boxed e-con e-parent\" data-id=\"5443679\" data-element_type=\"container\">\n\t\t\t\t\t<div class=\"e-con-inner\">\n\t\t<div class=\"elementor-element elementor-element-d449cfd e-con-full e-flex e-con e-child\" data-id=\"d449cfd\" data-element_type=\"container\">\n\t\t\t\t<div class=\"elementor-element elementor-element-43c62a4 elementor-widget elementor-widget-block_simple_texte\" data-id=\"43c62a4\" data-element_type=\"widget\" data-widget_type=\"block_simple_texte.default\">\n\t\t\t\t<div class=\"elementor-widget-container\">\n\t\t\t    <div class=\"container\">\n        <p style=\"text-align: justify\"><span style=\"font-size: 14pt\">Vos donn\u00e9es \u00e0 caract\u00e8re personnel, collect\u00e9es dans le cadre de votre accompagnement social et professionnel au sein de la Mission Locale, sont uniquement accessibles aux collaborateurs habilit\u00e9s. Ce traitement est n\u00e9cessaire \u00e0 l\u2019ex\u00e9cution de notre mission d\u2019int\u00e9r\u00eat public, il permet de personnaliser votre accompagnement selon vos besoins. Elles sont obligatoires et indispensables pour acc\u00e9der \u00e0 nos services.<\/span><\/p><p style=\"text-align: justify\"><span style=\"font-size: 14pt\">La Mission Locale s\u2019engage \u00e0\u00a0:<\/span><\/p><ul style=\"text-align: justify\"><li><span style=\"font-size: 14pt\">Conserver des copies de vos documents uniquement si cela s\u2019av\u00e8re n\u00e9cessaire.<\/span><\/li><li><span style=\"font-size: 14pt\">Ne pas utiliser les documents ou informations \u00e0 d\u2019autres fins que celles annonc\u00e9es.<\/span><\/li><li><span style=\"font-size: 14pt\">Prendre les mesures pour \u00e9viter toute utilisation d\u00e9tourn\u00e9e.<\/span><\/li><li><span style=\"font-size: 14pt\">Prendre les mesures de s\u00e9curit\u00e9 pour assurer la conservation et l\u2019int\u00e9grit\u00e9 des documents et donn\u00e9es.<\/span><\/li><li><span style=\"font-size: 14pt\">Proc\u00e9der \u00e0 la destruction des fichiers manuels ou informatis\u00e9s dans le respect des d\u00e9lais fix\u00e9s.<\/span><\/li><\/ul>\n    <\/div>\n\t\t<\/div>\n\t\t\t\t<\/div>\n\t\t\t\t<\/div>\n\t\t<div class=\"elementor-element elementor-element-35ae1a1 e-con-full e-flex e-con e-child\" data-id=\"35ae1a1\" data-element_type=\"container\">\n\t\t\t\t<div class=\"elementor-element elementor-element-3f6e8ee elementor-widget elementor-widget-block_simple_visuel\" data-id=\"3f6e8ee\" data-element_type=\"widget\" data-widget_type=\"block_simple_visuel.default\">\n\t\t\t\t<div class=\"elementor-widget-container\">\n\t\t\t    <div class=\"container\">\n        <figure>\n                        \n                                                            <a href=\"https:\/\/www.missionslocalesnormandie.fr\/content\/uploads\/sites\/11\/2024\/03\/RGPD.jpg\">\n                    <img decoding=\"async\" src=\"https:\/\/www.missionslocalesnormandie.fr\/content\/uploads\/sites\/11\/2024\/03\/RGPD-950x595-c-default.jpg\"\n                         alt=\"MISSION LOCALE PAYS DE CAUX - VALLEE DE SEINE\"\/>\n                <\/a>\n            \n                    <\/figure>\n    <\/div>\n\t\t<\/div>\n\t\t\t\t<\/div>\n\t\t\t\t<\/div>\n\t\t\t\t\t<\/div>\n\t\t\t\t<\/div>\n\t\t<div class=\"elementor-element elementor-element-f61c18e e-flex e-con-boxed e-con e-parent\" data-id=\"f61c18e\" data-element_type=\"container\">\n\t\t\t\t\t<div class=\"e-con-inner\">\n\t\t\t\t<div class=\"elementor-element elementor-element-56c2996 elementor-widget elementor-widget-block_simple_texte\" data-id=\"56c2996\" data-element_type=\"widget\" data-widget_type=\"block_simple_texte.default\">\n\t\t\t\t<div class=\"elementor-widget-container\">\n\t\t\t    <div class=\"container\">\n        <p style=\"text-align: justify\"><span style=\"font-size: 14pt\">Vous pouvez acc\u00e9der aux donn\u00e9es vous concernant. Vous disposez \u00e9galement d\u2019un droit d\u2019acc\u00e8s, de rectification, de mise \u00e0 jour, de compl\u00e9tude, de portabilit\u00e9, d\u2019opposition ou d\u2019effacement des donn\u00e9es \u00e0 caract\u00e8re personnel, notamment lorsqu\u2019elles sont inexactes, incompl\u00e8tes, \u00e9quivoques, p\u00e9rim\u00e9es ou dont la conservation est interdite (pour plus d\u2019informations sur vos droits :\u00a0<a href=\"http:\/\/www.cnil.fr\/\"><strong>cnil.fr<\/strong><\/a>).<\/span><\/p><p style=\"text-align: justify\"><span style=\"font-size: 14pt\">Pour exercer ces droits ou pour toute question sur le traitement de vos donn\u00e9es, vous pouvez contacter la Mission Locale par mail en joignant une copie de votre pi\u00e8ce d\u2019identit\u00e9 \u00e0 :<\/span><\/p><p>\u00a0<\/p><p><span style=\"font-size: 14pt\">Samuel LEROUX - DPO<\/span><\/p><p><span style=\"font-size: 14pt\"><a href=\"dpo@ml-lillebonnecauxseine.fr\">dpo@ml-lillebonnecauxseine.fr<\/a><\/span><\/p>\n    <\/div>\n\t\t<\/div>\n\t\t\t\t<\/div>\n\t\t\t\t\t<\/div>\n\t\t\t\t<\/div>\n\t\t\t\t<\/div>\n\t\t","protected":false},"excerpt":{"rendered":"<p>Vos donn\u00e9es \u00e0 caract\u00e8re personnel, collect\u00e9es dans le cadre de votre accompagnement social et professionnel au sein de la Mission Locale, sont uniquement accessibles aux collaborateurs habilit\u00e9s. Ce traitement est n\u00e9cessaire \u00e0 l\u2019ex\u00e9cution de notre mission d\u2019int\u00e9r\u00eat public, il permet de personnaliser votre accompagnement selon vos besoins. Elles sont obligatoires et indispensables pour acc\u00e9der \u00e0 [&hellip;]<\/p>\n","protected":false},"author":11,"featured_media":0,"parent":0,"menu_order":0,"comment_status":"closed","ping_status":"closed","template":"","meta":{"_acf_changed":false,"_crosspost_to_1":false,"_crosspost_to_2":false,"_crosspost_to_3":false,"_crosspost_to_4":false,"_crosspost_to_5":false,"_crosspost_to_6":false,"_crosspost_to_7":false,"_crosspost_to_8":false,"_crosspost_to_12":false,"_crosspost_to_13":false,"_crosspost_to_14":false,"_crosspost_to_15":false,"_crosspost_to_16":false,"inline_featured_image":false,"footnotes":""},"acf":[],"yoast_head":"<!-- This site is optimized with the Yoast SEO plugin v21.9.1 - https:\/\/yoast.com\/wordpress\/plugins\/seo\/ -->\n<title>RGPD Jeunes - MISSION LOCALE PAYS DE CAUX - VALLEE DE SEINE<\/title>\n<meta name=\"robots\" content=\"index, follow, max-snippet:-1, max-image-preview:large, max-video-preview:-1\" \/>\n<link rel=\"canonical\" href=\"https:\/\/www.missionslocalesnormandie.fr\/mission-locale-pays-caux-vallee-seine\/rgpd-jeunes\/\" \/>\n<meta property=\"og:locale\" content=\"fr_FR\" \/>\n<meta property=\"og:type\" content=\"article\" \/>\n<meta property=\"og:title\" content=\"RGPD Jeunes - MISSION LOCALE PAYS DE CAUX - VALLEE DE SEINE\" \/>\n<meta property=\"og:description\" content=\"Vos donn\u00e9es \u00e0 caract\u00e8re personnel, collect\u00e9es dans le cadre de votre accompagnement social et professionnel au sein de la Mission Locale, sont uniquement accessibles aux collaborateurs habilit\u00e9s. Ce traitement est n\u00e9cessaire \u00e0 l\u2019ex\u00e9cution de notre mission d\u2019int\u00e9r\u00eat public, il permet de personnaliser votre accompagnement selon vos besoins. Elles sont obligatoires et indispensables pour acc\u00e9der \u00e0 [&hellip;]\" \/>\n<meta property=\"og:url\" content=\"https:\/\/www.missionslocalesnormandie.fr\/mission-locale-pays-caux-vallee-seine\/rgpd-jeunes\/\" \/>\n<meta property=\"og:site_name\" content=\"MISSION LOCALE PAYS DE CAUX - VALLEE DE SEINE\" \/>\n<meta property=\"article:modified_time\" content=\"2024-03-27T10:22:02+00:00\" \/>\n<meta property=\"og:image\" content=\"https:\/\/www.missionslocalesnormandie.fr\/content\/uploads\/sites\/11\/2024\/03\/RGPD-950x595-c-default.jpg\" \/>\n<meta name=\"twitter:card\" content=\"summary_large_image\" \/>\n<meta name=\"twitter:label1\" content=\"Dur\u00e9e de lecture estim\u00e9e\" \/>\n\t<meta name=\"twitter:data1\" content=\"2 minutes\" \/>\n<script type=\"application\/ld+json\" class=\"yoast-schema-graph\">{\"@context\":\"https:\/\/schema.org\",\"@graph\":[{\"@type\":\"WebPage\",\"@id\":\"https:\/\/www.missionslocalesnormandie.fr\/mission-locale-pays-caux-vallee-seine\/rgpd-jeunes\/\",\"url\":\"https:\/\/www.missionslocalesnormandie.fr\/mission-locale-pays-caux-vallee-seine\/rgpd-jeunes\/\",\"name\":\"RGPD Jeunes - MISSION LOCALE PAYS DE CAUX - VALLEE DE SEINE\",\"isPartOf\":{\"@id\":\"https:\/\/www.missionslocalesnormandie.fr\/mission-locale-pays-caux-vallee-seine\/#website\"},\"datePublished\":\"2024-03-27T10:10:52+00:00\",\"dateModified\":\"2024-03-27T10:22:02+00:00\",\"breadcrumb\":{\"@id\":\"https:\/\/www.missionslocalesnormandie.fr\/mission-locale-pays-caux-vallee-seine\/rgpd-jeunes\/#breadcrumb\"},\"inLanguage\":\"fr-FR\",\"potentialAction\":[{\"@type\":\"ReadAction\",\"target\":[\"https:\/\/www.missionslocalesnormandie.fr\/mission-locale-pays-caux-vallee-seine\/rgpd-jeunes\/\"]}]},{\"@type\":\"BreadcrumbList\",\"@id\":\"https:\/\/www.missionslocalesnormandie.fr\/mission-locale-pays-caux-vallee-seine\/rgpd-jeunes\/#breadcrumb\",\"itemListElement\":[{\"@type\":\"ListItem\",\"position\":1,\"name\":\"Home\",\"item\":\"https:\/\/www.missionslocalesnormandie.fr\/mission-locale-pays-caux-vallee-seine\/\"},{\"@type\":\"ListItem\",\"position\":2,\"name\":\"RGPD Jeunes\"}]},{\"@type\":\"WebSite\",\"@id\":\"https:\/\/www.missionslocalesnormandie.fr\/mission-locale-pays-caux-vallee-seine\/#website\",\"url\":\"https:\/\/www.missionslocalesnormandie.fr\/mission-locale-pays-caux-vallee-seine\/\",\"name\":\"MISSION LOCALE PAYS DE CAUX - VALLEE DE SEINE\",\"description\":\"\",\"potentialAction\":[{\"@type\":\"SearchAction\",\"target\":{\"@type\":\"EntryPoint\",\"urlTemplate\":\"https:\/\/www.missionslocalesnormandie.fr\/mission-locale-pays-caux-vallee-seine\/?s={search_term_string}\"},\"query-input\":\"required name=search_term_string\"}],\"inLanguage\":\"fr-FR\"}]}<\/script>\n<!-- \/ Yoast SEO plugin. -->","yoast_head_json":{"title":"RGPD Jeunes - MISSION LOCALE PAYS DE CAUX - VALLEE DE SEINE","robots":{"index":"index","follow":"follow","max-snippet":"max-snippet:-1","max-image-preview":"max-image-preview:large","max-video-preview":"max-video-preview:-1"},"canonical":"https:\/\/www.missionslocalesnormandie.fr\/mission-locale-pays-caux-vallee-seine\/rgpd-jeunes\/","og_locale":"fr_FR","og_type":"article","og_title":"RGPD Jeunes - MISSION LOCALE PAYS DE CAUX - VALLEE DE SEINE","og_description":"Vos donn\u00e9es \u00e0 caract\u00e8re personnel, collect\u00e9es dans le cadre de votre accompagnement social et professionnel au sein de la Mission Locale, sont uniquement accessibles aux collaborateurs habilit\u00e9s. Ce traitement est n\u00e9cessaire \u00e0 l\u2019ex\u00e9cution de notre mission d\u2019int\u00e9r\u00eat public, il permet de personnaliser votre accompagnement selon vos besoins. Elles sont obligatoires et indispensables pour acc\u00e9der \u00e0 [&hellip;]","og_url":"https:\/\/www.missionslocalesnormandie.fr\/mission-locale-pays-caux-vallee-seine\/rgpd-jeunes\/","og_site_name":"MISSION LOCALE PAYS DE CAUX - VALLEE DE SEINE","article_modified_time":"2024-03-27T10:22:02+00:00","og_image":[{"url":"https:\/\/www.missionslocalesnormandie.fr\/content\/uploads\/sites\/11\/2024\/03\/RGPD-950x595-c-default.jpg"}],"twitter_card":"summary_large_image","twitter_misc":{"Dur\u00e9e de lecture estim\u00e9e":"2 minutes"},"schema":{"@context":"https:\/\/schema.org","@graph":[{"@type":"WebPage","@id":"https:\/\/www.missionslocalesnormandie.fr\/mission-locale-pays-caux-vallee-seine\/rgpd-jeunes\/","url":"https:\/\/www.missionslocalesnormandie.fr\/mission-locale-pays-caux-vallee-seine\/rgpd-jeunes\/","name":"RGPD Jeunes - MISSION LOCALE PAYS DE CAUX - VALLEE DE SEINE","isPartOf":{"@id":"https:\/\/www.missionslocalesnormandie.fr\/mission-locale-pays-caux-vallee-seine\/#website"},"datePublished":"2024-03-27T10:10:52+00:00","dateModified":"2024-03-27T10:22:02+00:00","breadcrumb":{"@id":"https:\/\/www.missionslocalesnormandie.fr\/mission-locale-pays-caux-vallee-seine\/rgpd-jeunes\/#breadcrumb"},"inLanguage":"fr-FR","potentialAction":[{"@type":"ReadAction","target":["https:\/\/www.missionslocalesnormandie.fr\/mission-locale-pays-caux-vallee-seine\/rgpd-jeunes\/"]}]},{"@type":"BreadcrumbList","@id":"https:\/\/www.missionslocalesnormandie.fr\/mission-locale-pays-caux-vallee-seine\/rgpd-jeunes\/#breadcrumb","itemListElement":[{"@type":"ListItem","position":1,"name":"Home","item":"https:\/\/www.missionslocalesnormandie.fr\/mission-locale-pays-caux-vallee-seine\/"},{"@type":"ListItem","position":2,"name":"RGPD Jeunes"}]},{"@type":"WebSite","@id":"https:\/\/www.missionslocalesnormandie.fr\/mission-locale-pays-caux-vallee-seine\/#website","url":"https:\/\/www.missionslocalesnormandie.fr\/mission-locale-pays-caux-vallee-seine\/","name":"MISSION LOCALE PAYS DE CAUX - VALLEE DE SEINE","description":"","potentialAction":[{"@type":"SearchAction","target":{"@type":"EntryPoint","urlTemplate":"https:\/\/www.missionslocalesnormandie.fr\/mission-locale-pays-caux-vallee-seine\/?s={search_term_string}"},"query-input":"required name=search_term_string"}],"inLanguage":"fr-FR"}]}},"_links":{"self":[{"href":"https:\/\/www.missionslocalesnormandie.fr\/mission-locale-pays-caux-vallee-seine\/wp-json\/wp\/v2\/pages\/1134"}],"collection":[{"href":"https:\/\/www.missionslocalesnormandie.fr\/mission-locale-pays-caux-vallee-seine\/wp-json\/wp\/v2\/pages"}],"about":[{"href":"https:\/\/www.missionslocalesnormandie.fr\/mission-locale-pays-caux-vallee-seine\/wp-json\/wp\/v2\/types\/page"}],"author":[{"embeddable":true,"href":"https:\/\/www.missionslocalesnormandie.fr\/mission-locale-pays-caux-vallee-seine\/wp-json\/wp\/v2\/users\/11"}],"replies":[{"embeddable":true,"href":"https:\/\/www.missionslocalesnormandie.fr\/mission-locale-pays-caux-vallee-seine\/wp-json\/wp\/v2\/comments?post=1134"}],"version-history":[{"count":4,"href":"https:\/\/www.missionslocalesnormandie.fr\/mission-locale-pays-caux-vallee-seine\/wp-json\/wp\/v2\/pages\/1134\/revisions"}],"predecessor-version":[{"id":1149,"href":"https:\/\/www.missionslocalesnormandie.fr\/mission-locale-pays-caux-vallee-seine\/wp-json\/wp\/v2\/pages\/1134\/revisions\/1149"}],"wp:attachment":[{"href":"https:\/\/www.missionslocalesnormandie.fr\/mission-locale-pays-caux-vallee-seine\/wp-json\/wp\/v2\/media?parent=1134"}],"curies":[{"name":"wp","href":"https:\/\/api.w.org\/{rel}","templated":true}]}}