{"id":343,"date":"2024-03-12T10:02:19","date_gmt":"2024-03-12T09:02:19","guid":{"rendered":"https:\/\/www.missionslocalesnormandie.fr\/mission-locale-pays-caux-vallee-seine\/?page_id=343"},"modified":"2024-03-28T12:37:20","modified_gmt":"2024-03-28T11:37:20","slug":"groupement-de-createurs","status":"publish","type":"page","link":"https:\/\/www.missionslocalesnormandie.fr\/mission-locale-pays-caux-vallee-seine\/groupement-de-createurs\/","title":{"rendered":"Groupement de Cr\u00e9ateurs"},"content":{"rendered":"\t\t<div data-elementor-type=\"wp-page\" data-elementor-id=\"343\" class=\"elementor elementor-343\">\n\t\t\t\t<div class=\"elementor-element elementor-element-147ef4d e-flex e-con-boxed e-con e-parent\" data-id=\"147ef4d\" data-element_type=\"container\">\n\t\t\t\t\t<div class=\"e-con-inner\">\n\t\t<div class=\"elementor-element elementor-element-5218dcc e-con-full e-flex e-con e-child\" data-id=\"5218dcc\" data-element_type=\"container\">\n\t\t<div class=\"elementor-element elementor-element-02e119a e-con-full e-flex e-con e-child\" data-id=\"02e119a\" data-element_type=\"container\">\n\t\t\t\t<div class=\"elementor-element elementor-element-192f142 elementor-widget elementor-widget-block_simple_texte\" data-id=\"192f142\" data-element_type=\"widget\" data-widget_type=\"block_simple_texte.default\">\n\t\t\t\t<div class=\"elementor-widget-container\">\n\t\t\t    <div class=\"container\">\n        <p><span style=\"font-size: 14pt\">Le Groupement de Cr\u00e9ateurs \u00e0 d\u00e9marr\u00e9 en avril 2022. Il accompagne chaque ann\u00e9e pr\u00e8s de 70 jeunes.<\/span><\/p>\n    <\/div>\n\t\t<\/div>\n\t\t\t\t<\/div>\n\t\t\t\t<\/div>\n\t\t\t\t<div class=\"elementor-element elementor-element-e914fef elementor-widget elementor-widget-block_simple_texte\" data-id=\"e914fef\" data-element_type=\"widget\" data-widget_type=\"block_simple_texte.default\">\n\t\t\t\t<div class=\"elementor-widget-container\">\n\t\t\t    <div class=\"container\">\n        <p style=\"text-align: justify\"><span style=\"color: #003366;font-size: 18pt\"><b>Le Parcours Groupement de Cr\u00e9ateurs<\/b><\/span><\/p><p><span style=\"font-size: 14pt\">Vous avez une id\u00e9e, un r\u00eave, un projet ? Le Groupement de Cr\u00e9ateurs est l\u00e0 pour vous !<\/span><\/p><p><span style=\"font-size: 14pt\">Le Groupement de Cr\u00e9ateurs intervient en amont de votre parcours de cr\u00e9ation d\u2019entreprise.<\/span><\/p><p><span style=\"font-size: 14pt\">Ainsi, ils facilitent l\u2019acc\u00e8s aux dispositifs de la cr\u00e9ation d\u2019activit\u00e9.<\/span><\/p>\n    <\/div>\n\t\t<\/div>\n\t\t\t\t<\/div>\n\t\t\t\t<\/div>\n\t\t<div class=\"elementor-element elementor-element-eac19a8 e-con-full e-flex e-con e-child\" data-id=\"eac19a8\" data-element_type=\"container\">\n\t\t\t\t<div class=\"elementor-element elementor-element-b23200d elementor-widget elementor-widget-block_simple_visuel\" data-id=\"b23200d\" data-element_type=\"widget\" data-widget_type=\"block_simple_visuel.default\">\n\t\t\t\t<div class=\"elementor-widget-container\">\n\t\t\t    <div class=\"container\">\n        <figure>\n                        \n                                                            <a href=\"https:\/\/www.missionslocalesnormandie.fr\/content\/uploads\/sites\/11\/2024\/03\/gpt-createurs.png\">\n                    <img decoding=\"async\" src=\"https:\/\/www.missionslocalesnormandie.fr\/content\/uploads\/sites\/11\/2024\/03\/gpt-createurs-950x595-c-default.png\"\n                         alt=\"MISSION LOCALE PAYS DE CAUX - VALLEE DE SEINE\"\/>\n                <\/a>\n            \n                    <\/figure>\n    <\/div>\n\t\t<\/div>\n\t\t\t\t<\/div>\n\t\t\t\t<div class=\"elementor-element elementor-element-93ae8ef elementor-widget elementor-widget-block_simple_texte\" data-id=\"93ae8ef\" data-element_type=\"widget\" data-widget_type=\"block_simple_texte.default\">\n\t\t\t\t<div class=\"elementor-widget-container\">\n\t\t\t    <div class=\"container\">\n        <p style=\"text-align: center\"><span style=\"font-size: 24pt\"><strong>Labellis\u00e9 en 2024 !\u00a0<\/strong><\/span><\/p>\n    <\/div>\n\t\t<\/div>\n\t\t\t\t<\/div>\n\t\t\t\t<\/div>\n\t\t\t\t\t<\/div>\n\t\t\t\t<\/div>\n\t\t<div class=\"elementor-element elementor-element-9860cfd e-flex e-con-boxed e-con e-parent\" data-id=\"9860cfd\" data-element_type=\"container\">\n\t\t\t\t\t<div class=\"e-con-inner\">\n\t\t<div class=\"elementor-element elementor-element-a14bd20 e-con-full e-flex e-con e-child\" data-id=\"a14bd20\" data-element_type=\"container\">\n\t\t\t\t<div class=\"elementor-element elementor-element-0a7faa0 elementor-widget elementor-widget-block_simple_texte\" data-id=\"0a7faa0\" data-element_type=\"widget\" data-widget_type=\"block_simple_texte.default\">\n\t\t\t\t<div class=\"elementor-widget-container\">\n\t\t\t    <div class=\"container\">\n        <p style=\"text-align: justify\"><span style=\"font-size: 14pt;color: #003366\"><b>L\u2019\u00c9mergence : Pour passer de l\u2019id\u00e9e au projet<\/b><\/span><\/p><p><span style=\"font-size: 14pt\">Compos\u00e9e d\u2019entretiens, d\u2019ateliers collectifs et de temps de travail en autonomie, la phase d\u2019\u00e9mergence vous permet de d\u00e9finir et valider votre id\u00e9e en quatre \u00e9tapes :<\/span><\/p><ul><li><span style=\"font-size: 14pt\">Mieux se conna\u00eetre en tant que porteur de projet, identifier ses comp\u00e9tences professionnelles et personnelles, ses motivations, ses valeurs, ses ressources et ses contraintes personnelles)<\/span><\/li><li><span style=\"font-size: 14pt\">D\u00e9finir pr\u00e9cis\u00e9ment son id\u00e9e. Qu\u2019est-ce qu\u2019on veut faire ? O\u00f9 ? Quand ? Comment ? Pour qui et avec qui ?<\/span><\/li><li><span style=\"font-size: 14pt\">D\u00e9couvrir l\u2019environnement de son projet, le secteur d\u2019activit\u00e9, les m\u00e9tiers, le march\u00e9, la concurrence, les besoins d\u2019investissement<\/span><\/li><li><span style=\"font-size: 14pt\">V\u00e9rifier l\u2019ad\u00e9quation entre la personne, son projet et l\u2019environnement du projet.<\/span><\/li><\/ul>\n    <\/div>\n\t\t<\/div>\n\t\t\t\t<\/div>\n\t\t\t\t<\/div>\n\t\t<div class=\"elementor-element elementor-element-8b019f6 e-con-full e-flex e-con e-child\" data-id=\"8b019f6\" data-element_type=\"container\">\n\t\t\t\t<div class=\"elementor-element elementor-element-6f5a021 elementor-widget elementor-widget-block_simple_embed\" data-id=\"6f5a021\" data-element_type=\"widget\" data-widget_type=\"block_simple_embed.default\">\n\t\t\t\t<div class=\"elementor-widget-container\">\n\t\t\t<div class=\"container\">\n    <div class=\"embed-wrapper ratio ratio-16x9 my-4\">\n                <iframe src=\"https:\/\/www.youtube.com\/embed\/LjG7Wee7S8M\"\n                allowfullscreen><\/iframe>\n            <\/div>\n<\/div>\t\t<\/div>\n\t\t\t\t<\/div>\n\t\t\t\t<\/div>\n\t\t\t\t\t<\/div>\n\t\t\t\t<\/div>\n\t\t<div class=\"elementor-element elementor-element-acecd90 e-flex e-con-boxed e-con e-parent\" data-id=\"acecd90\" data-element_type=\"container\">\n\t\t\t\t\t<div class=\"e-con-inner\">\n\t\t\t\t<div class=\"elementor-element elementor-element-8a2de07 elementor-widget elementor-widget-block_simple_texte\" data-id=\"8a2de07\" data-element_type=\"widget\" data-widget_type=\"block_simple_texte.default\">\n\t\t\t\t<div class=\"elementor-widget-container\">\n\t\t\t    <div class=\"container\">\n        <p><span style=\"font-size: 14pt\">Le Groupement de Cr\u00e9ateurs c'est aussi :\u00a0<\/span><\/p><ul><li><span style=\"font-size: 14pt\">des contacts avec des professionnels de la cr\u00e9ation d'entreprise, <\/span><\/li><li><span style=\"font-size: 14pt\">des banques, <\/span><\/li><li><span style=\"font-size: 14pt\">des participations \u00e0 des concours<\/span><\/li><\/ul><p>\u00a0<\/p>\n    <\/div>\n\t\t<\/div>\n\t\t\t\t<\/div>\n\t\t\t\t\t<\/div>\n\t\t\t\t<\/div>\n\t\t<div class=\"elementor-element elementor-element-c68c51a e-flex e-con-boxed e-con e-parent\" data-id=\"c68c51a\" data-element_type=\"container\">\n\t\t\t\t\t<div class=\"e-con-inner\">\n\t\t\t\t<div class=\"elementor-element elementor-element-326702d elementor-widget elementor-widget-block_titre\" data-id=\"326702d\" data-element_type=\"widget\" data-widget_type=\"block_titre.default\">\n\t\t\t\t<div class=\"elementor-widget-container\">\n\t\t\t    <div class=\"container\">\n        <h2>\n            Une boutique collaborative \u00e0 PJ2S\n        <\/h2>\n    <\/div>\n\t\t<\/div>\n\t\t\t\t<\/div>\n\t\t\t\t\t<\/div>\n\t\t\t\t<\/div>\n\t\t<div class=\"elementor-element elementor-element-6e1fbca e-flex e-con-boxed e-con e-parent\" data-id=\"6e1fbca\" data-element_type=\"container\">\n\t\t\t\t\t<div class=\"e-con-inner\">\n\t\t\t\t\t<\/div>\n\t\t\t\t<\/div>\n\t\t<div class=\"elementor-element elementor-element-349c5e7 e-flex e-con-boxed e-con e-parent\" data-id=\"349c5e7\" data-element_type=\"container\">\n\t\t\t\t\t<div class=\"e-con-inner\">\n\t\t<div class=\"elementor-element elementor-element-06bad73 e-con-full e-flex e-con e-child\" data-id=\"06bad73\" data-element_type=\"container\">\n\t\t\t\t<div class=\"elementor-element elementor-element-4affa06 elementor-widget elementor-widget-block_titre\" data-id=\"4affa06\" data-element_type=\"widget\" data-widget_type=\"block_titre.default\">\n\t\t\t\t<div class=\"elementor-widget-container\">\n\t\t\t    <div class=\"container\">\n        <h2>\n            Contact\n        <\/h2>\n    <\/div>\n\t\t<\/div>\n\t\t\t\t<\/div>\n\t\t\t\t<div class=\"elementor-element elementor-element-f857bf8 elementor-widget elementor-widget-block_simple_texte\" data-id=\"f857bf8\" data-element_type=\"widget\" data-widget_type=\"block_simple_texte.default\">\n\t\t\t\t<div class=\"elementor-widget-container\">\n\t\t\t    <div class=\"container\">\n        <p><span style=\"font-size: 14pt\">Fabrice DOBBELAERE<\/span><\/p><p><span style=\"font-size: 14pt\">06 73 16 41 99<\/span><\/p><p><span style=\"font-size: 14pt\"><a href=\"f.dobbelaere@ml-lillebonnecauxseine.fr\">f.dobbelaere@ml-lillebonnecauxseine.fr<\/a><\/span><\/p>\n    <\/div>\n\t\t<\/div>\n\t\t\t\t<\/div>\n\t\t\t\t<\/div>\n\t\t<div class=\"elementor-element elementor-element-aef2253 e-con-full e-flex e-con e-child\" data-id=\"aef2253\" data-element_type=\"container\">\n\t\t\t\t<div class=\"elementor-element elementor-element-264f5c0 elementor-widget elementor-widget-block_titre\" data-id=\"264f5c0\" data-element_type=\"widget\" data-widget_type=\"block_titre.default\">\n\t\t\t\t<div class=\"elementor-widget-container\">\n\t\t\t    <div class=\"container\">\n        <h2>\n            Facebook\n        <\/h2>\n    <\/div>\n\t\t<\/div>\n\t\t\t\t<\/div>\n\t\t\t\t<div class=\"elementor-element elementor-element-635abe6 elementor-widget elementor-widget-block_simple_texte\" data-id=\"635abe6\" data-element_type=\"widget\" data-widget_type=\"block_simple_texte.default\">\n\t\t\t\t<div class=\"elementor-widget-container\">\n\t\t\t    <div class=\"container\">\n        <p><span style=\"font-size: 14pt\"><a href=\"https:\/\/www.facebook.com\/profile.php?id=100086725129824\">Groupement de cr\u00e9ateurs PCVS<\/a><\/span><\/p>\n    <\/div>\n\t\t<\/div>\n\t\t\t\t<\/div>\n\t\t\t\t<div class=\"elementor-element elementor-element-36d036d elementor-widget elementor-widget-block_liens_fichiers\" data-id=\"36d036d\" data-element_type=\"widget\" data-widget_type=\"block_liens_fichiers.default\">\n\t\t\t\t<div class=\"elementor-widget-container\">\n\t\t\t    <div class=\"container\">\n        <div class=\"my-4\">\n                                                                        <a href=\"https:\/\/www.missionslocalesnormandie.fr\/content\/uploads\/sites\/11\/2024\/03\/FLYER-GPT-CREATEURS.pdf\" class=\"generic-link-file -pdf me-4 mb-3\"\n                           target=\"_blank\"\n                           rel=\"noopener noreferrer\">\n                            T\u00e9l\u00e9charger notre flyer\n                        <\/a>\n                                                        <\/div>\n    <\/div>\n\t\t<\/div>\n\t\t\t\t<\/div>\n\t\t\t\t<\/div>\n\t\t\t\t\t<\/div>\n\t\t\t\t<\/div>\n\t\t\t\t<\/div>\n\t\t","protected":false},"excerpt":{"rendered":"<p>Le Groupement de Cr\u00e9ateurs \u00e0 d\u00e9marr\u00e9 en avril 2022. Il accompagne chaque ann\u00e9e pr\u00e8s de 70 jeunes. Le Parcours Groupement de Cr\u00e9ateurs Vous avez une id\u00e9e, un r\u00eave, un projet ? Le Groupement de Cr\u00e9ateurs est l\u00e0 pour vous ! Le Groupement de Cr\u00e9ateurs intervient en amont de votre parcours de cr\u00e9ation d\u2019entreprise. Ainsi, ils [&hellip;]<\/p>\n","protected":false},"author":11,"featured_media":0,"parent":0,"menu_order":0,"comment_status":"closed","ping_status":"closed","template":"","meta":{"_acf_changed":false,"_crosspost_to_1":false,"_crosspost_to_2":false,"_crosspost_to_3":false,"_crosspost_to_4":false,"_crosspost_to_5":false,"_crosspost_to_6":false,"_crosspost_to_7":false,"_crosspost_to_8":false,"_crosspost_to_12":false,"_crosspost_to_13":false,"_crosspost_to_14":false,"_crosspost_to_15":false,"_crosspost_to_16":false,"inline_featured_image":false,"footnotes":""},"acf":[],"yoast_head":"<!-- This site is optimized with the Yoast SEO plugin v21.9.1 - https:\/\/yoast.com\/wordpress\/plugins\/seo\/ -->\n<title>Groupement de Cr\u00e9ateurs - MISSION LOCALE PAYS DE CAUX - VALLEE DE SEINE<\/title>\n<meta name=\"robots\" content=\"index, follow, max-snippet:-1, max-image-preview:large, max-video-preview:-1\" \/>\n<link rel=\"canonical\" href=\"https:\/\/www.missionslocalesnormandie.fr\/mission-locale-pays-caux-vallee-seine\/groupement-de-createurs\/\" \/>\n<meta property=\"og:locale\" content=\"fr_FR\" \/>\n<meta property=\"og:type\" content=\"article\" \/>\n<meta property=\"og:title\" content=\"Groupement de Cr\u00e9ateurs - MISSION LOCALE PAYS DE CAUX - VALLEE DE SEINE\" \/>\n<meta property=\"og:description\" content=\"Le Groupement de Cr\u00e9ateurs \u00e0 d\u00e9marr\u00e9 en avril 2022. Il accompagne chaque ann\u00e9e pr\u00e8s de 70 jeunes. Le Parcours Groupement de Cr\u00e9ateurs Vous avez une id\u00e9e, un r\u00eave, un projet ? Le Groupement de Cr\u00e9ateurs est l\u00e0 pour vous ! Le Groupement de Cr\u00e9ateurs intervient en amont de votre parcours de cr\u00e9ation d\u2019entreprise. Ainsi, ils [&hellip;]\" \/>\n<meta property=\"og:url\" content=\"https:\/\/www.missionslocalesnormandie.fr\/mission-locale-pays-caux-vallee-seine\/groupement-de-createurs\/\" \/>\n<meta property=\"og:site_name\" content=\"MISSION LOCALE PAYS DE CAUX - VALLEE DE SEINE\" \/>\n<meta property=\"article:modified_time\" content=\"2024-03-28T11:37:20+00:00\" \/>\n<meta property=\"og:image\" content=\"https:\/\/www.missionslocalesnormandie.fr\/content\/uploads\/sites\/11\/2024\/03\/gpt-createurs-950x595-c-default.png\" \/>\n<meta name=\"twitter:card\" content=\"summary_large_image\" \/>\n<meta name=\"twitter:label1\" content=\"Dur\u00e9e de lecture estim\u00e9e\" \/>\n\t<meta name=\"twitter:data1\" content=\"2 minutes\" \/>\n<script type=\"application\/ld+json\" class=\"yoast-schema-graph\">{\"@context\":\"https:\/\/schema.org\",\"@graph\":[{\"@type\":\"WebPage\",\"@id\":\"https:\/\/www.missionslocalesnormandie.fr\/mission-locale-pays-caux-vallee-seine\/groupement-de-createurs\/\",\"url\":\"https:\/\/www.missionslocalesnormandie.fr\/mission-locale-pays-caux-vallee-seine\/groupement-de-createurs\/\",\"name\":\"Groupement de Cr\u00e9ateurs - MISSION LOCALE PAYS DE CAUX - VALLEE DE SEINE\",\"isPartOf\":{\"@id\":\"https:\/\/www.missionslocalesnormandie.fr\/mission-locale-pays-caux-vallee-seine\/#website\"},\"datePublished\":\"2024-03-12T09:02:19+00:00\",\"dateModified\":\"2024-03-28T11:37:20+00:00\",\"breadcrumb\":{\"@id\":\"https:\/\/www.missionslocalesnormandie.fr\/mission-locale-pays-caux-vallee-seine\/groupement-de-createurs\/#breadcrumb\"},\"inLanguage\":\"fr-FR\",\"potentialAction\":[{\"@type\":\"ReadAction\",\"target\":[\"https:\/\/www.missionslocalesnormandie.fr\/mission-locale-pays-caux-vallee-seine\/groupement-de-createurs\/\"]}]},{\"@type\":\"BreadcrumbList\",\"@id\":\"https:\/\/www.missionslocalesnormandie.fr\/mission-locale-pays-caux-vallee-seine\/groupement-de-createurs\/#breadcrumb\",\"itemListElement\":[{\"@type\":\"ListItem\",\"position\":1,\"name\":\"Home\",\"item\":\"https:\/\/www.missionslocalesnormandie.fr\/mission-locale-pays-caux-vallee-seine\/\"},{\"@type\":\"ListItem\",\"position\":2,\"name\":\"Groupement de Cr\u00e9ateurs\"}]},{\"@type\":\"WebSite\",\"@id\":\"https:\/\/www.missionslocalesnormandie.fr\/mission-locale-pays-caux-vallee-seine\/#website\",\"url\":\"https:\/\/www.missionslocalesnormandie.fr\/mission-locale-pays-caux-vallee-seine\/\",\"name\":\"MISSION LOCALE PAYS DE CAUX - VALLEE DE SEINE\",\"description\":\"\",\"potentialAction\":[{\"@type\":\"SearchAction\",\"target\":{\"@type\":\"EntryPoint\",\"urlTemplate\":\"https:\/\/www.missionslocalesnormandie.fr\/mission-locale-pays-caux-vallee-seine\/?s={search_term_string}\"},\"query-input\":\"required name=search_term_string\"}],\"inLanguage\":\"fr-FR\"}]}<\/script>\n<!-- \/ Yoast SEO plugin. -->","yoast_head_json":{"title":"Groupement de Cr\u00e9ateurs - MISSION LOCALE PAYS DE CAUX - VALLEE DE SEINE","robots":{"index":"index","follow":"follow","max-snippet":"max-snippet:-1","max-image-preview":"max-image-preview:large","max-video-preview":"max-video-preview:-1"},"canonical":"https:\/\/www.missionslocalesnormandie.fr\/mission-locale-pays-caux-vallee-seine\/groupement-de-createurs\/","og_locale":"fr_FR","og_type":"article","og_title":"Groupement de Cr\u00e9ateurs - MISSION LOCALE PAYS DE CAUX - VALLEE DE SEINE","og_description":"Le Groupement de Cr\u00e9ateurs \u00e0 d\u00e9marr\u00e9 en avril 2022. Il accompagne chaque ann\u00e9e pr\u00e8s de 70 jeunes. Le Parcours Groupement de Cr\u00e9ateurs Vous avez une id\u00e9e, un r\u00eave, un projet ? Le Groupement de Cr\u00e9ateurs est l\u00e0 pour vous ! Le Groupement de Cr\u00e9ateurs intervient en amont de votre parcours de cr\u00e9ation d\u2019entreprise. Ainsi, ils [&hellip;]","og_url":"https:\/\/www.missionslocalesnormandie.fr\/mission-locale-pays-caux-vallee-seine\/groupement-de-createurs\/","og_site_name":"MISSION LOCALE PAYS DE CAUX - VALLEE DE SEINE","article_modified_time":"2024-03-28T11:37:20+00:00","og_image":[{"url":"https:\/\/www.missionslocalesnormandie.fr\/content\/uploads\/sites\/11\/2024\/03\/gpt-createurs-950x595-c-default.png"}],"twitter_card":"summary_large_image","twitter_misc":{"Dur\u00e9e de lecture estim\u00e9e":"2 minutes"},"schema":{"@context":"https:\/\/schema.org","@graph":[{"@type":"WebPage","@id":"https:\/\/www.missionslocalesnormandie.fr\/mission-locale-pays-caux-vallee-seine\/groupement-de-createurs\/","url":"https:\/\/www.missionslocalesnormandie.fr\/mission-locale-pays-caux-vallee-seine\/groupement-de-createurs\/","name":"Groupement de Cr\u00e9ateurs - MISSION LOCALE PAYS DE CAUX - VALLEE DE SEINE","isPartOf":{"@id":"https:\/\/www.missionslocalesnormandie.fr\/mission-locale-pays-caux-vallee-seine\/#website"},"datePublished":"2024-03-12T09:02:19+00:00","dateModified":"2024-03-28T11:37:20+00:00","breadcrumb":{"@id":"https:\/\/www.missionslocalesnormandie.fr\/mission-locale-pays-caux-vallee-seine\/groupement-de-createurs\/#breadcrumb"},"inLanguage":"fr-FR","potentialAction":[{"@type":"ReadAction","target":["https:\/\/www.missionslocalesnormandie.fr\/mission-locale-pays-caux-vallee-seine\/groupement-de-createurs\/"]}]},{"@type":"BreadcrumbList","@id":"https:\/\/www.missionslocalesnormandie.fr\/mission-locale-pays-caux-vallee-seine\/groupement-de-createurs\/#breadcrumb","itemListElement":[{"@type":"ListItem","position":1,"name":"Home","item":"https:\/\/www.missionslocalesnormandie.fr\/mission-locale-pays-caux-vallee-seine\/"},{"@type":"ListItem","position":2,"name":"Groupement de Cr\u00e9ateurs"}]},{"@type":"WebSite","@id":"https:\/\/www.missionslocalesnormandie.fr\/mission-locale-pays-caux-vallee-seine\/#website","url":"https:\/\/www.missionslocalesnormandie.fr\/mission-locale-pays-caux-vallee-seine\/","name":"MISSION LOCALE PAYS DE CAUX - VALLEE DE SEINE","description":"","potentialAction":[{"@type":"SearchAction","target":{"@type":"EntryPoint","urlTemplate":"https:\/\/www.missionslocalesnormandie.fr\/mission-locale-pays-caux-vallee-seine\/?s={search_term_string}"},"query-input":"required name=search_term_string"}],"inLanguage":"fr-FR"}]}},"_links":{"self":[{"href":"https:\/\/www.missionslocalesnormandie.fr\/mission-locale-pays-caux-vallee-seine\/wp-json\/wp\/v2\/pages\/343"}],"collection":[{"href":"https:\/\/www.missionslocalesnormandie.fr\/mission-locale-pays-caux-vallee-seine\/wp-json\/wp\/v2\/pages"}],"about":[{"href":"https:\/\/www.missionslocalesnormandie.fr\/mission-locale-pays-caux-vallee-seine\/wp-json\/wp\/v2\/types\/page"}],"author":[{"embeddable":true,"href":"https:\/\/www.missionslocalesnormandie.fr\/mission-locale-pays-caux-vallee-seine\/wp-json\/wp\/v2\/users\/11"}],"replies":[{"embeddable":true,"href":"https:\/\/www.missionslocalesnormandie.fr\/mission-locale-pays-caux-vallee-seine\/wp-json\/wp\/v2\/comments?post=343"}],"version-history":[{"count":37,"href":"https:\/\/www.missionslocalesnormandie.fr\/mission-locale-pays-caux-vallee-seine\/wp-json\/wp\/v2\/pages\/343\/revisions"}],"predecessor-version":[{"id":1400,"href":"https:\/\/www.missionslocalesnormandie.fr\/mission-locale-pays-caux-vallee-seine\/wp-json\/wp\/v2\/pages\/343\/revisions\/1400"}],"wp:attachment":[{"href":"https:\/\/www.missionslocalesnormandie.fr\/mission-locale-pays-caux-vallee-seine\/wp-json\/wp\/v2\/media?parent=343"}],"curies":[{"name":"wp","href":"https:\/\/api.w.org\/{rel}","templated":true}]}}