{"id":420,"date":"2024-03-12T12:46:56","date_gmt":"2024-03-12T11:46:56","guid":{"rendered":"https:\/\/www.missionslocalesnormandie.fr\/mission-locale-pays-caux-vallee-seine\/?page_id=420"},"modified":"2025-02-06T17:20:53","modified_gmt":"2025-02-06T16:20:53","slug":"le-point-relais-conseil","status":"publish","type":"page","link":"https:\/\/www.missionslocalesnormandie.fr\/mission-locale-pays-caux-vallee-seine\/le-point-relais-conseil\/","title":{"rendered":"Le Point VAE"},"content":{"rendered":"\t\t<div data-elementor-type=\"wp-page\" data-elementor-id=\"420\" class=\"elementor elementor-420\">\n\t\t\t\t<div class=\"elementor-element elementor-element-841ad1a e-flex e-con-boxed e-con e-parent\" data-id=\"841ad1a\" data-element_type=\"container\">\n\t\t\t\t\t<div class=\"e-con-inner\">\n\t\t\t\t<div class=\"elementor-element elementor-element-50d9273 elementor-widget elementor-widget-block_simple_texte\" data-id=\"50d9273\" data-element_type=\"widget\" data-widget_type=\"block_simple_texte.default\">\n\t\t\t\t<div class=\"elementor-widget-container\">\n\t\t\t    <div class=\"container\">\n        <p style=\"text-align: justify\"><em><span style=\"font-size: 18pt\"><strong><span style=\"color: #003366\">Le Point VAE, financ\u00e9 par le CLIPS Formation et Caux Seine Agglo est ouvert \u00e0 tous les publics. Il informe et conseille sur la d\u00e9marche de VAE par t\u00e9l\u00e9phone, mail ou directement sur place sur votre projet VAE. <\/span><\/strong><\/span><\/em><\/p><p><b>\u00a0<\/b><\/p><p><span style=\"color: #8e48d4;font-size: 14pt\"><b>Le conseiller du Point VAE peut vous conseiller lors d\u2019un entretien individuel, neutre et confidentiel pour :<\/b><\/span><\/p><ul><li><span style=\"font-size: 14pt\">Cerner les certifications qui correspondent le mieux au projet de validation en lien avec les activit\u00e9s que vous avez exerc\u00e9es\u00a0et le projet professionnel<\/span><\/li><li><span style=\"font-size: 14pt\">Expliquer les proc\u00e9dures associ\u00e9es aux solutions de validation d\u2019acquis rep\u00e9r\u00e9es<\/span><\/li><li><span style=\"font-size: 14pt\">Qualifier le parcours correspondant \u00e0 chaque hypoth\u00e8se (\u00e9laboration des dossiers, suivi d\u2019\u00e9ventuelles formations avant et\/ou apr\u00e8s jury)<\/span><\/li><li><span style=\"font-size: 14pt\">Identifier les moyens de financer les diff\u00e9rentes solutions<\/span><\/li><li><span style=\"font-size: 14pt\">Aider \u00e0 l\u2019\u00e9valuation des solutions pour permettre de choisir la plus pertinente<\/span><\/li><li><span style=\"font-size: 14pt\">Elaborer un planning pr\u00e9visionnel de votre parcours de VAE\u00a0 en fonction des dates de jury potentielles<\/span><\/li><li><span style=\"font-size: 14pt\">Explorer les pistes alternatives si n\u00e9cessaire\u00a0: formation, bilan de comp\u00e9tences\u2026<\/span><\/li><li><span style=\"font-size: 14pt\">Orienter sur la prochaine \u00e9tape (certificateur ou autre piste) et fournir les ressources n\u00e9cessaires (r\u00e9f\u00e9rentiel de certification, dossier de recevabilit\u00e9, coordonn\u00e9es des certificateurs, financeurs, d\u2019op\u00e9rateurs CEP\u2026)<\/span><\/li><\/ul><p style=\"text-align: center\"><strong><span style=\"font-size: 14pt\">Nous travaillons en collaboration avec les Architectes Accompagnateurs de Parcours (AAP) labellis\u00e9s France VAE.<\/span><\/strong><\/p>\n    <\/div>\n\t\t<\/div>\n\t\t\t\t<\/div>\n\t\t\t\t\t<\/div>\n\t\t\t\t<\/div>\n\t\t\t\t<\/div>\n\t\t","protected":false},"excerpt":{"rendered":"<p>Le Point VAE, financ\u00e9 par le CLIPS Formation et Caux Seine Agglo est ouvert \u00e0 tous les publics. Il informe et conseille sur la d\u00e9marche de VAE par t\u00e9l\u00e9phone, mail ou directement sur place sur votre projet VAE. \u00a0 Le conseiller du Point VAE peut vous conseiller lors d\u2019un entretien individuel, neutre et confidentiel pour [&hellip;]<\/p>\n","protected":false},"author":11,"featured_media":0,"parent":0,"menu_order":0,"comment_status":"closed","ping_status":"closed","template":"","meta":{"_acf_changed":false,"_crosspost_to_1":false,"_crosspost_to_2":false,"_crosspost_to_3":false,"_crosspost_to_4":false,"_crosspost_to_5":false,"_crosspost_to_6":false,"_crosspost_to_7":false,"_crosspost_to_8":false,"_crosspost_to_12":false,"_crosspost_to_13":false,"_crosspost_to_14":false,"_crosspost_to_15":false,"_crosspost_to_16":false,"inline_featured_image":false,"footnotes":""},"acf":[],"yoast_head":"<!-- This site is optimized with the Yoast SEO plugin v21.9.1 - https:\/\/yoast.com\/wordpress\/plugins\/seo\/ -->\n<title>Le Point VAE - MISSION LOCALE PAYS DE CAUX - VALLEE DE SEINE<\/title>\n<meta name=\"robots\" content=\"index, follow, max-snippet:-1, max-image-preview:large, max-video-preview:-1\" \/>\n<link rel=\"canonical\" href=\"https:\/\/www.missionslocalesnormandie.fr\/mission-locale-pays-caux-vallee-seine\/le-point-relais-conseil\/\" \/>\n<meta property=\"og:locale\" content=\"fr_FR\" \/>\n<meta property=\"og:type\" content=\"article\" \/>\n<meta property=\"og:title\" content=\"Le Point VAE - MISSION LOCALE PAYS DE CAUX - VALLEE DE SEINE\" \/>\n<meta property=\"og:description\" content=\"Le Point VAE, financ\u00e9 par le CLIPS Formation et Caux Seine Agglo est ouvert \u00e0 tous les publics. Il informe et conseille sur la d\u00e9marche de VAE par t\u00e9l\u00e9phone, mail ou directement sur place sur votre projet VAE. \u00a0 Le conseiller du Point VAE peut vous conseiller lors d\u2019un entretien individuel, neutre et confidentiel pour [&hellip;]\" \/>\n<meta property=\"og:url\" content=\"https:\/\/www.missionslocalesnormandie.fr\/mission-locale-pays-caux-vallee-seine\/le-point-relais-conseil\/\" \/>\n<meta property=\"og:site_name\" content=\"MISSION LOCALE PAYS DE CAUX - VALLEE DE SEINE\" \/>\n<meta property=\"article:modified_time\" content=\"2025-02-06T16:20:53+00:00\" \/>\n<meta name=\"twitter:card\" content=\"summary_large_image\" \/>\n<meta name=\"twitter:label1\" content=\"Dur\u00e9e de lecture estim\u00e9e\" \/>\n\t<meta name=\"twitter:data1\" content=\"1 minute\" \/>\n<script type=\"application\/ld+json\" class=\"yoast-schema-graph\">{\"@context\":\"https:\/\/schema.org\",\"@graph\":[{\"@type\":\"WebPage\",\"@id\":\"https:\/\/www.missionslocalesnormandie.fr\/mission-locale-pays-caux-vallee-seine\/le-point-relais-conseil\/\",\"url\":\"https:\/\/www.missionslocalesnormandie.fr\/mission-locale-pays-caux-vallee-seine\/le-point-relais-conseil\/\",\"name\":\"Le Point VAE - MISSION LOCALE PAYS DE CAUX - VALLEE DE SEINE\",\"isPartOf\":{\"@id\":\"https:\/\/www.missionslocalesnormandie.fr\/mission-locale-pays-caux-vallee-seine\/#website\"},\"datePublished\":\"2024-03-12T11:46:56+00:00\",\"dateModified\":\"2025-02-06T16:20:53+00:00\",\"breadcrumb\":{\"@id\":\"https:\/\/www.missionslocalesnormandie.fr\/mission-locale-pays-caux-vallee-seine\/le-point-relais-conseil\/#breadcrumb\"},\"inLanguage\":\"fr-FR\",\"potentialAction\":[{\"@type\":\"ReadAction\",\"target\":[\"https:\/\/www.missionslocalesnormandie.fr\/mission-locale-pays-caux-vallee-seine\/le-point-relais-conseil\/\"]}]},{\"@type\":\"BreadcrumbList\",\"@id\":\"https:\/\/www.missionslocalesnormandie.fr\/mission-locale-pays-caux-vallee-seine\/le-point-relais-conseil\/#breadcrumb\",\"itemListElement\":[{\"@type\":\"ListItem\",\"position\":1,\"name\":\"Home\",\"item\":\"https:\/\/www.missionslocalesnormandie.fr\/mission-locale-pays-caux-vallee-seine\/\"},{\"@type\":\"ListItem\",\"position\":2,\"name\":\"Le Point VAE\"}]},{\"@type\":\"WebSite\",\"@id\":\"https:\/\/www.missionslocalesnormandie.fr\/mission-locale-pays-caux-vallee-seine\/#website\",\"url\":\"https:\/\/www.missionslocalesnormandie.fr\/mission-locale-pays-caux-vallee-seine\/\",\"name\":\"MISSION LOCALE PAYS DE CAUX - VALLEE DE SEINE\",\"description\":\"\",\"potentialAction\":[{\"@type\":\"SearchAction\",\"target\":{\"@type\":\"EntryPoint\",\"urlTemplate\":\"https:\/\/www.missionslocalesnormandie.fr\/mission-locale-pays-caux-vallee-seine\/?s={search_term_string}\"},\"query-input\":\"required name=search_term_string\"}],\"inLanguage\":\"fr-FR\"}]}<\/script>\n<!-- \/ Yoast SEO plugin. -->","yoast_head_json":{"title":"Le Point VAE - MISSION LOCALE PAYS DE CAUX - VALLEE DE SEINE","robots":{"index":"index","follow":"follow","max-snippet":"max-snippet:-1","max-image-preview":"max-image-preview:large","max-video-preview":"max-video-preview:-1"},"canonical":"https:\/\/www.missionslocalesnormandie.fr\/mission-locale-pays-caux-vallee-seine\/le-point-relais-conseil\/","og_locale":"fr_FR","og_type":"article","og_title":"Le Point VAE - MISSION LOCALE PAYS DE CAUX - VALLEE DE SEINE","og_description":"Le Point VAE, financ\u00e9 par le CLIPS Formation et Caux Seine Agglo est ouvert \u00e0 tous les publics. Il informe et conseille sur la d\u00e9marche de VAE par t\u00e9l\u00e9phone, mail ou directement sur place sur votre projet VAE. \u00a0 Le conseiller du Point VAE peut vous conseiller lors d\u2019un entretien individuel, neutre et confidentiel pour [&hellip;]","og_url":"https:\/\/www.missionslocalesnormandie.fr\/mission-locale-pays-caux-vallee-seine\/le-point-relais-conseil\/","og_site_name":"MISSION LOCALE PAYS DE CAUX - VALLEE DE SEINE","article_modified_time":"2025-02-06T16:20:53+00:00","twitter_card":"summary_large_image","twitter_misc":{"Dur\u00e9e de lecture estim\u00e9e":"1 minute"},"schema":{"@context":"https:\/\/schema.org","@graph":[{"@type":"WebPage","@id":"https:\/\/www.missionslocalesnormandie.fr\/mission-locale-pays-caux-vallee-seine\/le-point-relais-conseil\/","url":"https:\/\/www.missionslocalesnormandie.fr\/mission-locale-pays-caux-vallee-seine\/le-point-relais-conseil\/","name":"Le Point VAE - MISSION LOCALE PAYS DE CAUX - VALLEE DE SEINE","isPartOf":{"@id":"https:\/\/www.missionslocalesnormandie.fr\/mission-locale-pays-caux-vallee-seine\/#website"},"datePublished":"2024-03-12T11:46:56+00:00","dateModified":"2025-02-06T16:20:53+00:00","breadcrumb":{"@id":"https:\/\/www.missionslocalesnormandie.fr\/mission-locale-pays-caux-vallee-seine\/le-point-relais-conseil\/#breadcrumb"},"inLanguage":"fr-FR","potentialAction":[{"@type":"ReadAction","target":["https:\/\/www.missionslocalesnormandie.fr\/mission-locale-pays-caux-vallee-seine\/le-point-relais-conseil\/"]}]},{"@type":"BreadcrumbList","@id":"https:\/\/www.missionslocalesnormandie.fr\/mission-locale-pays-caux-vallee-seine\/le-point-relais-conseil\/#breadcrumb","itemListElement":[{"@type":"ListItem","position":1,"name":"Home","item":"https:\/\/www.missionslocalesnormandie.fr\/mission-locale-pays-caux-vallee-seine\/"},{"@type":"ListItem","position":2,"name":"Le Point VAE"}]},{"@type":"WebSite","@id":"https:\/\/www.missionslocalesnormandie.fr\/mission-locale-pays-caux-vallee-seine\/#website","url":"https:\/\/www.missionslocalesnormandie.fr\/mission-locale-pays-caux-vallee-seine\/","name":"MISSION LOCALE PAYS DE CAUX - VALLEE DE SEINE","description":"","potentialAction":[{"@type":"SearchAction","target":{"@type":"EntryPoint","urlTemplate":"https:\/\/www.missionslocalesnormandie.fr\/mission-locale-pays-caux-vallee-seine\/?s={search_term_string}"},"query-input":"required name=search_term_string"}],"inLanguage":"fr-FR"}]}},"_links":{"self":[{"href":"https:\/\/www.missionslocalesnormandie.fr\/mission-locale-pays-caux-vallee-seine\/wp-json\/wp\/v2\/pages\/420"}],"collection":[{"href":"https:\/\/www.missionslocalesnormandie.fr\/mission-locale-pays-caux-vallee-seine\/wp-json\/wp\/v2\/pages"}],"about":[{"href":"https:\/\/www.missionslocalesnormandie.fr\/mission-locale-pays-caux-vallee-seine\/wp-json\/wp\/v2\/types\/page"}],"author":[{"embeddable":true,"href":"https:\/\/www.missionslocalesnormandie.fr\/mission-locale-pays-caux-vallee-seine\/wp-json\/wp\/v2\/users\/11"}],"replies":[{"embeddable":true,"href":"https:\/\/www.missionslocalesnormandie.fr\/mission-locale-pays-caux-vallee-seine\/wp-json\/wp\/v2\/comments?post=420"}],"version-history":[{"count":41,"href":"https:\/\/www.missionslocalesnormandie.fr\/mission-locale-pays-caux-vallee-seine\/wp-json\/wp\/v2\/pages\/420\/revisions"}],"predecessor-version":[{"id":1940,"href":"https:\/\/www.missionslocalesnormandie.fr\/mission-locale-pays-caux-vallee-seine\/wp-json\/wp\/v2\/pages\/420\/revisions\/1940"}],"wp:attachment":[{"href":"https:\/\/www.missionslocalesnormandie.fr\/mission-locale-pays-caux-vallee-seine\/wp-json\/wp\/v2\/media?parent=420"}],"curies":[{"name":"wp","href":"https:\/\/api.w.org\/{rel}","templated":true}]}}