{"id":102,"date":"2023-12-14T15:17:16","date_gmt":"2023-12-14T14:17:16","guid":{"rendered":"https:\/\/www.missionslocalesnormandie.fr\/mission-locale-vernon-seine-vexin\/?page_id=102"},"modified":"2025-07-29T14:40:11","modified_gmt":"2025-07-29T12:40:11","slug":"parrainage","status":"publish","type":"page","link":"https:\/\/www.missionslocalesnormandie.fr\/mission-locale-vernon-seine-vexin\/parrainage\/","title":{"rendered":"Le parrainage"},"content":{"rendered":"\t\t<div data-elementor-type=\"wp-page\" data-elementor-id=\"102\" class=\"elementor elementor-102\">\n\t\t\t\t<div class=\"elementor-element elementor-element-de08878 e-flex e-con-boxed e-con e-parent\" data-id=\"de08878\" data-element_type=\"container\">\n\t\t\t\t\t<div class=\"e-con-inner\">\n\t\t\t\t<div class=\"elementor-element elementor-element-014a4cf elementor-widget elementor-widget-block_titre\" data-id=\"014a4cf\" data-element_type=\"widget\" data-widget_type=\"block_titre.default\">\n\t\t\t\t<div class=\"elementor-widget-container\">\n\t\t\t    <div class=\"container\">\n        <h2>\n            Le parrainage\n        <\/h2>\n    <\/div>\n\t\t<\/div>\n\t\t\t\t<\/div>\n\t\t\t\t<div class=\"elementor-element elementor-element-0918875 elementor-widget elementor-widget-block_simple_visuel\" data-id=\"0918875\" data-element_type=\"widget\" data-widget_type=\"block_simple_visuel.default\">\n\t\t\t\t<div class=\"elementor-widget-container\">\n\t\t\t    <div class=\"container\">\n        <figure>\n                                                    \n                                                            <a href=\"https:\/\/www.missionslocalesnormandie.fr\/content\/uploads\/sites\/16\/2025\/07\/RELATION-ENTREPRISE-MLVSV.png\">\n                    <img decoding=\"async\" src=\"https:\/\/www.missionslocalesnormandie.fr\/content\/uploads\/sites\/16\/2025\/07\/RELATION-ENTREPRISE-MLVSV-950x595-c-default.png\"\n                         alt=\"MISSION LOCALE VERNON SEINE VEXIN\"\/>\n                <\/a>\n            \n                            <figcaption>parrainage-mission-locale-vernon-seine<\/figcaption>\n                    <\/figure>\n    <\/div>\n\t\t<\/div>\n\t\t\t\t<\/div>\n\t\t\t\t<div class=\"elementor-element elementor-element-56c10a4 elementor-widget elementor-widget-block_simple_embed\" data-id=\"56c10a4\" data-element_type=\"widget\" data-widget_type=\"block_simple_embed.default\">\n\t\t\t\t<div class=\"elementor-widget-container\">\n\t\t\t<div class=\"container\">\n    <div class=\"embed-wrapper ratio ratio-16x9 my-4\">\n                <iframe src=\"https:\/\/www.youtube.com\/embed\/4-slpQwPhMI\"\n                allowfullscreen><\/iframe>\n            <\/div>\n<\/div>\t\t<\/div>\n\t\t\t\t<\/div>\n\t\t\t\t\t<\/div>\n\t\t\t\t<\/div>\n\t\t<div class=\"elementor-element elementor-element-d46e3c7 e-flex e-con-boxed e-con e-parent\" data-id=\"d46e3c7\" data-element_type=\"container\">\n\t\t\t\t\t<div class=\"e-con-inner\">\n\t\t\t\t<div class=\"elementor-element elementor-element-d7e76b1 elementor-widget elementor-widget-block_separateur\" data-id=\"d7e76b1\" data-element_type=\"widget\" data-widget_type=\"block_separateur.default\">\n\t\t\t\t<div class=\"elementor-widget-container\">\n\t\t\t<div class=\"container\">\n    <hr\/>\n<\/div>\t\t<\/div>\n\t\t\t\t<\/div>\n\t\t\t\t<div class=\"elementor-element elementor-element-bbbf9a6 elementor-widget elementor-widget-block_simple_texte\" data-id=\"bbbf9a6\" data-element_type=\"widget\" data-widget_type=\"block_simple_texte.default\">\n\t\t\t\t<div class=\"elementor-widget-container\">\n\t\t\t    <div class=\"container\">\n        <p data-start=\"49\" data-end=\"258\">\ud83e\udd1d Le <strong data-start=\"55\" data-end=\"69\">parrainage<\/strong>, c\u2019est un engagement entre un <strong data-start=\"100\" data-end=\"109\">jeune<\/strong> \ud83d\udc69\u200d\ud83c\udf93\ud83d\udc68\u200d\ud83c\udf93 et un <strong data-start=\"127\" data-end=\"156\">parrain\/marraine b\u00e9n\u00e9vole<\/strong> \ud83d\udc69\u200d\ud83d\udcbc\ud83d\udc68\u200d\ud83c\udfeb<br data-start=\"167\" data-end=\"170\" \/>\ud83d\udcac Partage d\u2019exp\u00e9rience, \ud83c\udfaf accompagnement vers le projet pro, \ud83d\udc40 d\u00e9couverte de m\u00e9tiers.<\/p><p data-start=\"260\" data-end=\"491\">\ud83d\udc65 <strong data-start=\"263\" data-end=\"287\">Qui peut parrainer ?<\/strong><br data-start=\"287\" data-end=\"290\" \/>\ud83d\udc49 <strong data-start=\"293\" data-end=\"312\">Tout le monde !<\/strong> \ud83d\ude4b\u200d\u2642\ufe0f\ud83d\ude4b\u200d\u2640\ufe0f Chefs d\u2019entreprise \ud83e\uddd1\u200d\ud83d\udcbc, salari\u00e9s \ud83d\udc77, retrait\u00e9s \ud83d\udc75\ud83d\udc74, b\u00e9n\u00e9voles associatifs \ud83e\udd17\u2026<br data-start=\"404\" data-end=\"407\" \/>\ud83d\udcc5 Environ <strong data-start=\"418\" data-end=\"428\" data-is-only-node=\"\">6 mois<\/strong> pour semer les \ud83c\udf31 du succ\u00e8s et booster l\u2019emploi des jeunes \ud83d\udcbc\u2728<\/p><p data-start=\"493\" data-end=\"577\">\ud83d\udce7 En savoir + :<br data-start=\"509\" data-end=\"512\" \/>eve.mortagne@mlvsv.fr<br \/>marie.martin@mlvsv.fr<\/p><p data-start=\"579\" data-end=\"801\">\ud83d\udcaf <strong data-start=\"582\" data-end=\"609\">100 chances 100 emplois<\/strong><br data-start=\"609\" data-end=\"612\" \/>\u27a1\ufe0f Une <strong data-start=\"619\" data-end=\"641\">communaut\u00e9 engag\u00e9e<\/strong> : entreprises \ud83c\udfe2, organismes de formation \ud83c\udf93, OPCO, CFA\u2026<br data-start=\"698\" data-end=\"701\" \/>\ud83e\udd17 Offrez du <strong data-start=\"714\" data-end=\"736\" data-is-only-node=\"\">soutien sur mesure<\/strong> avec vos conseils \ud83d\udde3\ufe0f, votre r\u00e9seau \ud83e\udd1d et votre bienveillance \u2764\ufe0f<\/p><p data-start=\"803\" data-end=\"835\" data-is-last-node=\"\" data-is-only-node=\"\">Pr\u00eats \u00e0 faire la diff\u00e9rence ? \ud83d\ude80<\/p>\n    <\/div>\n\t\t<\/div>\n\t\t\t\t<\/div>\n\t\t\t\t\t<\/div>\n\t\t\t\t<\/div>\n\t\t\t\t<\/div>\n\t\t","protected":false},"excerpt":{"rendered":"<p>Le parrainage parrainage-mission-locale-vernon-seine \ud83e\udd1d Le parrainage, c\u2019est un engagement entre un jeune \ud83d\udc69\u200d\ud83c\udf93\ud83d\udc68\u200d\ud83c\udf93 et un parrain\/marraine b\u00e9n\u00e9vole \ud83d\udc69\u200d\ud83d\udcbc\ud83d\udc68\u200d\ud83c\udfeb\ud83d\udcac Partage d\u2019exp\u00e9rience, \ud83c\udfaf accompagnement vers le projet pro, \ud83d\udc40 d\u00e9couverte de m\u00e9tiers. \ud83d\udc65 Qui peut parrainer ?\ud83d\udc49 Tout le monde ! \ud83d\ude4b\u200d\u2642\ufe0f\ud83d\ude4b\u200d\u2640\ufe0f Chefs d\u2019entreprise \ud83e\uddd1\u200d\ud83d\udcbc, salari\u00e9s \ud83d\udc77, retrait\u00e9s \ud83d\udc75\ud83d\udc74, b\u00e9n\u00e9voles associatifs \ud83e\udd17\u2026\ud83d\udcc5 Environ 6 mois pour semer [&hellip;]<\/p>\n","protected":false},"author":1,"featured_media":0,"parent":0,"menu_order":0,"comment_status":"closed","ping_status":"closed","template":"","meta":{"_acf_changed":false,"_crosspost_to_1":false,"_crosspost_to_2":false,"_crosspost_to_3":false,"_crosspost_to_4":false,"_crosspost_to_5":false,"_crosspost_to_6":false,"_crosspost_to_7":false,"_crosspost_to_8":false,"_crosspost_to_11":false,"_crosspost_to_12":false,"_crosspost_to_13":false,"_crosspost_to_14":false,"_crosspost_to_15":false,"inline_featured_image":false,"footnotes":""},"acf":[],"yoast_head":"<!-- This site is optimized with the Yoast SEO plugin v21.9.1 - https:\/\/yoast.com\/wordpress\/plugins\/seo\/ -->\n<title>Le parrainage - MISSION LOCALE VERNON SEINE VEXIN<\/title>\n<meta name=\"description\" content=\"Le parrainage en Mission Locale : un soutien par des pros pour aider les jeunes \u00e0 r\u00e9ussir leur insertion pro ou leur formation.\" \/>\n<meta name=\"robots\" content=\"index, follow, max-snippet:-1, max-image-preview:large, max-video-preview:-1\" \/>\n<link rel=\"canonical\" href=\"https:\/\/www.missionslocalesnormandie.fr\/mission-locale-vernon-seine-vexin\/parrainage\/\" \/>\n<meta property=\"og:locale\" content=\"fr_FR\" \/>\n<meta property=\"og:type\" content=\"article\" \/>\n<meta property=\"og:title\" content=\"Le parrainage - MISSION LOCALE VERNON SEINE VEXIN\" \/>\n<meta property=\"og:description\" content=\"Le parrainage en Mission Locale : un soutien par des pros pour aider les jeunes \u00e0 r\u00e9ussir leur insertion pro ou leur formation.\" \/>\n<meta property=\"og:url\" content=\"https:\/\/www.missionslocalesnormandie.fr\/mission-locale-vernon-seine-vexin\/parrainage\/\" \/>\n<meta property=\"og:site_name\" content=\"MISSION LOCALE VERNON SEINE VEXIN\" \/>\n<meta property=\"article:modified_time\" content=\"2025-07-29T12:40:11+00:00\" \/>\n<meta property=\"og:image\" content=\"https:\/\/www.missionslocalesnormandie.fr\/content\/uploads\/sites\/16\/2025\/07\/RELATION-ENTREPRISE-MLVSV-950x595-c-default.png\" \/>\n<meta name=\"twitter:card\" content=\"summary_large_image\" \/>\n<meta name=\"twitter:label1\" content=\"Dur\u00e9e de lecture estim\u00e9e\" \/>\n\t<meta name=\"twitter:data1\" content=\"1 minute\" \/>\n<script type=\"application\/ld+json\" class=\"yoast-schema-graph\">{\"@context\":\"https:\/\/schema.org\",\"@graph\":[{\"@type\":\"WebPage\",\"@id\":\"https:\/\/www.missionslocalesnormandie.fr\/mission-locale-vernon-seine-vexin\/parrainage\/\",\"url\":\"https:\/\/www.missionslocalesnormandie.fr\/mission-locale-vernon-seine-vexin\/parrainage\/\",\"name\":\"Le parrainage - MISSION LOCALE VERNON SEINE VEXIN\",\"isPartOf\":{\"@id\":\"https:\/\/www.missionslocalesnormandie.fr\/mission-locale-vernon-seine-vexin\/#website\"},\"datePublished\":\"2023-12-14T14:17:16+00:00\",\"dateModified\":\"2025-07-29T12:40:11+00:00\",\"description\":\"Le parrainage en Mission Locale : un soutien par des pros pour aider les jeunes \u00e0 r\u00e9ussir leur insertion pro ou leur formation.\",\"breadcrumb\":{\"@id\":\"https:\/\/www.missionslocalesnormandie.fr\/mission-locale-vernon-seine-vexin\/parrainage\/#breadcrumb\"},\"inLanguage\":\"fr-FR\",\"potentialAction\":[{\"@type\":\"ReadAction\",\"target\":[\"https:\/\/www.missionslocalesnormandie.fr\/mission-locale-vernon-seine-vexin\/parrainage\/\"]}]},{\"@type\":\"BreadcrumbList\",\"@id\":\"https:\/\/www.missionslocalesnormandie.fr\/mission-locale-vernon-seine-vexin\/parrainage\/#breadcrumb\",\"itemListElement\":[{\"@type\":\"ListItem\",\"position\":1,\"name\":\"Home\",\"item\":\"https:\/\/www.missionslocalesnormandie.fr\/mission-locale-vernon-seine-vexin\/\"},{\"@type\":\"ListItem\",\"position\":2,\"name\":\"Le parrainage\"}]},{\"@type\":\"WebSite\",\"@id\":\"https:\/\/www.missionslocalesnormandie.fr\/mission-locale-vernon-seine-vexin\/#website\",\"url\":\"https:\/\/www.missionslocalesnormandie.fr\/mission-locale-vernon-seine-vexin\/\",\"name\":\"MISSION LOCALE VERNON SEINE VEXIN\",\"description\":\"\",\"potentialAction\":[{\"@type\":\"SearchAction\",\"target\":{\"@type\":\"EntryPoint\",\"urlTemplate\":\"https:\/\/www.missionslocalesnormandie.fr\/mission-locale-vernon-seine-vexin\/?s={search_term_string}\"},\"query-input\":\"required name=search_term_string\"}],\"inLanguage\":\"fr-FR\"}]}<\/script>\n<!-- \/ Yoast SEO plugin. -->","yoast_head_json":{"title":"Le parrainage - MISSION LOCALE VERNON SEINE VEXIN","description":"Le parrainage en Mission Locale : un soutien par des pros pour aider les jeunes \u00e0 r\u00e9ussir leur insertion pro ou leur formation.","robots":{"index":"index","follow":"follow","max-snippet":"max-snippet:-1","max-image-preview":"max-image-preview:large","max-video-preview":"max-video-preview:-1"},"canonical":"https:\/\/www.missionslocalesnormandie.fr\/mission-locale-vernon-seine-vexin\/parrainage\/","og_locale":"fr_FR","og_type":"article","og_title":"Le parrainage - MISSION LOCALE VERNON SEINE VEXIN","og_description":"Le parrainage en Mission Locale : un soutien par des pros pour aider les jeunes \u00e0 r\u00e9ussir leur insertion pro ou leur formation.","og_url":"https:\/\/www.missionslocalesnormandie.fr\/mission-locale-vernon-seine-vexin\/parrainage\/","og_site_name":"MISSION LOCALE VERNON SEINE VEXIN","article_modified_time":"2025-07-29T12:40:11+00:00","og_image":[{"url":"https:\/\/www.missionslocalesnormandie.fr\/content\/uploads\/sites\/16\/2025\/07\/RELATION-ENTREPRISE-MLVSV-950x595-c-default.png"}],"twitter_card":"summary_large_image","twitter_misc":{"Dur\u00e9e de lecture estim\u00e9e":"1 minute"},"schema":{"@context":"https:\/\/schema.org","@graph":[{"@type":"WebPage","@id":"https:\/\/www.missionslocalesnormandie.fr\/mission-locale-vernon-seine-vexin\/parrainage\/","url":"https:\/\/www.missionslocalesnormandie.fr\/mission-locale-vernon-seine-vexin\/parrainage\/","name":"Le parrainage - MISSION LOCALE VERNON SEINE VEXIN","isPartOf":{"@id":"https:\/\/www.missionslocalesnormandie.fr\/mission-locale-vernon-seine-vexin\/#website"},"datePublished":"2023-12-14T14:17:16+00:00","dateModified":"2025-07-29T12:40:11+00:00","description":"Le parrainage en Mission Locale : un soutien par des pros pour aider les jeunes \u00e0 r\u00e9ussir leur insertion pro ou leur formation.","breadcrumb":{"@id":"https:\/\/www.missionslocalesnormandie.fr\/mission-locale-vernon-seine-vexin\/parrainage\/#breadcrumb"},"inLanguage":"fr-FR","potentialAction":[{"@type":"ReadAction","target":["https:\/\/www.missionslocalesnormandie.fr\/mission-locale-vernon-seine-vexin\/parrainage\/"]}]},{"@type":"BreadcrumbList","@id":"https:\/\/www.missionslocalesnormandie.fr\/mission-locale-vernon-seine-vexin\/parrainage\/#breadcrumb","itemListElement":[{"@type":"ListItem","position":1,"name":"Home","item":"https:\/\/www.missionslocalesnormandie.fr\/mission-locale-vernon-seine-vexin\/"},{"@type":"ListItem","position":2,"name":"Le parrainage"}]},{"@type":"WebSite","@id":"https:\/\/www.missionslocalesnormandie.fr\/mission-locale-vernon-seine-vexin\/#website","url":"https:\/\/www.missionslocalesnormandie.fr\/mission-locale-vernon-seine-vexin\/","name":"MISSION LOCALE VERNON SEINE VEXIN","description":"","potentialAction":[{"@type":"SearchAction","target":{"@type":"EntryPoint","urlTemplate":"https:\/\/www.missionslocalesnormandie.fr\/mission-locale-vernon-seine-vexin\/?s={search_term_string}"},"query-input":"required name=search_term_string"}],"inLanguage":"fr-FR"}]}},"_links":{"self":[{"href":"https:\/\/www.missionslocalesnormandie.fr\/mission-locale-vernon-seine-vexin\/wp-json\/wp\/v2\/pages\/102"}],"collection":[{"href":"https:\/\/www.missionslocalesnormandie.fr\/mission-locale-vernon-seine-vexin\/wp-json\/wp\/v2\/pages"}],"about":[{"href":"https:\/\/www.missionslocalesnormandie.fr\/mission-locale-vernon-seine-vexin\/wp-json\/wp\/v2\/types\/page"}],"author":[{"embeddable":true,"href":"https:\/\/www.missionslocalesnormandie.fr\/mission-locale-vernon-seine-vexin\/wp-json\/wp\/v2\/users\/1"}],"replies":[{"embeddable":true,"href":"https:\/\/www.missionslocalesnormandie.fr\/mission-locale-vernon-seine-vexin\/wp-json\/wp\/v2\/comments?post=102"}],"version-history":[{"count":13,"href":"https:\/\/www.missionslocalesnormandie.fr\/mission-locale-vernon-seine-vexin\/wp-json\/wp\/v2\/pages\/102\/revisions"}],"predecessor-version":[{"id":504,"href":"https:\/\/www.missionslocalesnormandie.fr\/mission-locale-vernon-seine-vexin\/wp-json\/wp\/v2\/pages\/102\/revisions\/504"}],"wp:attachment":[{"href":"https:\/\/www.missionslocalesnormandie.fr\/mission-locale-vernon-seine-vexin\/wp-json\/wp\/v2\/media?parent=102"}],"curies":[{"name":"wp","href":"https:\/\/api.w.org\/{rel}","templated":true}]}}