{"id":85,"date":"2023-12-14T15:14:07","date_gmt":"2023-12-14T14:14:07","guid":{"rendered":"https:\/\/www.missionslocalesnormandie.fr\/mission-locale-vernon-seine-vexin\/?page_id=85"},"modified":"2025-09-26T14:15:43","modified_gmt":"2025-09-26T12:15:43","slug":"les-mesures-daides-a-lembauche","status":"publish","type":"page","link":"https:\/\/www.missionslocalesnormandie.fr\/mission-locale-vernon-seine-vexin\/les-mesures-daides-a-lembauche\/","title":{"rendered":"Les mesures d\u2019aides \u00e0 l\u2019embauche"},"content":{"rendered":"\t\t<div data-elementor-type=\"wp-page\" data-elementor-id=\"85\" class=\"elementor elementor-85\">\n\t\t\t\t<div class=\"elementor-element elementor-element-dfddae9 e-flex e-con-boxed e-con e-parent\" data-id=\"dfddae9\" data-element_type=\"container\">\n\t\t\t\t\t<div class=\"e-con-inner\">\n\t\t\t\t<div class=\"elementor-element elementor-element-47db3c6 elementor-widget elementor-widget-block_titre\" data-id=\"47db3c6\" data-element_type=\"widget\" data-widget_type=\"block_titre.default\">\n\t\t\t\t<div class=\"elementor-widget-container\">\n\t\t\t    <div class=\"container\">\n        <h2>\n            Employeurs : optimisez vos recrutements gr\u00e2ce aux aides \u00e0 l'embauche\n        <\/h2>\n    <\/div>\n\t\t<\/div>\n\t\t\t\t<\/div>\n\t\t\t\t<div class=\"elementor-element elementor-element-29b9273 elementor-widget elementor-widget-block_simple_texte\" data-id=\"29b9273\" data-element_type=\"widget\" data-widget_type=\"block_simple_texte.default\">\n\t\t\t\t<div class=\"elementor-widget-container\">\n\t\t\t    <div class=\"container\">\n        <p>Vous souhaitez embaucher un jeune tout en ma\u00eetrisant vos co\u00fbts ? La Mission Locale vous accompagne pour identifier les dispositifs les plus avantageux. En effet, plusieurs aides \u00e0 l\u2019embauche sont accessibles selon votre besoin et le profil du candidat. Voici un tour d\u2019horizon.<\/p>\n    <\/div>\n\t\t<\/div>\n\t\t\t\t<\/div>\n\t\t\t\t<div class=\"elementor-element elementor-element-cfcb841 elementor-widget elementor-widget-block_titre\" data-id=\"cfcb841\" data-element_type=\"widget\" data-widget_type=\"block_titre.default\">\n\t\t\t\t<div class=\"elementor-widget-container\">\n\t\t\t    <div class=\"container\">\n        <h3>\n            Recrutez en apprentissage et profitez d'une aide imm\u00e9diate\n        <\/h3>\n    <\/div>\n\t\t<\/div>\n\t\t\t\t<\/div>\n\t\t\t\t<div class=\"elementor-element elementor-element-497b6a8 elementor-widget elementor-widget-block_simple_texte\" data-id=\"497b6a8\" data-element_type=\"widget\" data-widget_type=\"block_simple_texte.default\">\n\t\t\t\t<div class=\"elementor-widget-container\">\n\t\t\t    <div class=\"container\">\n        <p data-start=\"737\" data-end=\"1109\">Le <strong data-start=\"740\" data-end=\"767\">contrat d\u2019apprentissage<\/strong> vous permet de former un jeune \u00e0 votre m\u00e9tier tout en b\u00e9n\u00e9ficiant d\u2019une aide de l\u2019\u00c9tat. Depuis f\u00e9vrier 2025, vous pouvez percevoir <strong data-start=\"899\" data-end=\"918\">jusqu\u2019\u00e0 5 000 \u20ac<\/strong> (entreprises de moins de 250 salari\u00e9s) ou <strong data-start=\"961\" data-end=\"972\">2 000 \u20ac<\/strong> (250 salari\u00e9s ou plus) pour la premi\u00e8re ann\u00e9e du contrat. L\u2019aide monte \u00e0 <strong data-start=\"1046\" data-end=\"1057\">6 000 \u20ac<\/strong> si vous recrutez un jeune en situation de handicap.<\/p><p data-start=\"1111\" data-end=\"1330\">Ainsi, l\u2019alternance devient une solution accessible et efficace pour pr\u00e9parer vos futurs talents. Attention toutefois : vous devez transmettre le contrat \u00e0 votre OPCO dans un d\u00e9lai de six mois pour b\u00e9n\u00e9ficier de l\u2019aide.<\/p>\n    <\/div>\n\t\t<\/div>\n\t\t\t\t<\/div>\n\t\t\t\t<div class=\"elementor-element elementor-element-04c222c elementor-widget elementor-widget-block_titre\" data-id=\"04c222c\" data-element_type=\"widget\" data-widget_type=\"block_titre.default\">\n\t\t\t\t<div class=\"elementor-widget-container\">\n\t\t\t    <div class=\"container\">\n        <h3>\n            Misez sur la professionnalisation pour une mont\u00e9e en comp\u00e9tences rapide\n        <\/h3>\n    <\/div>\n\t\t<\/div>\n\t\t\t\t<\/div>\n\t\t\t\t<div class=\"elementor-element elementor-element-ab3ad49 elementor-widget elementor-widget-block_simple_texte\" data-id=\"ab3ad49\" data-element_type=\"widget\" data-widget_type=\"block_simple_texte.default\">\n\t\t\t\t<div class=\"elementor-widget-container\">\n\t\t\t    <div class=\"container\">\n        <p>Le <strong data-start=\"1416\" data-end=\"1451\">contrat de professionnalisation<\/strong> combine formation pratique et enseignement th\u00e9orique. Il s\u2019adresse aussi bien aux jeunes qu\u2019aux demandeurs d\u2019emploi. Selon les cas, vous pouvez recevoir une aide forfaitaire, notamment si le candidat per\u00e7oit l\u2019allocation ch\u00f4mage.<\/p>\n    <\/div>\n\t\t<\/div>\n\t\t\t\t<\/div>\n\t\t\t\t<div class=\"elementor-element elementor-element-e23b5f5 elementor-widget elementor-widget-block_titre\" data-id=\"e23b5f5\" data-element_type=\"widget\" data-widget_type=\"block_titre.default\">\n\t\t\t\t<div class=\"elementor-widget-container\">\n\t\t\t    <div class=\"container\">\n        <h3>\n            Optez pour le Parcours Emploi Comp\u00e9tences pour recruter dans l'Economie Sociale et Solidaire\n        <\/h3>\n    <\/div>\n\t\t<\/div>\n\t\t\t\t<\/div>\n\t\t\t\t<div class=\"elementor-element elementor-element-7405b7e elementor-widget elementor-widget-block_simple_texte\" data-id=\"7405b7e\" data-element_type=\"widget\" data-widget_type=\"block_simple_texte.default\">\n\t\t\t\t<div class=\"elementor-widget-container\">\n\t\t\t    <div class=\"container\">\n        <p>Le <strong data-start=\"1764\" data-end=\"1795\">Parcours Emploi Comp\u00e9tences<\/strong> (PEC) s\u2019adresse aux structures de l\u2019ESS ou aux collectivit\u00e9s. Il permet d\u2019embaucher un jeune en insertion avec un accompagnement renforc\u00e9 et un soutien financier significatif.<\/p>\n    <\/div>\n\t\t<\/div>\n\t\t\t\t<\/div>\n\t\t\t\t<div class=\"elementor-element elementor-element-895121a elementor-widget elementor-widget-block_titre\" data-id=\"895121a\" data-element_type=\"widget\" data-widget_type=\"block_titre.default\">\n\t\t\t\t<div class=\"elementor-widget-container\">\n\t\t\t    <div class=\"container\">\n        <h3>\n            Ciblez les jeunes en QPV avec les Emplois Francs\n        <\/h3>\n    <\/div>\n\t\t<\/div>\n\t\t\t\t<\/div>\n\t\t\t\t<div class=\"elementor-element elementor-element-91bcaed elementor-widget elementor-widget-block_simple_texte\" data-id=\"91bcaed\" data-element_type=\"widget\" data-widget_type=\"block_simple_texte.default\">\n\t\t\t\t<div class=\"elementor-widget-container\">\n\t\t\t    <div class=\"container\">\n        <p>Gr\u00e2ce aux <strong data-start=\"2041\" data-end=\"2059\">Emplois Francs<\/strong>, vous pouvez recevoir <strong data-start=\"2082\" data-end=\"2112\">jusqu\u2019\u00e0 15 000 \u20ac sur 3 ans<\/strong> pour l\u2019embauche en CDI d\u2019un jeune issu d\u2019un Quartier Prioritaire de la Ville (QPV).<\/p>\n    <\/div>\n\t\t<\/div>\n\t\t\t\t<\/div>\n\t\t\t\t<div class=\"elementor-element elementor-element-3e11ab4 elementor-widget__width-initial elementor-widget elementor-widget-block_simple_visuel\" data-id=\"3e11ab4\" data-element_type=\"widget\" data-widget_type=\"block_simple_visuel.default\">\n\t\t\t\t<div class=\"elementor-widget-container\">\n\t\t\t    <div class=\"container\">\n        <figure>\n                        \n                                                            <a href=\"https:\/\/www.missionslocalesnormandie.fr\/content\/uploads\/sites\/16\/2025\/07\/RELATION-ENTREPRISE-MLVSV.png\">\n                    <img decoding=\"async\" src=\"https:\/\/www.missionslocalesnormandie.fr\/content\/uploads\/sites\/16\/2025\/07\/RELATION-ENTREPRISE-MLVSV-950x595-c-default.png\"\n                         alt=\"La Mission Locale de Vernon Seine Vexin, votre partenaire id\u00e9al pour votre entreprise\"\/>\n                <\/a>\n            \n                    <\/figure>\n    <\/div>\n\t\t<\/div>\n\t\t\t\t<\/div>\n\t\t\t\t<div class=\"elementor-element elementor-element-1f8b3e0 elementor-widget elementor-widget-block_titre\" data-id=\"1f8b3e0\" data-element_type=\"widget\" data-widget_type=\"block_titre.default\">\n\t\t\t\t<div class=\"elementor-widget-container\">\n\t\t\t    <div class=\"container\">\n        <h2>\n            Pourquoi faire appel \u00e0 la Mission Locale ?\n        <\/h2>\n    <\/div>\n\t\t<\/div>\n\t\t\t\t<\/div>\n\t\t\t\t<div class=\"elementor-element elementor-element-705039f elementor-widget elementor-widget-block_simple_texte\" data-id=\"705039f\" data-element_type=\"widget\" data-widget_type=\"block_simple_texte.default\">\n\t\t\t\t<div class=\"elementor-widget-container\">\n\t\t\t    <div class=\"container\">\n        <ul data-start=\"1448\" data-end=\"1650\"><li data-start=\"1448\" data-end=\"1519\"><p data-start=\"1450\" data-end=\"1519\">Un conseil personnalis\u00e9 pour identifier le dispositif le plus adapt\u00e9,<\/p><\/li><li data-start=\"1520\" data-end=\"1566\"><p data-start=\"1522\" data-end=\"1566\">Une aide dans vos d\u00e9marches administratives,<\/p><\/li><li data-start=\"1567\" data-end=\"1650\"><p data-start=\"1569\" data-end=\"1650\">Une simplification du processus pour que votre embauche soit rapide et s\u00e9curis\u00e9e.<\/p><\/li><\/ul><p data-start=\"1652\" data-end=\"1858\">\ud83d\udc49 En combinant alternance, PEC ou emploi franc, vous engagez une politique RH efficace tout en soutenant l\u2019avenir des jeunes. N\u2019h\u00e9sitez pas \u00e0 contacter la Mission Locale pour vous guider dans chaque \u00e9tape.<\/p><p data-start=\"1652\" data-end=\"1858\">\u00a0<\/p>\n    <\/div>\n\t\t<\/div>\n\t\t\t\t<\/div>\n\t\t\t\t\t<\/div>\n\t\t\t\t<\/div>\n\t\t\t\t<\/div>\n\t\t","protected":false},"excerpt":{"rendered":"<p>Employeurs : optimisez vos recrutements gr\u00e2ce aux aides \u00e0 l&#8217;embauche Vous souhaitez embaucher un jeune tout en ma\u00eetrisant vos co\u00fbts ? La Mission Locale vous accompagne pour identifier les dispositifs les plus avantageux. En effet, plusieurs aides \u00e0 l\u2019embauche sont accessibles selon votre besoin et le profil du candidat. Voici un tour d\u2019horizon. Recrutez en [&hellip;]<\/p>\n","protected":false},"author":1,"featured_media":0,"parent":0,"menu_order":0,"comment_status":"closed","ping_status":"closed","template":"","meta":{"_acf_changed":false,"_crosspost_to_1":false,"_crosspost_to_2":false,"_crosspost_to_3":false,"_crosspost_to_4":false,"_crosspost_to_5":false,"_crosspost_to_6":false,"_crosspost_to_7":false,"_crosspost_to_8":false,"_crosspost_to_11":false,"_crosspost_to_12":false,"_crosspost_to_13":false,"_crosspost_to_14":false,"_crosspost_to_15":false,"inline_featured_image":false,"footnotes":""},"acf":[],"yoast_head":"<!-- This site is optimized with the Yoast SEO plugin v21.9.1 - https:\/\/yoast.com\/wordpress\/plugins\/seo\/ -->\n<title>Les mesures d\u2019aides \u00e0 l\u2019embauche - MISSION LOCALE VERNON SEINE VEXIN<\/title>\n<meta name=\"description\" content=\"Employeurs : d\u00e9couvrez les aides \u00e0 l&#039;embauche propos\u00e9es par la Mission Locale pour recruter un jeune en toute simplicit\u00e9.\" \/>\n<meta name=\"robots\" content=\"index, follow, max-snippet:-1, max-image-preview:large, max-video-preview:-1\" \/>\n<link rel=\"canonical\" href=\"https:\/\/www.missionslocalesnormandie.fr\/mission-locale-vernon-seine-vexin\/les-mesures-daides-a-lembauche\/\" \/>\n<meta property=\"og:locale\" content=\"fr_FR\" \/>\n<meta property=\"og:type\" content=\"article\" \/>\n<meta property=\"og:title\" content=\"Les mesures d\u2019aides \u00e0 l\u2019embauche - MISSION LOCALE VERNON SEINE VEXIN\" \/>\n<meta property=\"og:description\" content=\"Employeurs : d\u00e9couvrez les aides \u00e0 l&#039;embauche propos\u00e9es par la Mission Locale pour recruter un jeune en toute simplicit\u00e9.\" \/>\n<meta property=\"og:url\" content=\"https:\/\/www.missionslocalesnormandie.fr\/mission-locale-vernon-seine-vexin\/les-mesures-daides-a-lembauche\/\" \/>\n<meta property=\"og:site_name\" content=\"MISSION LOCALE VERNON SEINE VEXIN\" \/>\n<meta property=\"article:modified_time\" content=\"2025-09-26T12:15:43+00:00\" \/>\n<meta property=\"og:image\" content=\"https:\/\/www.missionslocalesnormandie.fr\/content\/uploads\/sites\/16\/2025\/07\/RELATION-ENTREPRISE-MLVSV-950x595-c-default.png\" \/>\n<meta name=\"twitter:card\" content=\"summary_large_image\" \/>\n<meta name=\"twitter:label1\" content=\"Dur\u00e9e de lecture estim\u00e9e\" \/>\n\t<meta name=\"twitter:data1\" content=\"2 minutes\" \/>\n<script type=\"application\/ld+json\" class=\"yoast-schema-graph\">{\"@context\":\"https:\/\/schema.org\",\"@graph\":[{\"@type\":\"WebPage\",\"@id\":\"https:\/\/www.missionslocalesnormandie.fr\/mission-locale-vernon-seine-vexin\/les-mesures-daides-a-lembauche\/\",\"url\":\"https:\/\/www.missionslocalesnormandie.fr\/mission-locale-vernon-seine-vexin\/les-mesures-daides-a-lembauche\/\",\"name\":\"Les mesures d\u2019aides \u00e0 l\u2019embauche - MISSION LOCALE VERNON SEINE VEXIN\",\"isPartOf\":{\"@id\":\"https:\/\/www.missionslocalesnormandie.fr\/mission-locale-vernon-seine-vexin\/#website\"},\"datePublished\":\"2023-12-14T14:14:07+00:00\",\"dateModified\":\"2025-09-26T12:15:43+00:00\",\"description\":\"Employeurs : d\u00e9couvrez les aides \u00e0 l'embauche propos\u00e9es par la Mission Locale pour recruter un jeune en toute simplicit\u00e9.\",\"breadcrumb\":{\"@id\":\"https:\/\/www.missionslocalesnormandie.fr\/mission-locale-vernon-seine-vexin\/les-mesures-daides-a-lembauche\/#breadcrumb\"},\"inLanguage\":\"fr-FR\",\"potentialAction\":[{\"@type\":\"ReadAction\",\"target\":[\"https:\/\/www.missionslocalesnormandie.fr\/mission-locale-vernon-seine-vexin\/les-mesures-daides-a-lembauche\/\"]}]},{\"@type\":\"BreadcrumbList\",\"@id\":\"https:\/\/www.missionslocalesnormandie.fr\/mission-locale-vernon-seine-vexin\/les-mesures-daides-a-lembauche\/#breadcrumb\",\"itemListElement\":[{\"@type\":\"ListItem\",\"position\":1,\"name\":\"Home\",\"item\":\"https:\/\/www.missionslocalesnormandie.fr\/mission-locale-vernon-seine-vexin\/\"},{\"@type\":\"ListItem\",\"position\":2,\"name\":\"Les mesures d\u2019aides \u00e0 l\u2019embauche\"}]},{\"@type\":\"WebSite\",\"@id\":\"https:\/\/www.missionslocalesnormandie.fr\/mission-locale-vernon-seine-vexin\/#website\",\"url\":\"https:\/\/www.missionslocalesnormandie.fr\/mission-locale-vernon-seine-vexin\/\",\"name\":\"MISSION LOCALE VERNON SEINE VEXIN\",\"description\":\"\",\"potentialAction\":[{\"@type\":\"SearchAction\",\"target\":{\"@type\":\"EntryPoint\",\"urlTemplate\":\"https:\/\/www.missionslocalesnormandie.fr\/mission-locale-vernon-seine-vexin\/?s={search_term_string}\"},\"query-input\":\"required name=search_term_string\"}],\"inLanguage\":\"fr-FR\"}]}<\/script>\n<!-- \/ Yoast SEO plugin. -->","yoast_head_json":{"title":"Les mesures d\u2019aides \u00e0 l\u2019embauche - MISSION LOCALE VERNON SEINE VEXIN","description":"Employeurs : d\u00e9couvrez les aides \u00e0 l'embauche propos\u00e9es par la Mission Locale pour recruter un jeune en toute simplicit\u00e9.","robots":{"index":"index","follow":"follow","max-snippet":"max-snippet:-1","max-image-preview":"max-image-preview:large","max-video-preview":"max-video-preview:-1"},"canonical":"https:\/\/www.missionslocalesnormandie.fr\/mission-locale-vernon-seine-vexin\/les-mesures-daides-a-lembauche\/","og_locale":"fr_FR","og_type":"article","og_title":"Les mesures d\u2019aides \u00e0 l\u2019embauche - MISSION LOCALE VERNON SEINE VEXIN","og_description":"Employeurs : d\u00e9couvrez les aides \u00e0 l'embauche propos\u00e9es par la Mission Locale pour recruter un jeune en toute simplicit\u00e9.","og_url":"https:\/\/www.missionslocalesnormandie.fr\/mission-locale-vernon-seine-vexin\/les-mesures-daides-a-lembauche\/","og_site_name":"MISSION LOCALE VERNON SEINE VEXIN","article_modified_time":"2025-09-26T12:15:43+00:00","og_image":[{"url":"https:\/\/www.missionslocalesnormandie.fr\/content\/uploads\/sites\/16\/2025\/07\/RELATION-ENTREPRISE-MLVSV-950x595-c-default.png"}],"twitter_card":"summary_large_image","twitter_misc":{"Dur\u00e9e de lecture estim\u00e9e":"2 minutes"},"schema":{"@context":"https:\/\/schema.org","@graph":[{"@type":"WebPage","@id":"https:\/\/www.missionslocalesnormandie.fr\/mission-locale-vernon-seine-vexin\/les-mesures-daides-a-lembauche\/","url":"https:\/\/www.missionslocalesnormandie.fr\/mission-locale-vernon-seine-vexin\/les-mesures-daides-a-lembauche\/","name":"Les mesures d\u2019aides \u00e0 l\u2019embauche - MISSION LOCALE VERNON SEINE VEXIN","isPartOf":{"@id":"https:\/\/www.missionslocalesnormandie.fr\/mission-locale-vernon-seine-vexin\/#website"},"datePublished":"2023-12-14T14:14:07+00:00","dateModified":"2025-09-26T12:15:43+00:00","description":"Employeurs : d\u00e9couvrez les aides \u00e0 l'embauche propos\u00e9es par la Mission Locale pour recruter un jeune en toute simplicit\u00e9.","breadcrumb":{"@id":"https:\/\/www.missionslocalesnormandie.fr\/mission-locale-vernon-seine-vexin\/les-mesures-daides-a-lembauche\/#breadcrumb"},"inLanguage":"fr-FR","potentialAction":[{"@type":"ReadAction","target":["https:\/\/www.missionslocalesnormandie.fr\/mission-locale-vernon-seine-vexin\/les-mesures-daides-a-lembauche\/"]}]},{"@type":"BreadcrumbList","@id":"https:\/\/www.missionslocalesnormandie.fr\/mission-locale-vernon-seine-vexin\/les-mesures-daides-a-lembauche\/#breadcrumb","itemListElement":[{"@type":"ListItem","position":1,"name":"Home","item":"https:\/\/www.missionslocalesnormandie.fr\/mission-locale-vernon-seine-vexin\/"},{"@type":"ListItem","position":2,"name":"Les mesures d\u2019aides \u00e0 l\u2019embauche"}]},{"@type":"WebSite","@id":"https:\/\/www.missionslocalesnormandie.fr\/mission-locale-vernon-seine-vexin\/#website","url":"https:\/\/www.missionslocalesnormandie.fr\/mission-locale-vernon-seine-vexin\/","name":"MISSION LOCALE VERNON SEINE VEXIN","description":"","potentialAction":[{"@type":"SearchAction","target":{"@type":"EntryPoint","urlTemplate":"https:\/\/www.missionslocalesnormandie.fr\/mission-locale-vernon-seine-vexin\/?s={search_term_string}"},"query-input":"required name=search_term_string"}],"inLanguage":"fr-FR"}]}},"_links":{"self":[{"href":"https:\/\/www.missionslocalesnormandie.fr\/mission-locale-vernon-seine-vexin\/wp-json\/wp\/v2\/pages\/85"}],"collection":[{"href":"https:\/\/www.missionslocalesnormandie.fr\/mission-locale-vernon-seine-vexin\/wp-json\/wp\/v2\/pages"}],"about":[{"href":"https:\/\/www.missionslocalesnormandie.fr\/mission-locale-vernon-seine-vexin\/wp-json\/wp\/v2\/types\/page"}],"author":[{"embeddable":true,"href":"https:\/\/www.missionslocalesnormandie.fr\/mission-locale-vernon-seine-vexin\/wp-json\/wp\/v2\/users\/1"}],"replies":[{"embeddable":true,"href":"https:\/\/www.missionslocalesnormandie.fr\/mission-locale-vernon-seine-vexin\/wp-json\/wp\/v2\/comments?post=85"}],"version-history":[{"count":17,"href":"https:\/\/www.missionslocalesnormandie.fr\/mission-locale-vernon-seine-vexin\/wp-json\/wp\/v2\/pages\/85\/revisions"}],"predecessor-version":[{"id":763,"href":"https:\/\/www.missionslocalesnormandie.fr\/mission-locale-vernon-seine-vexin\/wp-json\/wp\/v2\/pages\/85\/revisions\/763"}],"wp:attachment":[{"href":"https:\/\/www.missionslocalesnormandie.fr\/mission-locale-vernon-seine-vexin\/wp-json\/wp\/v2\/media?parent=85"}],"curies":[{"name":"wp","href":"https:\/\/api.w.org\/{rel}","templated":true}]}}