{"id":92,"date":"2023-12-14T15:15:29","date_gmt":"2023-12-14T14:15:29","guid":{"rendered":"https:\/\/www.missionslocalesnormandie.fr\/mission-locale-vernon-seine-vexin\/?page_id=92"},"modified":"2025-09-11T14:07:21","modified_gmt":"2025-09-11T12:07:21","slug":"nos-services-3","status":"publish","type":"page","link":"https:\/\/www.missionslocalesnormandie.fr\/mission-locale-vernon-seine-vexin\/nos-services-3\/","title":{"rendered":"Nos services"},"content":{"rendered":"\t\t<div data-elementor-type=\"wp-page\" data-elementor-id=\"92\" class=\"elementor elementor-92\">\n\t\t\t\t<div class=\"elementor-element elementor-element-5aad3fe e-flex e-con-boxed e-con e-parent\" data-id=\"5aad3fe\" data-element_type=\"container\">\n\t\t\t\t\t<div class=\"e-con-inner\">\n\t\t\t\t<div class=\"elementor-element elementor-element-fde8405 elementor-widget elementor-widget-block_titre_texte_visuel\" data-id=\"fde8405\" data-element_type=\"widget\" data-widget_type=\"block_titre_texte_visuel.default\">\n\t\t\t\t<div class=\"elementor-widget-container\">\n\t\t\t    <div class=\"container\">\n        <div class=\"row my-4\">\n            <div class=\"col-lg-6 mb-4 mb-lg-0\">\n                \n                    <div class=\"\">\n        <div class=\"edito-intro\">\n            <h2><img decoding=\"async\" src=\"https:\/\/xn--votre-partenaire-idal-t5b.my.canva.site\/\" alt=\"\" \/><img decoding=\"async\" src=\"\/Users\/thoma\/Downloads\/RELATION-ENTREPRISE-MLVSV.png\" alt=\"\" \/><span class=\"OYPEnA font-feature-liga-off font-feature-clig-off font-feature-calt-off text-decoration-none text-strikethrough-none\">Votre partenaire emploi de proximit\u00e9<\/span><\/h2><h3><span class=\"OYPEnA font-feature-liga-off font-feature-clig-off font-feature-calt-off text-decoration-none text-strikethrough-none\">Un accompagnement dans le recrutement<\/span><\/h3><p><span class=\"OYPEnA font-feature-liga-off font-feature-clig-off font-feature-calt-off text-decoration-none text-strikethrough-none\">Nous vous aidons \u00e0 d\u00e9finir les profils de poste recherch\u00e9s et \u00e0 s\u00e9lectionner les candidats. Nous vous accompagnons \u00e9galement dans l\u2019int\u00e9gration et le suivi en emploi, en agissant comme un interlocuteur unique aupr\u00e8s de votre entreprise.<\/span><\/p><h3><span class=\"OYPEnA font-feature-liga-off font-feature-clig-off font-feature-calt-off text-decoration-none text-strikethrough-none\">Une promotion des m\u00e9tiers et secteurs professionnels<\/span><\/h3><p><span class=\"OYPEnA font-feature-liga-off font-feature-clig-off font-feature-calt-off text-decoration-none text-strikethrough-none\">Nous nous engageons \u00e0 promouvoir les m\u00e9tiers et les secteurs professionnels, en particulier ceux confront\u00e9s \u00e0 des difficult\u00e9s de recrutement. Nous contribuons \u00e0 valoriser l\u2019image de ces secteurs. Mise en place d\u2019immersion en entreprise (de 1 \u00e0 4 semaines) et organisation de visite entreprise.<\/span><\/p>\n        <\/div>\n    <\/div>\n\n                    <div class=\"\">\n        <p><img fetchpriority=\"high\" decoding=\"async\" class=\"alignnone wp-image-658\" src=\"https:\/\/www.missionslocalesnormandie.fr\/content\/uploads\/sites\/16\/2025\/09\/Carrousel-2-1-300x300.jpg\" alt=\"\" width=\"485\" height=\"485\" srcset=\"https:\/\/www.missionslocalesnormandie.fr\/content\/uploads\/sites\/16\/2025\/09\/Carrousel-2-1-300x300.jpg 300w, https:\/\/www.missionslocalesnormandie.fr\/content\/uploads\/sites\/16\/2025\/09\/Carrousel-2-1-1024x1024.jpg 1024w, https:\/\/www.missionslocalesnormandie.fr\/content\/uploads\/sites\/16\/2025\/09\/Carrousel-2-1-150x150.jpg 150w, https:\/\/www.missionslocalesnormandie.fr\/content\/uploads\/sites\/16\/2025\/09\/Carrousel-2-1-768x768.jpg 768w, https:\/\/www.missionslocalesnormandie.fr\/content\/uploads\/sites\/16\/2025\/09\/Carrousel-2-1.jpg 1200w\" sizes=\"(max-width: 485px) 100vw, 485px\" \/><\/p>\n    <\/div>\n            <\/div>\n            <div class=\"col-lg-6 \">\n                                    <figure>\n                                                \n                                                                                <img decoding=\"async\" src=\"https:\/\/www.missionslocalesnormandie.fr\/content\/uploads\/sites\/16\/2025\/03\/LOGO-de-face-1-675x425-c-default.png\"\n                                 alt=\"MISSION LOCALE VERNON SEINE VEXIN\"\/>\n                        \n                                            <\/figure>\n                \n\n            <\/div>\n        <\/div>\n    <\/div>\n\t\t<\/div>\n\t\t\t\t<\/div>\n\t\t\t\t<div class=\"elementor-element elementor-element-c0aa84d elementor-widget elementor-widget-block_titre_texte_visuel\" data-id=\"c0aa84d\" data-element_type=\"widget\" data-widget_type=\"block_titre_texte_visuel.default\">\n\t\t\t\t<div class=\"elementor-widget-container\">\n\t\t\t    <div class=\"container\">\n        <div class=\"row my-4\">\n            <div class=\"col-lg-6 mb-4 mb-lg-0\">\n                \n                    <div class=\"\">\n        <div class=\"edito-intro\">\n            <h2>Nos entreprises partenaires<\/h2><p>\u00a0<\/p>\n        <\/div>\n    <\/div>\n\n                    <div class=\"\">\n        <p>Gr\u00e2ce \u00e0 l'appui de nos entreprises partenaires, de nombreux jeunes accompagn\u00e9s par la Mission Locale ont pu trouver des opportunit\u00e9s professionnelles, que ce soit par le biais d'emplois ou de stages enrichissants.<\/p><p>Nous sommes convaincus que ces collaborations fructueuses ne sont qu'un d\u00e9but et nous esp\u00e9rons continuer \u00e0 travailler ensemble pour offrir encore plus d'opportunit\u00e9s aux jeunes de notre territoire. Leur engagement est une source d'inspiration et de motivation pour nous tous.<\/p>\n    <\/div>\n            <\/div>\n            <div class=\"col-lg-6 \">\n                                    <figure>\n                                                \n                                                                                                            <a href=\"https:\/\/www.missionslocalesnormandie.fr\/content\/uploads\/sites\/16\/2025\/07\/LOGOS-ENTREPRISES-PARTENAIRES-2.jpg\">\n                                <img decoding=\"async\" src=\"https:\/\/www.missionslocalesnormandie.fr\/content\/uploads\/sites\/16\/2025\/07\/LOGOS-ENTREPRISES-PARTENAIRES-2-675x425-c-default.jpg\"\n                                     alt=\"MISSION LOCALE VERNON SEINE VEXIN\"\/>\n                            <\/a>\n                        \n                                            <\/figure>\n                \n\n            <\/div>\n        <\/div>\n    <\/div>\n\t\t<\/div>\n\t\t\t\t<\/div>\n\t\t\t\t\t<\/div>\n\t\t\t\t<\/div>\n\t\t<div class=\"elementor-element elementor-element-507ad4f e-flex e-con-boxed e-con e-parent\" data-id=\"507ad4f\" data-element_type=\"container\">\n\t\t\t\t\t<div class=\"e-con-inner\">\n\t\t\t\t\t<\/div>\n\t\t\t\t<\/div>\n\t\t\t\t<\/div>\n\t\t","protected":false},"excerpt":{"rendered":"<p>Votre partenaire emploi de proximit\u00e9 Un accompagnement dans le recrutement Nous vous aidons \u00e0 d\u00e9finir les profils de poste recherch\u00e9s et \u00e0 s\u00e9lectionner les candidats. Nous vous accompagnons \u00e9galement dans l\u2019int\u00e9gration et le suivi en emploi, en agissant comme un interlocuteur unique aupr\u00e8s de votre entreprise. Une promotion des m\u00e9tiers et secteurs professionnels Nous nous [&hellip;]<\/p>\n","protected":false},"author":1,"featured_media":0,"parent":0,"menu_order":0,"comment_status":"closed","ping_status":"closed","template":"","meta":{"_acf_changed":false,"_crosspost_to_1":false,"_crosspost_to_2":false,"_crosspost_to_3":false,"_crosspost_to_4":false,"_crosspost_to_5":false,"_crosspost_to_6":false,"_crosspost_to_7":false,"_crosspost_to_8":false,"_crosspost_to_11":false,"_crosspost_to_12":false,"_crosspost_to_13":false,"_crosspost_to_14":false,"_crosspost_to_15":false,"inline_featured_image":false,"footnotes":""},"acf":[],"yoast_head":"<!-- This site is optimized with the Yoast SEO plugin v21.9.1 - https:\/\/yoast.com\/wordpress\/plugins\/seo\/ -->\n<title>Nos services - MISSION LOCALE VERNON SEINE VEXIN<\/title>\n<meta name=\"robots\" content=\"index, follow, max-snippet:-1, max-image-preview:large, max-video-preview:-1\" \/>\n<link rel=\"canonical\" href=\"https:\/\/www.missionslocalesnormandie.fr\/mission-locale-vernon-seine-vexin\/nos-services-3\/\" \/>\n<meta property=\"og:locale\" content=\"fr_FR\" \/>\n<meta property=\"og:type\" content=\"article\" \/>\n<meta property=\"og:title\" content=\"Nos services - MISSION LOCALE VERNON SEINE VEXIN\" \/>\n<meta property=\"og:description\" content=\"Votre partenaire emploi de proximit\u00e9 Un accompagnement dans le recrutement Nous vous aidons \u00e0 d\u00e9finir les profils de poste recherch\u00e9s et \u00e0 s\u00e9lectionner les candidats. Nous vous accompagnons \u00e9galement dans l\u2019int\u00e9gration et le suivi en emploi, en agissant comme un interlocuteur unique aupr\u00e8s de votre entreprise. Une promotion des m\u00e9tiers et secteurs professionnels Nous nous [&hellip;]\" \/>\n<meta property=\"og:url\" content=\"https:\/\/www.missionslocalesnormandie.fr\/mission-locale-vernon-seine-vexin\/nos-services-3\/\" \/>\n<meta property=\"og:site_name\" content=\"MISSION LOCALE VERNON SEINE VEXIN\" \/>\n<meta property=\"article:modified_time\" content=\"2025-09-11T12:07:21+00:00\" \/>\n<meta property=\"og:image\" content=\"https:\/\/xn--votre-partenaire-idal-t5b.my.canva.site\/\" \/>\n<meta name=\"twitter:card\" content=\"summary_large_image\" \/>\n<meta name=\"twitter:label1\" content=\"Dur\u00e9e de lecture estim\u00e9e\" \/>\n\t<meta name=\"twitter:data1\" content=\"2 minutes\" \/>\n<script type=\"application\/ld+json\" class=\"yoast-schema-graph\">{\"@context\":\"https:\/\/schema.org\",\"@graph\":[{\"@type\":\"WebPage\",\"@id\":\"https:\/\/www.missionslocalesnormandie.fr\/mission-locale-vernon-seine-vexin\/nos-services-3\/\",\"url\":\"https:\/\/www.missionslocalesnormandie.fr\/mission-locale-vernon-seine-vexin\/nos-services-3\/\",\"name\":\"Nos services - MISSION LOCALE VERNON SEINE VEXIN\",\"isPartOf\":{\"@id\":\"https:\/\/www.missionslocalesnormandie.fr\/mission-locale-vernon-seine-vexin\/#website\"},\"datePublished\":\"2023-12-14T14:15:29+00:00\",\"dateModified\":\"2025-09-11T12:07:21+00:00\",\"breadcrumb\":{\"@id\":\"https:\/\/www.missionslocalesnormandie.fr\/mission-locale-vernon-seine-vexin\/nos-services-3\/#breadcrumb\"},\"inLanguage\":\"fr-FR\",\"potentialAction\":[{\"@type\":\"ReadAction\",\"target\":[\"https:\/\/www.missionslocalesnormandie.fr\/mission-locale-vernon-seine-vexin\/nos-services-3\/\"]}]},{\"@type\":\"BreadcrumbList\",\"@id\":\"https:\/\/www.missionslocalesnormandie.fr\/mission-locale-vernon-seine-vexin\/nos-services-3\/#breadcrumb\",\"itemListElement\":[{\"@type\":\"ListItem\",\"position\":1,\"name\":\"Home\",\"item\":\"https:\/\/www.missionslocalesnormandie.fr\/mission-locale-vernon-seine-vexin\/\"},{\"@type\":\"ListItem\",\"position\":2,\"name\":\"Nos services\"}]},{\"@type\":\"WebSite\",\"@id\":\"https:\/\/www.missionslocalesnormandie.fr\/mission-locale-vernon-seine-vexin\/#website\",\"url\":\"https:\/\/www.missionslocalesnormandie.fr\/mission-locale-vernon-seine-vexin\/\",\"name\":\"MISSION LOCALE VERNON SEINE VEXIN\",\"description\":\"\",\"potentialAction\":[{\"@type\":\"SearchAction\",\"target\":{\"@type\":\"EntryPoint\",\"urlTemplate\":\"https:\/\/www.missionslocalesnormandie.fr\/mission-locale-vernon-seine-vexin\/?s={search_term_string}\"},\"query-input\":\"required name=search_term_string\"}],\"inLanguage\":\"fr-FR\"}]}<\/script>\n<!-- \/ Yoast SEO plugin. -->","yoast_head_json":{"title":"Nos services - MISSION LOCALE VERNON SEINE VEXIN","robots":{"index":"index","follow":"follow","max-snippet":"max-snippet:-1","max-image-preview":"max-image-preview:large","max-video-preview":"max-video-preview:-1"},"canonical":"https:\/\/www.missionslocalesnormandie.fr\/mission-locale-vernon-seine-vexin\/nos-services-3\/","og_locale":"fr_FR","og_type":"article","og_title":"Nos services - MISSION LOCALE VERNON SEINE VEXIN","og_description":"Votre partenaire emploi de proximit\u00e9 Un accompagnement dans le recrutement Nous vous aidons \u00e0 d\u00e9finir les profils de poste recherch\u00e9s et \u00e0 s\u00e9lectionner les candidats. Nous vous accompagnons \u00e9galement dans l\u2019int\u00e9gration et le suivi en emploi, en agissant comme un interlocuteur unique aupr\u00e8s de votre entreprise. Une promotion des m\u00e9tiers et secteurs professionnels Nous nous [&hellip;]","og_url":"https:\/\/www.missionslocalesnormandie.fr\/mission-locale-vernon-seine-vexin\/nos-services-3\/","og_site_name":"MISSION LOCALE VERNON SEINE VEXIN","article_modified_time":"2025-09-11T12:07:21+00:00","og_image":[{"url":"https:\/\/xn--votre-partenaire-idal-t5b.my.canva.site\/"}],"twitter_card":"summary_large_image","twitter_misc":{"Dur\u00e9e de lecture estim\u00e9e":"2 minutes"},"schema":{"@context":"https:\/\/schema.org","@graph":[{"@type":"WebPage","@id":"https:\/\/www.missionslocalesnormandie.fr\/mission-locale-vernon-seine-vexin\/nos-services-3\/","url":"https:\/\/www.missionslocalesnormandie.fr\/mission-locale-vernon-seine-vexin\/nos-services-3\/","name":"Nos services - MISSION LOCALE VERNON SEINE VEXIN","isPartOf":{"@id":"https:\/\/www.missionslocalesnormandie.fr\/mission-locale-vernon-seine-vexin\/#website"},"datePublished":"2023-12-14T14:15:29+00:00","dateModified":"2025-09-11T12:07:21+00:00","breadcrumb":{"@id":"https:\/\/www.missionslocalesnormandie.fr\/mission-locale-vernon-seine-vexin\/nos-services-3\/#breadcrumb"},"inLanguage":"fr-FR","potentialAction":[{"@type":"ReadAction","target":["https:\/\/www.missionslocalesnormandie.fr\/mission-locale-vernon-seine-vexin\/nos-services-3\/"]}]},{"@type":"BreadcrumbList","@id":"https:\/\/www.missionslocalesnormandie.fr\/mission-locale-vernon-seine-vexin\/nos-services-3\/#breadcrumb","itemListElement":[{"@type":"ListItem","position":1,"name":"Home","item":"https:\/\/www.missionslocalesnormandie.fr\/mission-locale-vernon-seine-vexin\/"},{"@type":"ListItem","position":2,"name":"Nos services"}]},{"@type":"WebSite","@id":"https:\/\/www.missionslocalesnormandie.fr\/mission-locale-vernon-seine-vexin\/#website","url":"https:\/\/www.missionslocalesnormandie.fr\/mission-locale-vernon-seine-vexin\/","name":"MISSION LOCALE VERNON SEINE VEXIN","description":"","potentialAction":[{"@type":"SearchAction","target":{"@type":"EntryPoint","urlTemplate":"https:\/\/www.missionslocalesnormandie.fr\/mission-locale-vernon-seine-vexin\/?s={search_term_string}"},"query-input":"required name=search_term_string"}],"inLanguage":"fr-FR"}]}},"_links":{"self":[{"href":"https:\/\/www.missionslocalesnormandie.fr\/mission-locale-vernon-seine-vexin\/wp-json\/wp\/v2\/pages\/92"}],"collection":[{"href":"https:\/\/www.missionslocalesnormandie.fr\/mission-locale-vernon-seine-vexin\/wp-json\/wp\/v2\/pages"}],"about":[{"href":"https:\/\/www.missionslocalesnormandie.fr\/mission-locale-vernon-seine-vexin\/wp-json\/wp\/v2\/types\/page"}],"author":[{"embeddable":true,"href":"https:\/\/www.missionslocalesnormandie.fr\/mission-locale-vernon-seine-vexin\/wp-json\/wp\/v2\/users\/1"}],"replies":[{"embeddable":true,"href":"https:\/\/www.missionslocalesnormandie.fr\/mission-locale-vernon-seine-vexin\/wp-json\/wp\/v2\/comments?post=92"}],"version-history":[{"count":14,"href":"https:\/\/www.missionslocalesnormandie.fr\/mission-locale-vernon-seine-vexin\/wp-json\/wp\/v2\/pages\/92\/revisions"}],"predecessor-version":[{"id":661,"href":"https:\/\/www.missionslocalesnormandie.fr\/mission-locale-vernon-seine-vexin\/wp-json\/wp\/v2\/pages\/92\/revisions\/661"}],"wp:attachment":[{"href":"https:\/\/www.missionslocalesnormandie.fr\/mission-locale-vernon-seine-vexin\/wp-json\/wp\/v2\/media?parent=92"}],"curies":[{"name":"wp","href":"https:\/\/api.w.org\/{rel}","templated":true}]}}